{"id":73,"date":"2014-09-18T14:01:51","date_gmt":"2014-09-18T14:01:51","guid":{"rendered":"http:\/\/agora.xtec.cat\/ceipbalmes\/?page_id=73"},"modified":"2022-05-03T12:54:43","modified_gmt":"2022-05-03T10:54:43","slug":"menjador-escolar","status":"publish","type":"page","link":"https:\/\/agora.xtec.cat\/ceipbalmes\/serveis\/menjador-escolar\/","title":{"rendered":"Menjador escolar"},"content":{"rendered":"<p>El servei de menjador escolar el gestiona <a href=\"http:\/\/www.ccbages.cat\/ensenyament\/\">l&#8217;\u00e0rea d&#8217;Educaci\u00f3 del Consell Comarcal del Bages.<\/a>\u00a0El servei \u00e9s gratu\u00eft pels alumnes residents a Marganell. Poden demanar beques els alumnes als quals no correspon la gratu\u00eftat del servei, amb valoraci\u00f3 de les condicions econ\u00f2miques, familiars i socials dels sol\u00b7licitants.<\/p>\n<p style=\"text-align: center;\">\u00a0<a href=\"https:\/\/drive.google.com\/file\/d\/1GbQ1xmVceYCUoclkHk45BNirNHAVQkiY\/view?usp=sharing\" target=\"_blank\" rel=\"noopener\"><span style=\"font-size: 24pt;\">Men\u00fa<\/span><\/a><\/p>\n<p>L\u2019escola ofereix servei de menjador escolar amb cuina pr\u00f2pia, en horari de 12:30 a 15h.<\/p>\n<p>\u25cf El Consell Comarcal del Bages gestiona el servei de menjador a trav\u00e9s de l\u2019empresa \u201cSerhs Food\u201d. La seva p\u00e0gina web \u00e9s:<br \/>\n<a href=\"https:\/\/iara.serhsfoodeduca.com\/\">https:\/\/iara.serhsfoodeduca.com\/<\/a><\/p>\n<p>\u25cf La gesti\u00f3 de reserva i pagament dels men\u00fas de menjador es fa a trav\u00e9s de l\u2019aplicaci\u00f3 de l\u2019empresa. Podeu consultar el seu funcionament i donar- vos d\u2019alta en el servei a trav\u00e9s de la seva web.<\/p>\n<p>\u25cf La persona encarregada i coordinadora del servei a l\u2019escola \u00e9s la Mar Frau. Podeu contactar amb ella a trav\u00e9s del tel\u00e8fon 671079985 o del correu electr\u00f2nic escolajaumebalmes@grupserhs.com<\/p>\n","protected":false},"excerpt":{"rendered":"<p>El servei de menjador escolar el gestiona <a href=\"http:\/\/www.ccbages.cat\/ensenyament\/\">l&#8217;\u00e0rea d&#8217;Educaci\u00f3 del Consell Comarcal del Bages.<\/a>\u00a0El servei \u00e9s gratu\u00eft pels alumnes residents a Marganell. Poden demanar beques els alumnes als quals no correspon la gratu\u00eftat del servei, amb valoraci\u00f3 de les condicions econ\u00f2miques, familiars i socials&hellip;  <a href=\"https:\/\/agora.xtec.cat\/ceipbalmes\/serveis\/menjador-escolar\/\" title=\"Read Menjador escolar\">Llegeix m\u00e9s\u00bb<\/a><\/p>\n","protected":false},"author":2,"featured_media":0,"parent":66,"menu_order":30,"comment_status":"closed","ping_status":"closed","template":"page-templates\/side-menu.php","meta":{"_bbp_topic_count":0,"_bbp_reply_count":0,"_bbp_total_topic_count":0,"_bbp_total_reply_count":0,"_bbp_voice_count":0,"_bbp_anonymous_reply_count":0,"_bbp_topic_count_hidden":0,"_bbp_reply_count_hidden":0,"_bbp_forum_subforum_count":0,"footnotes":""},"class_list":["post-73","page","type-page","status-publish","hentry"],"post_mailing_queue_ids":[],"_links":{"self":[{"href":"https:\/\/agora.xtec.cat\/ceipbalmes\/wp-json\/wp\/v2\/pages\/73","targetHints":{"allow":["GET"]}}],"collection":[{"href":"https:\/\/agora.xtec.cat\/ceipbalmes\/wp-json\/wp\/v2\/pages"}],"about":[{"href":"https:\/\/agora.xtec.cat\/ceipbalmes\/wp-json\/wp\/v2\/types\/page"}],"author":[{"embeddable":true,"href":"https:\/\/agora.xtec.cat\/ceipbalmes\/wp-json\/wp\/v2\/users\/2"}],"replies":[{"embeddable":true,"href":"https:\/\/agora.xtec.cat\/ceipbalmes\/wp-json\/wp\/v2\/comments?post=73"}],"version-history":[{"count":4,"href":"https:\/\/agora.xtec.cat\/ceipbalmes\/wp-json\/wp\/v2\/pages\/73\/revisions"}],"predecessor-version":[{"id":2088,"href":"https:\/\/agora.xtec.cat\/ceipbalmes\/wp-json\/wp\/v2\/pages\/73\/revisions\/2088"}],"up":[{"embeddable":true,"href":"https:\/\/agora.xtec.cat\/ceipbalmes\/wp-json\/wp\/v2\/pages\/66"}],"wp:attachment":[{"href":"https:\/\/agora.xtec.cat\/ceipbalmes\/wp-json\/wp\/v2\/media?parent=73"}],"curies":[{"name":"wp","href":"https:\/\/api.w.org\/{rel}","templated":true}]}}

<p>El servei de menjador escolar el gestiona <a href="http://www.ccbages.cat/ensenyament/">l&#8217;àrea d&#8217;Educació del Consell Comarcal del Bages.</a> El servei és gratuït pels alumnes residents a Marganell. Poden demanar beques els alumnes als quals no correspon la gratuïtat del servei, amb valoració de les condicions econòmiques, familiars i socials dels sol·licitants.</p>
<p style="text-align: center;"> <a href="https://drive.google.com/file/d/1GbQ1xmVceYCUoclkHk45BNirNHAVQkiY/view?usp=sharing" target="_blank" rel="noopener"><span style="font-size: 24pt;">Menú</span></a></p>
<p>L’escola ofereix servei de menjador escolar amb cuina pròpia, en horari de 12:30 a 15h.</p>
<p>● El Consell Comarcal del Bages gestiona el servei de menjador a través de l’empresa “Serhs Food”. La seva pàgina web és:<br />
<a href="https://iara.serhsfoodeduca.com/">https://iara.serhsfoodeduca.com/</a></p>
<p>● La gestió de reserva i pagament dels menús de menjador es fa a través de l’aplicació de l’empresa. Podeu consultar el seu funcionament i donar- vos d’alta en el servei a través de la seva web.</p>
<p>● La persona encarregada i coordinadora del servei a l’escola és la Mar Frau. Podeu contactar amb ella a través del telèfon 671079985 o del correu electrònic escolajaumebalmes@grupserhs.com</p>

<p>El servei de menjador escolar el gestiona <a href="http://www.ccbages.cat/ensenyament/">l&#8217;àrea d&#8217;Educació del Consell Comarcal del Bages.</a> El servei és gratuït pels alumnes residents a Marganell. Poden demanar beques els alumnes als quals no correspon la gratuïtat del servei, amb valoració de les condicions econòmiques, familiars i socials&hellip;  <a href="https://agora.xtec.cat/ceipbalmes/serveis/menjador-escolar/" title="Read Menjador escolar">Llegeix més»</a></p>
