{"id":22,"date":"2014-09-18T12:19:57","date_gmt":"2014-09-18T12:19:57","guid":{"rendered":"http:\/\/agora.xtec.cat\/ceipbalmes\/?page_id=22"},"modified":"2024-09-09T13:51:18","modified_gmt":"2024-09-09T11:51:18","slug":"lescola","status":"publish","type":"page","link":"https:\/\/agora.xtec.cat\/ceipbalmes\/lescola\/","title":{"rendered":"L&#8217;ESCOLA"},"content":{"rendered":"<p style=\"text-align: justify;\">L&#8217;escola Jaume Balmes \u00e9s un centre p\u00fablic d&#8217;educaci\u00f3 Infantil i Prim\u00e0ria, depenent del Departament d&#8217;Ensenyament de la Generalitat de Catalunya.<\/p>\n<p style=\"text-align: justify;\">Els infants s\u00f3n del municipi de Castellbell i el Vilar i del municipi de Marganell, que no t\u00e9 escola pr\u00f2pia. La poblaci\u00f3 es reparteix en sis barris diferents (la Bauma, el Borr\u00e0s, el Bur\u00e9s, Sant Crist\u00f2fol, el Vilar i la Riereta) i en urbanitzacions properes a la Bauma i a Sant Crist\u00f2fol. Per aquest motiu el centre disposa, pels alumnes que viuen m\u00e9s allunyats del nucli urb\u00e0, de <strong>transport escolar gratu\u00eft<\/strong>, subvencionat per l&#8217;Ajuntament i el Consell Comarcal del Bages.<\/p>\n<p style=\"text-align: justify;\">Hi ha dos centres adscrits: l&#8217;escola bressol municipal &#8220;Colors&#8221; i l&#8217;institut &#8220;Bages Sud&#8221;, que imparteix estudis fins a 4rt d&#8217;ESO. Ens coordinem pedag\u00f2gicament amb tots dos centres educatius, fet que garanteix la bona continu\u00eftat de l&#8217;escolaritzaci\u00f3 dels\u00a0nens i nenes del municipi.<\/p>\n<p style=\"text-align: justify;\">L&#8217;escola cada curs tria un eix conductor que cohesiona i d\u00f3na coher\u00e8ncia a les activitats i sortides que realitzen. Alhora que actua com a nexe d&#8217;uni\u00f3 entre les diferents etapes i nivells, tamb\u00e9 \u00e9s una eina de motivaci\u00f3 i gaudi per l&#8217;aprenentatge.<\/p>\n<p style=\"text-align: justify;\">Aquest curs 2024-25 l&#8217;eix tem\u00e0tic de l&#8217;escola \u00e9s <strong>&#8220;El 50\u00e8 aniversari de l&#8217;escola&#8221;<\/strong>.<\/p>\n<p><a href=\"https:\/\/agora.xtec.cat\/ceipbalmes\/wp-content\/uploads\/usu527\/2020\/01\/IDEARI-1.jpg\"><img loading=\"lazy\" decoding=\"async\" class=\"wp-image-1102 aligncenter\" src=\"https:\/\/agora.xtec.cat\/ceipbalmes\/wp-content\/uploads\/usu527\/2020\/01\/IDEARI-1-724x1024.jpg\" alt=\"\" width=\"700\" height=\"990\" srcset=\"https:\/\/agora.xtec.cat\/ceipbalmes\/wp-content\/uploads\/usu527\/2020\/01\/IDEARI-1-724x1024.jpg 724w, https:\/\/agora.xtec.cat\/ceipbalmes\/wp-content\/uploads\/usu527\/2020\/01\/IDEARI-1-212x300.jpg 212w, https:\/\/agora.xtec.cat\/ceipbalmes\/wp-content\/uploads\/usu527\/2020\/01\/IDEARI-1-768x1086.jpg 768w, https:\/\/agora.xtec.cat\/ceipbalmes\/wp-content\/uploads\/usu527\/2020\/01\/IDEARI-1.jpg 1587w\" sizes=\"auto, (max-width: 700px) 100vw, 700px\" \/><\/a><a href=\"https:\/\/drive.google.com\/file\/d\/1Zc3RMMKbpZgxZqi-uRXCNsde9cSenUCW\/view?usp=sharing\"><img loading=\"lazy\" decoding=\"async\" class=\"wp-image-1103 aligncenter\" src=\"https:\/\/agora.xtec.cat\/ceipbalmes\/wp-content\/uploads\/usu527\/2020\/01\/IDEARI-2-724x1024.jpg\" alt=\"\" width=\"1168\" height=\"1652\" srcset=\"https:\/\/agora.xtec.cat\/ceipbalmes\/wp-content\/uploads\/usu527\/2020\/01\/IDEARI-2-724x1024.jpg 724w, https:\/\/agora.xtec.cat\/ceipbalmes\/wp-content\/uploads\/usu527\/2020\/01\/IDEARI-2-212x300.jpg 212w, https:\/\/agora.xtec.cat\/ceipbalmes\/wp-content\/uploads\/usu527\/2020\/01\/IDEARI-2-768x1086.jpg 768w, https:\/\/agora.xtec.cat\/ceipbalmes\/wp-content\/uploads\/usu527\/2020\/01\/IDEARI-2.jpg 1587w\" sizes=\"auto, (max-width: 1168px) 100vw, 1168px\" \/><\/a><\/p>\n","protected":false},"excerpt":{"rendered":"<p>L&#8217;escola Jaume Balmes \u00e9s un centre p\u00fablic d&#8217;educaci\u00f3 Infantil i Prim\u00e0ria, depenent del Departament d&#8217;Ensenyament de la Generalitat de Catalunya.<br \/>\nEls infants s\u00f3n del municipi de Castellbell i el Vilar i del municipi de Marganell, que no t\u00e9 escola pr\u00f2pia. La poblaci\u00f3 es reparteix en sis&hellip;  <a href=\"https:\/\/agora.xtec.cat\/ceipbalmes\/lescola\/\" title=\"Read L&#8217;ESCOLA\">Llegeix m\u00e9s\u00bb<\/a><\/p>\n","protected":false},"author":2,"featured_media":0,"parent":0,"menu_order":0,"comment_status":"closed","ping_status":"closed","template":"page-templates\/side-menu.php","meta":{"_bbp_topic_count":0,"_bbp_reply_count":0,"_bbp_total_topic_count":0,"_bbp_total_reply_count":0,"_bbp_voice_count":0,"_bbp_anonymous_reply_count":0,"_bbp_topic_count_hidden":0,"_bbp_reply_count_hidden":0,"_bbp_forum_subforum_count":0,"footnotes":""},"class_list":["post-22","page","type-page","status-publish","hentry"],"post_mailing_queue_ids":[],"_links":{"self":[{"href":"https:\/\/agora.xtec.cat\/ceipbalmes\/wp-json\/wp\/v2\/pages\/22","targetHints":{"allow":["GET"]}}],"collection":[{"href":"https:\/\/agora.xtec.cat\/ceipbalmes\/wp-json\/wp\/v2\/pages"}],"about":[{"href":"https:\/\/agora.xtec.cat\/ceipbalmes\/wp-json\/wp\/v2\/types\/page"}],"author":[{"embeddable":true,"href":"https:\/\/agora.xtec.cat\/ceipbalmes\/wp-json\/wp\/v2\/users\/2"}],"replies":[{"embeddable":true,"href":"https:\/\/agora.xtec.cat\/ceipbalmes\/wp-json\/wp\/v2\/comments?post=22"}],"version-history":[{"count":8,"href":"https:\/\/agora.xtec.cat\/ceipbalmes\/wp-json\/wp\/v2\/pages\/22\/revisions"}],"predecessor-version":[{"id":2579,"href":"https:\/\/agora.xtec.cat\/ceipbalmes\/wp-json\/wp\/v2\/pages\/22\/revisions\/2579"}],"wp:attachment":[{"href":"https:\/\/agora.xtec.cat\/ceipbalmes\/wp-json\/wp\/v2\/media?parent=22"}],"curies":[{"name":"wp","href":"https:\/\/api.w.org\/{rel}","templated":true}]}}

<p style="text-align: justify;">L&#8217;escola Jaume Balmes és un centre públic d&#8217;educació Infantil i Primària, depenent del Departament d&#8217;Ensenyament de la Generalitat de Catalunya.</p>
<p style="text-align: justify;">Els infants són del municipi de Castellbell i el Vilar i del municipi de Marganell, que no té escola pròpia. La població es reparteix en sis barris diferents (la Bauma, el Borràs, el Burés, Sant Cristòfol, el Vilar i la Riereta) i en urbanitzacions properes a la Bauma i a Sant Cristòfol. Per aquest motiu el centre disposa, pels alumnes que viuen més allunyats del nucli urbà, de <strong>transport escolar gratuït</strong>, subvencionat per l&#8217;Ajuntament i el Consell Comarcal del Bages.</p>
<p style="text-align: justify;">Hi ha dos centres adscrits: l&#8217;escola bressol municipal &#8220;Colors&#8221; i l&#8217;institut &#8220;Bages Sud&#8221;, que imparteix estudis fins a 4rt d&#8217;ESO. Ens coordinem pedagògicament amb tots dos centres educatius, fet que garanteix la bona continuïtat de l&#8217;escolarització dels nens i nenes del municipi.</p>
<p style="text-align: justify;">L&#8217;escola cada curs tria un eix conductor que cohesiona i dóna coherència a les activitats i sortides que realitzen. Alhora que actua com a nexe d&#8217;unió entre les diferents etapes i nivells, també és una eina de motivació i gaudi per l&#8217;aprenentatge.</p>
<p style="text-align: justify;">Aquest curs 2024-25 l&#8217;eix temàtic de l&#8217;escola és <strong>&#8220;El 50è aniversari de l&#8217;escola&#8221;</strong>.</p>
<p><a href="https://agora.xtec.cat/ceipbalmes/wp-content/uploads/usu527/2020/01/IDEARI-1.jpg"><img loading="lazy" decoding="async" class="wp-image-1102 aligncenter" src="https://agora.xtec.cat/ceipbalmes/wp-content/uploads/usu527/2020/01/IDEARI-1-724x1024.jpg" alt="" width="700" height="990" srcset="https://agora.xtec.cat/ceipbalmes/wp-content/uploads/usu527/2020/01/IDEARI-1-724x1024.jpg 724w, https://agora.xtec.cat/ceipbalmes/wp-content/uploads/usu527/2020/01/IDEARI-1-212x300.jpg 212w, https://agora.xtec.cat/ceipbalmes/wp-content/uploads/usu527/2020/01/IDEARI-1-768x1086.jpg 768w, https://agora.xtec.cat/ceipbalmes/wp-content/uploads/usu527/2020/01/IDEARI-1.jpg 1587w" sizes="auto, (max-width: 700px) 100vw, 700px" /></a><a href="https://drive.google.com/file/d/1Zc3RMMKbpZgxZqi-uRXCNsde9cSenUCW/view?usp=sharing"><img loading="lazy" decoding="async" class="wp-image-1103 aligncenter" src="https://agora.xtec.cat/ceipbalmes/wp-content/uploads/usu527/2020/01/IDEARI-2-724x1024.jpg" alt="" width="1168" height="1652" srcset="https://agora.xtec.cat/ceipbalmes/wp-content/uploads/usu527/2020/01/IDEARI-2-724x1024.jpg 724w, https://agora.xtec.cat/ceipbalmes/wp-content/uploads/usu527/2020/01/IDEARI-2-212x300.jpg 212w, https://agora.xtec.cat/ceipbalmes/wp-content/uploads/usu527/2020/01/IDEARI-2-768x1086.jpg 768w, https://agora.xtec.cat/ceipbalmes/wp-content/uploads/usu527/2020/01/IDEARI-2.jpg 1587w" sizes="auto, (max-width: 1168px) 100vw, 1168px" /></a></p>

<p>L&#8217;escola Jaume Balmes és un centre públic d&#8217;educació Infantil i Primària, depenent del Departament d&#8217;Ensenyament de la Generalitat de Catalunya.<br />
Els infants són del municipi de Castellbell i el Vilar i del municipi de Marganell, que no té escola pròpia. La població es reparteix en sis&hellip;  <a href="https://agora.xtec.cat/ceipbalmes/lescola/" title="Read L&#8217;ESCOLA">Llegeix més»</a></p>
