{"id":2133,"date":"2022-06-10T10:05:56","date_gmt":"2022-06-10T08:05:56","guid":{"rendered":"https:\/\/agora.xtec.cat\/ceipbalmes\/?page_id=2133"},"modified":"2024-03-01T15:43:53","modified_gmt":"2024-03-01T14:43:53","slug":"estrategia-digital-de-centre-2","status":"publish","type":"page","link":"https:\/\/agora.xtec.cat\/ceipbalmes\/estrategia-digital-de-centre-2\/","title":{"rendered":"Estrat\u00e8gia Digital de Centre"},"content":{"rendered":"<p>&#8221;<\/p>\n<div class=\"row\" style=\"margin-bottom: 1em !important;\">\n<div class=\"small-12 large-4 text-center columns\">\n<p><img loading=\"lazy\" decoding=\"async\" class=\"\" src=\"data:image\/png;base64,iVBORw0KGgoAAAANSUhEUgAAAGAAAABgCAYAAADimHc4AAAACXBIWXMAAAsTAAALEwEAmpwYAAACdElEQVR4nO2aP2sUQRiHpxAt1E4bP0KaK\/xDCHEHCWlEdAa5NqWfJXrgn9KvYCWyE7A6ZMAvkEbsbFRIOxBSTbhgIB7L7d7e3L63s88Db7nN75n3fWdvTykAAAAAAAAAAAAAUEpN\/NOYU6m+IR3YBAHyoU02oAO2xp+ua+s+qq6RDmyyAQJ2nn++p637rq3rfoQNXcDjF+WONuXvWfgI8N0KKEz5Sht3dhn+RgnYfru7sPosYOvfvL8aPAJ8NwKuzvssBdQ9t524lhEwP+9b1WxkGfezsO7N7vjoLgJ8MwFV837VKqz7W9ijh3SAbyDAuoPClKcpBVxKWKkThjSCnpjyvjbuV2oJ2pavN0aAdKkaZqe1sG7adgnv73+9qW35\/v8uKH8gwDe\/hmo9vaaNO2x7C9Lj6a35xZxcQF9LLUHVXmj6bLLr65AFVO0F1RAE+DQC5vcCAny3HdD252g6wKcVsCwI8JkIgHYgQBgECIOAoQgIe49iTqUSgYA9BIif5kAHyAcaGEHyoQZ2QH9K5bKEj0ejhZWzAJ3yg0wdCKgI37gPyT5Jdi3guOa51NW0A1b8r9AhAkYyAgrj\/uhnX+4gYNS9gIvwX7oHap0wgtz8uDmbzfyLf1Ws8+SvS0DI4BbUKQgQRvrEBjpAPrTACJIPLrAD8ijVN6QDCwiQDy0MuQMAACBf4rcbMadSfUM6sIgA+dAiHSAfXGQE5VGqb0gHFhFQHcLJu9sLSzromHsHIKCnAuqeO0lcdAACVoMOEAYBwrCEhUGAMNL39sh7gHxokRexfEr1DenAIgLkQ4t0gHxwcagjCAAAAAAAAAAAAEDlwDl4xWchqtIQVAAAAABJRU5ErkJggg==\" width=\"126\" height=\"126\" \/><\/p>\n<h3>ESTRAT\u00c8GIA DIGITAL<\/h3>\n<p style=\"margin-bottom: 0.2em; text-align: left;\">L\u2019Estrat\u00e8gia Digital de Centre (EDC) \u00e9s un document que recull totes les accions que es realitzen en un centre, i les que es realitzaran a mitj\u00e0 termini, per aconseguir la m\u00e0xima compet\u00e8ncia digital de l\u2019alumnat, del professorat i del centre educatiu.<\/p>\n<p><a href=\"https:\/\/agora.xtec.cat\/ceipbalmes\/estrategia-digital-de-centre-2\/pla-estrategic-digital\/\">M\u00e9s informaci\u00f3<\/a><\/p>\n<\/div>\n<div class=\"small-12 large-4 text-center columns\">\n<p><img decoding=\"async\" src=\"data:image\/png;base64,iVBORw0KGgoAAAANSUhEUgAAAGAAAABgCAYAAADimHc4AAAACXBIWXMAAAsTAAALEwEAmpwYAAADH0lEQVR4nO2dTWsTURSGZ6NbC4LN1BbdCU3TqhARlSxbxEqu\/0SXbQXrxoUKBRulTGJRXEi14N4s3AilcRG0aZq2oJl8rZrSBFz4AUdmkoZQCpa06bkf7wPvD8j7zL13TnIhlgUAAAAAAAAAXSBaogFRpkVRprqoEHEmnPjx2bjyoxWqchcvmhm8\/80sCf6TL0HxoiVgxSwJMmw7ol3A1IpZErgLF3sS9AS0S3iZX7J0RkYBQZMkyCogaIoE7sLFngxNZfST0DdfGrDj7qLtuPVAbI28nHm87EdGAUM6SfDKDzhu1Y4XyIvsAkKTGb0k+E9+s3xVBIR0kuBtOyoKCOkiob18FQQMT67qJUFFAcM6SVBNwEhTgDYSlBMwsaqXBNUEXHqQO5SEK69cub7AU03AtXiRRiay+khQTcCt7C+6PL2ujwTVBIgK0fjGb7o+X6KLOmxHKgoQRxju\/iGAG6wAZiCAGQhgBgKYgQBmIIAZCNBMwM3NnzSarR17xnJ1EmXDB7FIqkwn78XoxN1Zlgy+T5ktIPxxja18L+cTScMFJHMQwClgNLtDpx+9pVPTr489PQ\/f0NVPm2avAKFguPuHAG6wApjBHMAM5gBmMAcwgzmAGcwBzOAtiBkIYAYCmMEcwAzmAGYwBzCDOYAZzAHM4C2IGQhgBgKYUWUOGOvw3o9RP0lGunwvqJN7P0YJCHf5XlAn937MEpDs7r0gCGC8F9TT4b0fo1aAUDDc\/UMAN1gBzEAAMxDADAQwAwHMQAAzEMAMBEgu4Lb7l31aFV1KtEw7EgrI+QJ6n37xBUSWt3UWsCCfgBcbDQEzaV\/AubmvNJ7\/o1\/5Fdq6U6R+6QTYc98b29BslnqfpHwJ\/bE03Viq6rEdlanmPflSlL+vAG8VPF9vSHiWaUlQNZbs7CfAdvKts8BfCTPp1pmgWiwlBexK2F0JCsdSVkD7meAfzM0VoVgs1f7AQbPsWLITcNwPEhRFXQr\/e\/7\/6EuULgTihW0JyqKjTMBxt846RTleNQ\/0N1ZO4Z3tFGrcxdmHTeMzLChTPgAAAAAAAMBSjX+nHKeVO+5lWwAAAABJRU5ErkJggg==\" \/><\/p>\n<h3>CULTURA DIGITAL<\/h3>\n<p style=\"margin-bottom: 0.2em;\">Aquesta part de la documentaci\u00f3 recull la gesti\u00f3 di\u00e0ria de l\u2019organitzaci\u00f3 digital del centre. Aqu\u00ed trobareu tota la informaci\u00f3 digital del centre recollida per tem\u00e0tiques.<\/p>\n<p><a href=\"https:\/\/agora.xtec.cat\/ceipbalmes\/estrategia-digital-de-centre-2\/cultura-digital\/\">M\u00e9s informaci\u00f3<\/a><\/p>\n<\/div>\n<\/div>\n","protected":false},"excerpt":{"rendered":"<p>&#8221;<\/p>\n<p>ESTRAT\u00c8GIA DIGITAL<br \/>\nL\u2019Estrat\u00e8gia Digital de Centre (EDC) \u00e9s un document que recull totes les accions que es realitzen en un centre, i les que es realitzaran a mitj\u00e0 termini, per aconseguir la m\u00e0xima compet\u00e8ncia digital de l\u2019alumnat, del professorat i del centre educatiu.<br \/>\n<a href=\"https:\/\/agora.xtec.cat\/ceipbalmes\/estrategia-digital-de-centre-2\/pla-estrategic-digital\/\">M\u00e9s informaci\u00f3<\/a><\/p>\n<p>CULTURA DIGITAL<br \/>\nAquesta&hellip;  <a href=\"https:\/\/agora.xtec.cat\/ceipbalmes\/estrategia-digital-de-centre-2\/\" title=\"Read Estrat\u00e8gia Digital de Centre\">Llegeix m\u00e9s\u00bb<\/a><\/p>\n","protected":false},"author":26,"featured_media":0,"parent":0,"menu_order":0,"comment_status":"closed","ping_status":"closed","template":"page-templates\/side-menu.php","meta":{"_bbp_topic_count":0,"_bbp_reply_count":0,"_bbp_total_topic_count":0,"_bbp_total_reply_count":0,"_bbp_voice_count":0,"_bbp_anonymous_reply_count":0,"_bbp_topic_count_hidden":0,"_bbp_reply_count_hidden":0,"_bbp_forum_subforum_count":0,"footnotes":""},"class_list":["post-2133","page","type-page","status-publish","hentry"],"post_mailing_queue_ids":[],"_links":{"self":[{"href":"https:\/\/agora.xtec.cat\/ceipbalmes\/wp-json\/wp\/v2\/pages\/2133","targetHints":{"allow":["GET"]}}],"collection":[{"href":"https:\/\/agora.xtec.cat\/ceipbalmes\/wp-json\/wp\/v2\/pages"}],"about":[{"href":"https:\/\/agora.xtec.cat\/ceipbalmes\/wp-json\/wp\/v2\/types\/page"}],"author":[{"embeddable":true,"href":"https:\/\/agora.xtec.cat\/ceipbalmes\/wp-json\/wp\/v2\/users\/26"}],"replies":[{"embeddable":true,"href":"https:\/\/agora.xtec.cat\/ceipbalmes\/wp-json\/wp\/v2\/comments?post=2133"}],"version-history":[{"count":3,"href":"https:\/\/agora.xtec.cat\/ceipbalmes\/wp-json\/wp\/v2\/pages\/2133\/revisions"}],"predecessor-version":[{"id":2510,"href":"https:\/\/agora.xtec.cat\/ceipbalmes\/wp-json\/wp\/v2\/pages\/2133\/revisions\/2510"}],"wp:attachment":[{"href":"https:\/\/agora.xtec.cat\/ceipbalmes\/wp-json\/wp\/v2\/media?parent=2133"}],"curies":[{"name":"wp","href":"https:\/\/api.w.org\/{rel}","templated":true}]}}

Estratègia Digital de Centre

<p>&#8221;</p>
<div class="row" style="margin-bottom: 1em !important;">
<div class="small-12 large-4 text-center columns">
<p><img loading="lazy" decoding="async" class="" src="data:image/png;base64,iVBORw0KGgoAAAANSUhEUgAAAGAAAABgCAYAAADimHc4AAAACXBIWXMAAAsTAAALEwEAmpwYAAACdElEQVR4nO2aP2sUQRiHpxAt1E4bP0KaK/xDCHEHCWlEdAa5NqWfJXrgn9KvYCWyE7A6ZMAvkEbsbFRIOxBSTbhgIB7L7d7e3L63s88Db7nN75n3fWdvTykAAAAAAAAAAAAAUEpN/NOYU6m+IR3YBAHyoU02oAO2xp+ua+s+qq6RDmyyAQJ2nn++p637rq3rfoQNXcDjF+WONuXvWfgI8N0KKEz5Sht3dhn+RgnYfru7sPosYOvfvL8aPAJ8NwKuzvssBdQ9t524lhEwP+9b1WxkGfezsO7N7vjoLgJ8MwFV837VKqz7W9ijh3SAbyDAuoPClKcpBVxKWKkThjSCnpjyvjbuV2oJ2pavN0aAdKkaZqe1sG7adgnv73+9qW35/v8uKH8gwDe/hmo9vaaNO2x7C9Lj6a35xZxcQF9LLUHVXmj6bLLr65AFVO0F1RAE+DQC5vcCAny3HdD252g6wKcVsCwI8JkIgHYgQBgECIOAoQgIe49iTqUSgYA9BIif5kAHyAcaGEHyoQZ2QH9K5bKEj0ejhZWzAJ3yg0wdCKgI37gPyT5Jdi3guOa51NW0A1b8r9AhAkYyAgrj/uhnX+4gYNS9gIvwX7oHap0wgtz8uDmbzfyLf1Ws8+SvS0DI4BbUKQgQRvrEBjpAPrTACJIPLrAD8ijVN6QDCwiQDy0MuQMAACBf4rcbMadSfUM6sIgA+dAiHSAfXGQE5VGqb0gHFhFQHcLJu9sLSzromHsHIKCnAuqeO0lcdAACVoMOEAYBwrCEhUGAMNL39sh7gHxokRexfEr1DenAIgLkQ4t0gHxwcagjCAAAAAAAAAAAAEDlwDl4xWchqtIQVAAAAABJRU5ErkJggg==" width="126" height="126" /></p>
<h3>ESTRATÈGIA DIGITAL</h3>
<p style="margin-bottom: 0.2em; text-align: left;">L’Estratègia Digital de Centre (EDC) és un document que recull totes les accions que es realitzen en un centre, i les que es realitzaran a mitjà termini, per aconseguir la màxima competència digital de l’alumnat, del professorat i del centre educatiu.</p>
<p><a href="https://agora.xtec.cat/ceipbalmes/estrategia-digital-de-centre-2/pla-estrategic-digital/">Més informació</a></p>
</div>
<div class="small-12 large-4 text-center columns">
<p><img decoding="async" src="data:image/png;base64,iVBORw0KGgoAAAANSUhEUgAAAGAAAABgCAYAAADimHc4AAAACXBIWXMAAAsTAAALEwEAmpwYAAADH0lEQVR4nO2dTWsTURSGZ6NbC4LN1BbdCU3TqhARlSxbxEqu/0SXbQXrxoUKBRulTGJRXEi14N4s3AilcRG0aZq2oJl8rZrSBFz4AUdmkoZQCpa06bkf7wPvD8j7zL13TnIhlgUAAAAAAAAAXSBaogFRpkVRprqoEHEmnPjx2bjyoxWqchcvmhm8/80sCf6TL0HxoiVgxSwJMmw7ol3A1IpZErgLF3sS9AS0S3iZX7J0RkYBQZMkyCogaIoE7sLFngxNZfST0DdfGrDj7qLtuPVAbI28nHm87EdGAUM6SfDKDzhu1Y4XyIvsAkKTGb0k+E9+s3xVBIR0kuBtOyoKCOkiob18FQQMT67qJUFFAcM6SVBNwEhTgDYSlBMwsaqXBNUEXHqQO5SEK69cub7AU03AtXiRRiay+khQTcCt7C+6PL2ujwTVBIgK0fjGb7o+X6KLOmxHKgoQRxju/iGAG6wAZiCAGQhgBgKYgQBmIIAZCNBMwM3NnzSarR17xnJ1EmXDB7FIqkwn78XoxN1Zlgy+T5ktIPxxja18L+cTScMFJHMQwClgNLtDpx+9pVPTr489PQ/f0NVPm2avAKFguPuHAG6wApjBHMAM5gBmMAcwgzmAGcwBzOAtiBkIYAYCmMEcwAzmAGYwBzCDOYAZzAHM4C2IGQhgBgKYUWUOGOvw3o9RP0lGunwvqJN7P0YJCHf5XlAn937MEpDs7r0gCGC8F9TT4b0fo1aAUDDc/UMAN1gBzEAAMxDADAQwAwHMQAAzEMAMBEgu4Lb7l31aFV1KtEw7EgrI+QJ6n37xBUSWt3UWsCCfgBcbDQEzaV/AubmvNJ7/o1/5Fdq6U6R+6QTYc98b29BslnqfpHwJ/bE03Viq6rEdlanmPflSlL+vAG8VPF9vSHiWaUlQNZbs7CfAdvKts8BfCTPp1pmgWiwlBexK2F0JCsdSVkD7meAfzM0VoVgs1f7AQbPsWLITcNwPEhRFXQr/e/7/6EuULgTihW0JyqKjTMBxt846RTleNQ/0N1ZO4Z3tFGrcxdmHTeMzLChTPgAAAAAAAMBSjX+nHKeVO+5lWwAAAABJRU5ErkJggg==" /></p>
<h3>CULTURA DIGITAL</h3>
<p style="margin-bottom: 0.2em;">Aquesta part de la documentació recull la gestió diària de l’organització digital del centre. Aquí trobareu tota la informació digital del centre recollida per temàtiques.</p>
<p><a href="https://agora.xtec.cat/ceipbalmes/estrategia-digital-de-centre-2/cultura-digital/">Més informació</a></p>
</div>
</div>

<p>&#8221;</p>
<p>ESTRATÈGIA DIGITAL<br />
L’Estratègia Digital de Centre (EDC) és un document que recull totes les accions que es realitzen en un centre, i les que es realitzaran a mitjà termini, per aconseguir la màxima competència digital de l’alumnat, del professorat i del centre educatiu.<br />
<a href="https://agora.xtec.cat/ceipbalmes/estrategia-digital-de-centre-2/pla-estrategic-digital/">Més informació</a></p>
<p>CULTURA DIGITAL<br />
Aquesta&hellip;  <a href="https://agora.xtec.cat/ceipbalmes/estrategia-digital-de-centre-2/" title="Read Estratègia Digital de Centre">Llegeix més»</a></p>
