{"id":1367,"date":"2020-02-07T12:51:48","date_gmt":"2020-02-07T11:51:48","guid":{"rendered":"http:\/\/agora.xtec.cat\/ceipbaldiribadalona\/?page_id=1367"},"modified":"2020-09-12T17:11:32","modified_gmt":"2020-09-12T15:11:32","slug":"documents-per-a-les-families","status":"publish","type":"page","link":"https:\/\/agora.xtec.cat\/ceipbaldiribadalona\/documents-per-a-les-families\/","title":{"rendered":"DOCUMENTS PER A LES FAM\u00cdLIES"},"content":{"rendered":"<p style=\"text-align: left;\">_____________________________________________________________<\/p>\n<h2 style=\"text-align: left;\"><span style=\"color: #000000;\">IMPORTANT<\/span><\/h2>\n<ul>\n<li>\n<h3><a href=\"https:\/\/drive.google.com\/file\/d\/1-8WyxQZtMHoo-Pf_tx0KxTx67wrbHXql\/view?usp=sharing\">Informacions d&#8217;Inici de Curs.<\/a><\/h3>\n<\/li>\n<\/ul>\n<h2><\/h2>\n<h2 style=\"text-align: left;\"><span style=\"color: #000000;\">AUTORITZACIONS\u00a0<\/span><\/h2>\n<ul>\n<li>\n<h3><a href=\"https:\/\/drive.google.com\/file\/d\/1n1MoMrQvveja4Ea0KCuNSrB6ficvrjtq\/view?usp=sharing\">Declaraci\u00f3 responsable Covid-19<\/a>:<\/h3>\n<ul>\n<li>Declaraci\u00f3 responsable per a les fam\u00edlies d\u2019alumnes d\u2019educaci\u00f3 prim\u00e0ria<\/li>\n<\/ul>\n<\/li>\n<\/ul>\n<p>&nbsp;<\/p>\n<ul>\n<li>\n<h3><a href=\"https:\/\/drive.google.com\/open?id=1okpDrFOwZMBI8qEE3nXKtsVgKzcVEmcu\" target=\"_blank\" rel=\"noopener noreferrer\">Autoritzaci\u00f3 de Drets d\u2019Imatge:<\/a><\/h3>\n<ul>\n<li>L&#8217;objectiu \u00e9s poder ensenar-vos diferents feines i activitats de forma col\u00b7lectiva, i sempre relacionada amb l&#8217;activitat docent.<\/li>\n<li>En qualsevol moment es pot anul\u00b7lar aquesta autoritzaci\u00f3.<\/li>\n<\/ul>\n<\/li>\n<\/ul>\n<p>&nbsp;<\/p>\n<ul>\n<li>\n<h3><a href=\"https:\/\/drive.google.com\/file\/d\/17j3o04gibki_n1OmACiKQatPidy60sMC\/view?usp=sharing\">Autoritzaci\u00f3 de Sortides<\/a>:<\/h3>\n<ul>\n<li>Les sortides que es facin a l\u2019escola estan incloses dins de la Programaci\u00f3 Anual de Centre i estan aprovades pel Consell Escolar. Les sortides cal que siguin autoritzades pels pares mitjan\u00e7ant el document que signeu a principi de curs.<\/li>\n<\/ul>\n<\/li>\n<\/ul>\n<p>&nbsp;<\/p>\n<ul>\n<li>\n<h3><a href=\"https:\/\/drive.google.com\/file\/d\/1NmjRXnv9KYPS4Xu4hj23dIvnT1NfFmdi\/view?usp=sharing\">Autoritzaci\u00f3 per Sortir sols o soles<\/a>:<\/h3>\n<ul>\n<li>A partir de 3r les fam\u00edlies poden autoritzar que els nois i noies surtin sols o soles de l&#8217;escola.<\/li>\n<\/ul>\n<\/li>\n<\/ul>\n<p>&nbsp;<\/p>\n<ul>\n<li>\n<h3><a href=\"https:\/\/drive.google.com\/file\/d\/1kP1E7uTz4E2-EYwwiSGhWPlutjA1wEua\/view?usp=sharing\">Autoritzaci\u00f3 per marxar amb germans grans<\/a>:<\/h3>\n<ul>\n<li><span lang=\"CA\">Autoritzaci\u00f3 perqu\u00e8 els alumnes marxin amb els germans o germanes m\u00e9s grans de l&#8217;escola.\u00a0<\/span><\/li>\n<\/ul>\n<\/li>\n<\/ul>\n<p>&nbsp;<\/p>\n<ul>\n<li>\n<h3><a href=\"https:\/\/drive.google.com\/file\/d\/1F_qMD9j6T3lN8_qkhSz4uQ9TSiWVCQ7K\/view?usp=sharing\">Autoritzaci\u00f3 de Medicaments<\/a>:<\/h3>\n<ul>\n<li>Autoritzaci\u00f3 per administrar un medicament prescrit.<\/li>\n<li>Sempre ser\u00e0 necessari adjuntar la pauta de la recepta i l\u2019informe del metge.<\/li>\n<\/ul>\n<\/li>\n<\/ul>\n<p>&nbsp;<\/p>\n","protected":false},"excerpt":{"rendered":"<p>_____________________________________________________________ IMPORTANT Informacions d&#8217;Inici de Curs. AUTORITZACIONS\u00a0 Declaraci\u00f3 responsable Covid-19: Declaraci\u00f3 responsable per a les fam\u00edlies d\u2019alumnes d\u2019educaci\u00f3 prim\u00e0ria &nbsp; Autoritzaci\u00f3 de Drets d\u2019Imatge: L&#8217;objectiu \u00e9s poder ensenar-vos diferents feines i activitats de forma col\u00b7lectiva, i sempre relacionada amb l&#8217;activitat docent. En qualsevol moment es pot anul\u00b7lar aquesta autoritzaci\u00f3. &nbsp; Autoritzaci\u00f3 de Sortides: Les sortides [&hellip;]<\/p>\n","protected":false},"author":1,"featured_media":0,"parent":0,"menu_order":0,"comment_status":"closed","ping_status":"closed","template":"","meta":{"_bbp_topic_count":0,"_bbp_reply_count":0,"_bbp_total_topic_count":0,"_bbp_total_reply_count":0,"_bbp_voice_count":0,"_bbp_anonymous_reply_count":0,"_bbp_topic_count_hidden":0,"_bbp_reply_count_hidden":0,"_bbp_forum_subforum_count":0,"site-sidebar-layout":"default","site-content-layout":"","ast-site-content-layout":"","site-content-style":"default","site-sidebar-style":"default","ast-global-header-display":"","ast-banner-title-visibility":"","ast-main-header-display":"","ast-hfb-above-header-display":"","ast-hfb-below-header-display":"","ast-hfb-mobile-header-display":"","site-post-title":"","ast-breadcrumbs-content":"","ast-featured-img":"","footer-sml-layout":"","theme-transparent-header-meta":"","adv-header-id-meta":"","stick-header-meta":"","header-above-stick-meta":"","header-main-stick-meta":"","header-below-stick-meta":"","astra-migrate-meta-layouts":"default","ast-page-background-enabled":"default","ast-page-background-meta":{"desktop":{"background-color":"var(--ast-global-color-4)","background-image":"","background-repeat":"repeat","background-position":"center center","background-size":"auto","background-attachment":"scroll","background-type":"","background-media":"","overlay-type":"","overlay-color":"","overlay-opacity":"","overlay-gradient":""},"tablet":{"background-color":"","background-image":"","background-repeat":"repeat","background-position":"center center","background-size":"auto","background-attachment":"scroll","background-type":"","background-media":"","overlay-type":"","overlay-color":"","overlay-opacity":"","overlay-gradient":""},"mobile":{"background-color":"","background-image":"","background-repeat":"repeat","background-position":"center center","background-size":"auto","background-attachment":"scroll","background-type":"","background-media":"","overlay-type":"","overlay-color":"","overlay-opacity":"","overlay-gradient":""}},"ast-content-background-meta":{"desktop":{"background-color":"var(--ast-global-color-5)","background-image":"","background-repeat":"repeat","background-position":"center center","background-size":"auto","background-attachment":"scroll","background-type":"","background-media":"","overlay-type":"","overlay-color":"","overlay-opacity":"","overlay-gradient":""},"tablet":{"background-color":"var(--ast-global-color-5)","background-image":"","background-repeat":"repeat","background-position":"center center","background-size":"auto","background-attachment":"scroll","background-type":"","background-media":"","overlay-type":"","overlay-color":"","overlay-opacity":"","overlay-gradient":""},"mobile":{"background-color":"var(--ast-global-color-5)","background-image":"","background-repeat":"repeat","background-position":"center center","background-size":"auto","background-attachment":"scroll","background-type":"","background-media":"","overlay-type":"","overlay-color":"","overlay-opacity":"","overlay-gradient":""}},"footnotes":""},"class_list":["post-1367","page","type-page","status-publish","hentry"],"post_mailing_queue_ids":[],"_links":{"self":[{"href":"https:\/\/agora.xtec.cat\/ceipbaldiribadalona\/wp-json\/wp\/v2\/pages\/1367","targetHints":{"allow":["GET"]}}],"collection":[{"href":"https:\/\/agora.xtec.cat\/ceipbaldiribadalona\/wp-json\/wp\/v2\/pages"}],"about":[{"href":"https:\/\/agora.xtec.cat\/ceipbaldiribadalona\/wp-json\/wp\/v2\/types\/page"}],"author":[{"embeddable":true,"href":"https:\/\/agora.xtec.cat\/ceipbaldiribadalona\/wp-json\/wp\/v2\/users\/1"}],"replies":[{"embeddable":true,"href":"https:\/\/agora.xtec.cat\/ceipbaldiribadalona\/wp-json\/wp\/v2\/comments?post=1367"}],"version-history":[{"count":3,"href":"https:\/\/agora.xtec.cat\/ceipbaldiribadalona\/wp-json\/wp\/v2\/pages\/1367\/revisions"}],"predecessor-version":[{"id":1775,"href":"https:\/\/agora.xtec.cat\/ceipbaldiribadalona\/wp-json\/wp\/v2\/pages\/1367\/revisions\/1775"}],"wp:attachment":[{"href":"https:\/\/agora.xtec.cat\/ceipbaldiribadalona\/wp-json\/wp\/v2\/media?parent=1367"}],"curies":[{"name":"wp","href":"https:\/\/api.w.org\/{rel}","templated":true}]}}