{"id":1418,"date":"2019-02-12T16:13:25","date_gmt":"2019-02-12T15:13:25","guid":{"rendered":"http:\/\/blocs.xtec.cat\/bacdroda\/?page_id=1418"},"modified":"2026-02-09T10:54:30","modified_gmt":"2026-02-09T09:54:30","slug":"espai-migdia","status":"publish","type":"page","link":"https:\/\/agora.xtec.cat\/ceipbacderoda\/espai-migdia\/","title":{"rendered":"ESPAI MIGDIA"},"content":{"rendered":"<h3>Si voleu con\u00e8ixer l&#8217;empresa de cuina, aix\u00ed com els men\u00fas que elabora, el llistat de prove\u00efdors que ens serveixen i d&#8217;altres aspectes que tenen a veure amb l&#8217;empresa SECOA, accediu al seg\u00fcent enlla\u00e7:<\/h3>\n<h3 style=\"text-align: center;\"><span style=\"color: #ff6600;\"><a style=\"color: #ff6600;\" href=\"https:\/\/secoa-bcn.com\">WEB MENJADOR ESCOLAR<\/a><\/span><\/h3>\n<p>Tamb\u00e9 podeu contactar amb l&#8217;empresa i plantejar qualsevol dubte sobre els men\u00fas que tingueu.<\/p>\n<h2 style=\"text-align: center;\">REUNI\u00d3 DEL CONSELL DELS INFANTS DURANT L&#8217;ESPAI MIGDIA<\/h2>\n<p>\u00a0<\/p>\n<h3>Mentre que si el que voleu \u00e9s saber com distribu\u00efm les activitats durant l&#8217;espai migdia, accediu al seg\u00fcent enlla\u00e7:<\/h3>\n<h3 style=\"text-align: center;\"><a href=\"https:\/\/agora.xtec.cat\/ceipbacderoda\/wp-content\/uploads\/usu2017\/2025\/11\/Temps-de-migdia-projectetecnic.pdf\" rel=\"attachment wp-att-20499\">ACTIVITATS ESPAI MIGDIA<\/a><\/h3>\n<p>Despr\u00e9s d&#8217;una trobada amb mares i pares de l&#8217;AMPA sobre la import\u00e0ncia i l&#8217;aprofitament de l&#8217; Espai Migdia, us adjuntem una s\u00edntesis del Projecte Educatiu de l&#8217;empresa 7 d&#8217;Aventura, encarregats del monitoratge de la nostra escola des d&#8217;aquest curs. Com veureu destaquem <em>l&#8217;estona de lleure educatiu i esbarjo com a moment per fomentar la relaci\u00f3 i conviv\u00e8ncia entre els alumnes a trav\u00e9s d&#8217;activitats l\u00fadiques amb contingut educatiu.<\/em><\/p>\n<h3 style=\"text-align: center;\"><span style=\"color: #ff6600;\">S\u00cdNTESIS ESPAI MIGDIA<\/span><\/h3>\n\n\n<div class=\"wp-block-group is-layout-grid wp-container-core-group-is-layout-1 wp-block-group-is-layout-grid\"><\/div>\n\n\n\n\n\n<div data-wp-interactive=\"core\/file\" class=\"wp-block-file\"><object data-wp-bind--hidden=\"!state.hasPdfPreview\" hidden class=\"wp-block-file__embed\" data=\"https:\/\/agora.xtec.cat\/ceipbacderoda\/wp-content\/uploads\/usu2017\/2025\/11\/Temps-de-migdia-projectetecnic.pdf\" type=\"application\/pdf\" style=\"width:100%;height:600px\" aria-label=\"Incrustaci\u00f3 del fitxer Temps de migdia - projectet\u00e8cnic.\"><\/object><a id=\"wp-block-file--media-8e189391-1a2c-430b-8dbe-518d415dc521\" href=\"https:\/\/agora.xtec.cat\/ceipbacderoda\/wp-content\/uploads\/usu2017\/2025\/11\/Temps-de-migdia-projectetecnic.pdf\">Temps de migdia &#8211; projectet\u00e8cnic<\/a><a href=\"https:\/\/agora.xtec.cat\/ceipbacderoda\/wp-content\/uploads\/usu2017\/2025\/11\/Temps-de-migdia-projectetecnic.pdf\" class=\"wp-block-file__button wp-element-button\" download aria-describedby=\"wp-block-file--media-8e189391-1a2c-430b-8dbe-518d415dc521\">Baixa<\/a><\/div>\n\n\n\n<div data-wp-interactive=\"core\/file\" class=\"wp-block-file\"><object data-wp-bind--hidden=\"!state.hasPdfPreview\" hidden class=\"wp-block-file__embed\" data=\"https:\/\/agora.xtec.cat\/ceipbacderoda\/wp-content\/uploads\/usu2017\/2025\/11\/INFOGRAFIA-1.pdf\" type=\"application\/pdf\" style=\"width:100%;height:600px\" aria-label=\"Incrustaci\u00f3 del fitxer INFOGRAFIA.\"><\/object><a id=\"wp-block-file--media-2781efd3-7052-4015-9dc1-a6b59ba4ba6b\" href=\"https:\/\/agora.xtec.cat\/ceipbacderoda\/wp-content\/uploads\/usu2017\/2025\/11\/INFOGRAFIA-1.pdf\">INFOGRAFIA<\/a><a href=\"https:\/\/agora.xtec.cat\/ceipbacderoda\/wp-content\/uploads\/usu2017\/2025\/11\/INFOGRAFIA-1.pdf\" class=\"wp-block-file__button wp-element-button\" download aria-describedby=\"wp-block-file--media-2781efd3-7052-4015-9dc1-a6b59ba4ba6b\">Baixa<\/a><\/div>\n","protected":false},"excerpt":{"rendered":"<p>Si voleu con\u00e8ixer l&#8217;empresa de cuina, aix\u00ed com els men\u00fas que elabora, el llistat de prove\u00efdors que ens serveixen i d&#8217;altres aspectes que tenen a veure amb l&#8217;empresa SECOA, accediu al seg\u00fcent enlla\u00e7: WEB MENJADOR ESCOLAR Tamb\u00e9 podeu contactar amb l&#8217;empresa i plantejar qualsevol dubte sobre els men\u00fas que tingueu. REUNI\u00d3 DEL CONSELL DELS INFANTS [&hellip;]<\/p>\n","protected":false},"author":2,"featured_media":0,"parent":0,"menu_order":0,"comment_status":"closed","ping_status":"closed","template":"","meta":{"_bbp_topic_count":0,"_bbp_reply_count":0,"_bbp_total_topic_count":0,"_bbp_total_reply_count":0,"_bbp_voice_count":0,"_bbp_anonymous_reply_count":0,"_bbp_topic_count_hidden":0,"_bbp_reply_count_hidden":0,"_bbp_forum_subforum_count":0,"site-sidebar-layout":"default","site-content-layout":"","ast-site-content-layout":"default","site-content-style":"default","site-sidebar-style":"default","ast-global-header-display":"","ast-banner-title-visibility":"","ast-main-header-display":"","ast-hfb-above-header-display":"","ast-hfb-below-header-display":"","ast-hfb-mobile-header-display":"","site-post-title":"","ast-breadcrumbs-content":"","ast-featured-img":"","footer-sml-layout":"","theme-transparent-header-meta":"","adv-header-id-meta":"","stick-header-meta":"","header-above-stick-meta":"","header-main-stick-meta":"","header-below-stick-meta":"","astra-migrate-meta-layouts":"set","ast-page-background-enabled":"default","ast-page-background-meta":{"desktop":{"background-color":"var(--ast-global-color-4)","background-image":"","background-repeat":"repeat","background-position":"center center","background-size":"auto","background-attachment":"scroll","background-type":"","background-media":"","overlay-type":"","overlay-color":"","overlay-opacity":"","overlay-gradient":""},"tablet":{"background-color":"","background-image":"","background-repeat":"repeat","background-position":"center center","background-size":"auto","background-attachment":"scroll","background-type":"","background-media":"","overlay-type":"","overlay-color":"","overlay-opacity":"","overlay-gradient":""},"mobile":{"background-color":"","background-image":"","background-repeat":"repeat","background-position":"center center","background-size":"auto","background-attachment":"scroll","background-type":"","background-media":"","overlay-type":"","overlay-color":"","overlay-opacity":"","overlay-gradient":""}},"ast-content-background-meta":{"desktop":{"background-color":"var(--ast-global-color-5)","background-image":"","background-repeat":"repeat","background-position":"center center","background-size":"auto","background-attachment":"scroll","background-type":"","background-media":"","overlay-type":"","overlay-color":"","overlay-opacity":"","overlay-gradient":""},"tablet":{"background-color":"var(--ast-global-color-5)","background-image":"","background-repeat":"repeat","background-position":"center center","background-size":"auto","background-attachment":"scroll","background-type":"","background-media":"","overlay-type":"","overlay-color":"","overlay-opacity":"","overlay-gradient":""},"mobile":{"background-color":"var(--ast-global-color-5)","background-image":"","background-repeat":"repeat","background-position":"center center","background-size":"auto","background-attachment":"scroll","background-type":"","background-media":"","overlay-type":"","overlay-color":"","overlay-opacity":"","overlay-gradient":""}},"footnotes":""},"class_list":["post-1418","page","type-page","status-publish","hentry"],"post_mailing_queue_ids":[],"_links":{"self":[{"href":"https:\/\/agora.xtec.cat\/ceipbacderoda\/wp-json\/wp\/v2\/pages\/1418","targetHints":{"allow":["GET"]}}],"collection":[{"href":"https:\/\/agora.xtec.cat\/ceipbacderoda\/wp-json\/wp\/v2\/pages"}],"about":[{"href":"https:\/\/agora.xtec.cat\/ceipbacderoda\/wp-json\/wp\/v2\/types\/page"}],"author":[{"embeddable":true,"href":"https:\/\/agora.xtec.cat\/ceipbacderoda\/wp-json\/wp\/v2\/users\/2"}],"replies":[{"embeddable":true,"href":"https:\/\/agora.xtec.cat\/ceipbacderoda\/wp-json\/wp\/v2\/comments?post=1418"}],"version-history":[{"count":5,"href":"https:\/\/agora.xtec.cat\/ceipbacderoda\/wp-json\/wp\/v2\/pages\/1418\/revisions"}],"predecessor-version":[{"id":25917,"href":"https:\/\/agora.xtec.cat\/ceipbacderoda\/wp-json\/wp\/v2\/pages\/1418\/revisions\/25917"}],"wp:attachment":[{"href":"https:\/\/agora.xtec.cat\/ceipbacderoda\/wp-json\/wp\/v2\/media?parent=1418"}],"curies":[{"name":"wp","href":"https:\/\/api.w.org\/{rel}","templated":true}]}}