{"id":32,"date":"2014-09-18T12:31:33","date_gmt":"2014-09-18T12:31:33","guid":{"rendered":"http:\/\/agora.xtec.cat\/ceipausiasmarch\/?page_id=32"},"modified":"2019-07-10T09:50:13","modified_gmt":"2019-07-10T07:50:13","slug":"calendari-del-curs","status":"publish","type":"page","link":"https:\/\/agora.xtec.cat\/ceipausiasmarch\/lescola\/calendari-del-curs\/","title":{"rendered":"Calendari i horari del curs"},"content":{"rendered":"<h4><a href=\"https:\/\/agora.xtec.cat\/ceipausiasmarch\/wp-content\/uploads\/usu488\/2019\/07\/Calendari-2019_2020_page-0001-2.jpg\"><img loading=\"lazy\" decoding=\"async\" class=\"wp-image-1118 aligncenter\" src=\"https:\/\/agora.xtec.cat\/ceipausiasmarch\/wp-content\/uploads\/usu488\/2019\/07\/Calendari-2019_2020_page-0001-2-300x212.jpg\" alt=\"\" width=\"925\" height=\"653\" srcset=\"https:\/\/agora.xtec.cat\/ceipausiasmarch\/wp-content\/uploads\/usu488\/2019\/07\/Calendari-2019_2020_page-0001-2-300x212.jpg 300w, https:\/\/agora.xtec.cat\/ceipausiasmarch\/wp-content\/uploads\/usu488\/2019\/07\/Calendari-2019_2020_page-0001-2-768x543.jpg 768w, https:\/\/agora.xtec.cat\/ceipausiasmarch\/wp-content\/uploads\/usu488\/2019\/07\/Calendari-2019_2020_page-0001-2-1024x724.jpg 1024w, https:\/\/agora.xtec.cat\/ceipausiasmarch\/wp-content\/uploads\/usu488\/2019\/07\/Calendari-2019_2020_page-0001-2.jpg 1755w\" sizes=\"auto, (max-width: 925px) 100vw, 925px\" \/><\/a><\/h4>\n<h4><strong>Inici de curs:<\/strong><\/h4>\n<ul style=\"list-style-type: square;\">\n<li>12 de setembre de 2019<\/li>\n<\/ul>\n<h4><strong>Vacances:<\/strong><\/h4>\n<ul style=\"list-style-type: square;\">\n<li>Del 21 de desembre al 7 de gener de 2020\u00a0 (ambd\u00f3s inclosos)<\/li>\n<li>Del\u00a0 4 al 13 d&#8217;abril de 2020\u00a0 (ambd\u00f3s inclosos)<\/li>\n<li>Fi de curs: 19 de juny de 2020.<\/li>\n<\/ul>\n<h4><strong>Dies festius de lliure disposici\u00f3:<\/strong><\/h4>\n<ul style=\"list-style-type: square;\">\n<li>4 de novembre de 2019.<\/li>\n<li>24 de febrer de 2020.<\/li>\n<li>29 de maig de 2020.<\/li>\n<\/ul>\n<h4><strong>Jornada compactada:<\/strong><\/h4>\n<ul style=\"list-style-type: square;\">\n<li>L\u2019<b>horari lectiu<\/b>\u00a0del centre \u00e9s de 9 a 12,30 h i de 14,30 a 16,00 h per a tots els alumnes del centre.<\/li>\n<li>El dia 20 de desembre de 2019 i a partir del 8 de juny de 2020 es realitza horari compactat de 9 a 13h. (Els alumnes que utilitzen el servei de menjador surten a les 15:00h.)<\/li>\n<li>Per als alumnes que inicien l\u2019escolaritzaci\u00f3 a P3 s\u2019organitza un breu per\u00edode d\u2019adaptaci\u00f3 que suposa una certa modificaci\u00f3 dels horaris dels primers dies de classe, i que es fa saber a les fam\u00edlies en les reunions pr\u00e8vies corresponents.<\/li>\n<\/ul>\n","protected":false},"excerpt":{"rendered":"<p><a href=\"https:\/\/agora.xtec.cat\/ceipausiasmarch\/wp-content\/uploads\/usu488\/2019\/07\/Calendari-2019_2020_page-0001-2.jpg\"><\/a><br \/>\nInici de curs:<\/p>\n<ul style=\"list-style-type: square;\">\n<li>12 de setembre de 2019<\/li>\n<\/ul>\n<p>Vacances:<\/p>\n<ul style=\"list-style-type: square;\">\n<li>Del 21 de desembre al 7 de gener de 2020\u00a0 (ambd\u00f3s inclosos)<\/li>\n<li>Del\u00a0 4 al 13 d&#8217;abril de 2020\u00a0 (ambd\u00f3s inclosos)<\/li>\n<li>Fi de curs: 19 de juny de 2020.<\/li>\n<\/ul>\n<p>Dies festius de lliure disposici\u00f3:<\/p>\n<ul style=\"list-style-type: square;\">\n<li>4 de&hellip;  <a href=\"https:\/\/agora.xtec.cat\/ceipausiasmarch\/lescola\/calendari-del-curs\/\" title=\"Read Calendari i horari del curs\">Llegeix m\u00e9s\u00bb<\/a><br \/>\n","protected":false},"author":2,"featured_media":0,"parent":22,"menu_order":37,"comment_status":"closed","ping_status":"closed","template":"","meta":{"_bbp_topic_count":0,"_bbp_reply_count":0,"_bbp_total_topic_count":0,"_bbp_total_reply_count":0,"_bbp_voice_count":0,"_bbp_anonymous_reply_count":0,"_bbp_topic_count_hidden":0,"_bbp_reply_count_hidden":0,"_bbp_forum_subforum_count":0,"footnotes":""},"class_list":["post-32","page","type-page","status-publish","hentry"],"post_mailing_queue_ids":[],"_links":{"self":[{"href":"https:\/\/agora.xtec.cat\/ceipausiasmarch\/wp-json\/wp\/v2\/pages\/32","targetHints":{"allow":["GET"]}}],"collection":[{"href":"https:\/\/agora.xtec.cat\/ceipausiasmarch\/wp-json\/wp\/v2\/pages"}],"about":[{"href":"https:\/\/agora.xtec.cat\/ceipausiasmarch\/wp-json\/wp\/v2\/types\/page"}],"author":[{"embeddable":true,"href":"https:\/\/agora.xtec.cat\/ceipausiasmarch\/wp-json\/wp\/v2\/users\/2"}],"replies":[{"embeddable":true,"href":"https:\/\/agora.xtec.cat\/ceipausiasmarch\/wp-json\/wp\/v2\/comments?post=32"}],"version-history":[{"count":3,"href":"https:\/\/agora.xtec.cat\/ceipausiasmarch\/wp-json\/wp\/v2\/pages\/32\/revisions"}],"predecessor-version":[{"id":1119,"href":"https:\/\/agora.xtec.cat\/ceipausiasmarch\/wp-json\/wp\/v2\/pages\/32\/revisions\/1119"}],"up":[{"embeddable":true,"href":"https:\/\/agora.xtec.cat\/ceipausiasmarch\/wp-json\/wp\/v2\/pages\/22"}],"wp:attachment":[{"href":"https:\/\/agora.xtec.cat\/ceipausiasmarch\/wp-json\/wp\/v2\/media?parent=32"}],"curies":[{"name":"wp","href":"https:\/\/api.w.org\/{rel}","templated":true}]}}