{"id":84,"date":"2014-09-18T14:11:31","date_gmt":"2014-09-18T12:11:31","guid":{"rendered":"http:\/\/agora.xtec.cat\/ceipauro\/\/?page_id=84"},"modified":"2024-09-05T21:35:24","modified_gmt":"2024-09-05T19:35:24","slug":"activitats-extraescolars","status":"publish","type":"page","link":"https:\/\/agora.xtec.cat\/ceipauro\/serveis\/activitats-extraescolars\/","title":{"rendered":"Activitats extraescolars 24 -25"},"content":{"rendered":"<p style=\"text-align: center;\">Despr\u00e9s de l&#8217;horari escolar, els nens i nenes tenen un ampli ventall d&#8217;activitats extraescolars.<\/p>\n<p style=\"text-align: center;\">Us recomanem que visiteu la <span style=\"font-size: 20px;\"><strong>web de l&#8217;AFA Aur\u00f3<\/strong><\/span> (comissi\u00f3 extraescolars) on podeu obtenir m\u00e9s informaci\u00f3 (horaris, cursos, inscripcions,&#8230;):<\/p>\n<p style=\"text-align: center;\"><a href=\"https:\/\/afaauro.org\/serveis\/\">https:\/\/afaauro.org\/serveis<\/a><\/p>\n<hr \/>\n<ul style=\"text-align: center;\">\n<li style=\"text-align: left;\"><span style=\"text-decoration: underline;\"><span style=\"text-decoration: underline;\"><strong>Impregna&#8217;t <\/strong><\/span><\/span><strong>:<\/strong><span style=\"font-size: 16px;\"> (Extraescolar de m\u00fasica): <\/span><a style=\"font-family: inherit; font-size: 1em; text-align: center;\" href=\"mailto:projecteimpregnat@gmail.com\"><span style=\"font-family: inherit; font-size: 1em;\">projecteimpregnat@gmail.com<\/span><\/a><\/li>\n<\/ul>\n<hr \/>\n<ul>\n<li><span style=\"text-decoration: underline;\"><strong>AE Eixample<\/strong><\/span> (Extraescolars variades)\u200b: <a href=\"https:\/\/www.ae-eixample.cat\/\">https:\/\/www.ae-eixample.cat\/<\/a><\/li>\n<\/ul>\n<hr \/>\n<ul>\n<li><span style=\"text-decoration: underline;\"><strong>Peques i robots<\/strong><\/span> (Extraescolar de Rob\u00f2tica i programaci\u00f3):\u00a0 <a style=\"font-family: inherit; font-size: 1em;\" href=\"mailto:info@pequesyrobots.com\">info<span class=\"\">@pequesyrobots.com<\/span><\/a><\/li>\n<\/ul>\n<hr \/>\n<div class=\"page\" title=\"Page 2\">\n<div class=\"layoutArea\">\n<div class=\"column\">\n<ul>\n<li><span style=\"text-decoration: underline;\"><strong>Eixos creativa<\/strong><\/span> (Extraescolar pl\u00e0stica): <a href=\"https:\/\/www.eixoscreativa.com\/ca\/\">https:\/\/www.eixoscreativa.com\/ca\/<\/a><\/li>\n<\/ul>\n<\/div>\n<\/div>\n<\/div>\n","protected":false},"excerpt":{"rendered":"<p>Despr\u00e9s de l&#8217;horari escolar, els nens i nenes tenen un ampli ventall d&#8217;activitats extraescolars.<br \/>\nUs recomanem que visiteu la web de l&#8217;AFA Aur\u00f3 (comissi\u00f3 extraescolars) on podeu obtenir m\u00e9s informaci\u00f3 (horaris, cursos, inscripcions,&#8230;):<br \/>\n<a href=\"https:\/\/afaauro.org\/serveis\/\">https:\/\/afaauro.org\/serveis<\/a><\/p>\n<ul style=\"text-align: center;\">\n<li style=\"text-align: left;\">Impregna&#8217;t : (Extraescolar de m\u00fasica): <a style=\"font-family: inherit; font-size:&hellip;  <a href=\"https:\/\/agora.xtec.cat\/ceipauro\/serveis\/activitats-extraescolars\/\" title=\"Read Activitats extraescolars 24 -25\">Llegeix m\u00e9s\u00bb<\/a><br \/>\n","protected":false},"author":1,"featured_media":0,"parent":66,"menu_order":3,"comment_status":"closed","ping_status":"closed","template":"page-templates\/side-menu.php","meta":{"_bbp_topic_count":0,"_bbp_reply_count":0,"_bbp_total_topic_count":0,"_bbp_total_reply_count":0,"_bbp_voice_count":0,"_bbp_anonymous_reply_count":0,"_bbp_topic_count_hidden":0,"_bbp_reply_count_hidden":0,"_bbp_forum_subforum_count":0,"footnotes":""},"class_list":["post-84","page","type-page","status-publish","hentry"],"post_mailing_queue_ids":[],"_links":{"self":[{"href":"https:\/\/agora.xtec.cat\/ceipauro\/wp-json\/wp\/v2\/pages\/84","targetHints":{"allow":["GET"]}}],"collection":[{"href":"https:\/\/agora.xtec.cat\/ceipauro\/wp-json\/wp\/v2\/pages"}],"about":[{"href":"https:\/\/agora.xtec.cat\/ceipauro\/wp-json\/wp\/v2\/types\/page"}],"author":[{"embeddable":true,"href":"https:\/\/agora.xtec.cat\/ceipauro\/wp-json\/wp\/v2\/users\/1"}],"replies":[{"embeddable":true,"href":"https:\/\/agora.xtec.cat\/ceipauro\/wp-json\/wp\/v2\/comments?post=84"}],"version-history":[{"count":5,"href":"https:\/\/agora.xtec.cat\/ceipauro\/wp-json\/wp\/v2\/pages\/84\/revisions"}],"predecessor-version":[{"id":4233,"href":"https:\/\/agora.xtec.cat\/ceipauro\/wp-json\/wp\/v2\/pages\/84\/revisions\/4233"}],"up":[{"embeddable":true,"href":"https:\/\/agora.xtec.cat\/ceipauro\/wp-json\/wp\/v2\/pages\/66"}],"wp:attachment":[{"href":"https:\/\/agora.xtec.cat\/ceipauro\/wp-json\/wp\/v2\/media?parent=84"}],"curies":[{"name":"wp","href":"https:\/\/api.w.org\/{rel}","templated":true}]}}