{"id":22,"date":"2014-09-18T12:19:57","date_gmt":"2014-09-18T12:19:57","guid":{"rendered":"http:\/\/agora.xtec.cat\/ceipauro\/\/?page_id=22"},"modified":"2026-03-30T15:44:02","modified_gmt":"2026-03-30T13:44:02","slug":"lescola","status":"publish","type":"page","link":"https:\/\/agora.xtec.cat\/ceipauro\/lescola\/","title":{"rendered":"Com \u00e9s l&#8217;escola Aur\u00f3?"},"content":{"rendered":"\n<p class=\"has-text-align-left\">L&#8217;escola Aur\u00f3 \u00e9s una escola de les anomenades de doble l\u00ednia, \u00e9s a dir dues aules per cada nivell.<\/p>\n\n\n\n<p class=\"has-text-align-left\">Som un centre amb suport SIAL. Els suports intensius a l\u2019audici\u00f3 i llenguatge s\u00f3n suports professionals que contribueixen a l\u2019escolaritzaci\u00f3 dels infants amb discapacitat auditiva, severa i pregona que requereixen un equipament singular i, una especialitzaci\u00f3 professional en centres ordinaris.<\/p>\n\n\n\n<!--more-->\n\n\n\n<p><span style=\"font-size: 20px;\"><strong>Destaquem aquests trets caracter\u00edstics de la nostra escola, entre molts d&#8217;altres:<\/strong><\/span><\/p>\n\n\n\n<p><span style=\"color: #339966;\"><strong>ACTIVITATS DEL DIA A DIA:<\/strong><\/span><\/p>\n\n\n\n<ul class=\"wp-block-list\">\n<li>A educaci\u00f3 infantil treballem <em>ambients<\/em>, i de&nbsp; 1r a 6\u00e8 de prim\u00e0ria fem <em>espais d&#8217;aprenentatge<\/em>.<\/li>\n\n\n\n<li>Formem part del <a href=\"http:\/\/agora.xtec.cat\/ceipauro\/projectes-descola\/escoles-sostenibles\/\"><em>projecte Escoles +&nbsp; sostenibles<\/em>:<\/a> tenim cura dels horts situats en diferents punts de l&#8217;escola (terrat i pati d&#8217;infantil).<\/li>\n\n\n\n<li>Treballem intercicle: <em><a href=\"http:\/\/agora.xtec.cat\/ceipauro\/projectes-descola\/padrins-lectors\/\">projecte padrins i fillols de lectura<\/a><\/em> (comencem a I3 amb els infants de 3r fins a 6\u00e8).<\/li>\n\n\n\n<li>Tenim <em><a href=\"http:\/\/agora.xtec.cat\/ceipauro\/projectes-descola\/biblioteca-escolar\/\">biblioteca d&#8217;escola<\/a><\/em> actualitzada on els alumnes de les diferents classes gaudeixen del servei de pr\u00e9stec. \u00c9s un espai on desitgem que els vostres fills gaudeixin de la lectura, s\u2019emocionin amb les hist\u00f2ries, visquin moltes aventures i s\u2019enamorin dels personatges.<\/li>\n\n\n\n<li>Els nens de 1r participen en el projecte <a href=\"http:\/\/agora.xtec.cat\/ceipauro\/projectes-descola\/ja-nedo\/\">&#8220;<em>Ja Nedo&#8221;<\/em><\/a>: i pels altres cursos s&#8217;ofereix l&#8217;<em><a href=\"http:\/\/agora.xtec.cat\/ceipauro\/serveis\/activitats-extraescolars\/\">activitat de piscina en horari extraescolar<\/a><\/em>:<\/li>\n\n\n\n<li>Tenim <em><a href=\"http:\/\/agora.xtec.cat\/ceipauro\/serveis\/menjador-escolar\/\">menjador<\/a><\/em> amb cuina pr\u00f2pia i menjar ecol\u00f2gic i de proximitat.<\/li>\n\n\n\n<li>Tenim una <em><a href=\"http:\/\/agora.xtec.cat\/ceipauro\/categoria\/afa\/\">AFA<\/a><\/em> molt implicada en l&#8217;escola i amb l&#8217;educaci\u00f3 dels seus fills i filles.<\/li>\n<\/ul>\n\n\n\n<p><span style=\"color: #339966;\"><strong>ACTIVITATS&nbsp;ANUALS<\/strong><\/span><\/p>\n\n\n\n<ul class=\"wp-block-list\">\n<li>Els alumnes de cinqu\u00e8 cada any dissenyen la <em>portada de l&#8217;agenda<\/em> del curs seg\u00fcent.<\/li>\n\n\n\n<li>En el segon trimestre, es fan portes obertes a les fam\u00edlies del centre per mostrar tots els treballs que han fet l&#8217;alumnat dins del projecte T\u00e0ndem que tenim amb el Museu d&#8217;hist\u00f2ria de Catalunya.<\/li>\n\n\n\n<li>Fem <a href=\"http:\/\/agora.xtec.cat\/ceipauro\/curs-2018-2019\/sortides-escolars-per-curs\/\" target=\"_blank\" rel=\"noopener noreferrer\">col\u00f2nies<\/a> a I5, 2n, 4t i 5\u00e8.<\/li>\n\n\n\n<li>Els nens i nenes de 2n participen en l&#8217;activitat &#8220;<em><a href=\"http:\/\/www.mouelcos.cat\/\">Dansa Ara<\/a><\/em>&#8220;.<\/li>\n\n\n\n<li>A finals de curs, fem <em><span style=\"text-decoration: underline;\">barreja de grups de<\/span><span style=\"text-decoration: underline;\"> les classes<\/span><\/em> de <strong>I3, 2n i 4t.<\/strong>\u00a0La barreja de grups ajuda a un coneixement m\u00e9s gran entre els alumnes\u00a0creant noves relacions entre els grups\u00a0A i B,\u00a0contribueix a trencar din\u00e0miques incorrectes i pot ajudar a trobar el seu lloc als alumnes que ha tingut dificultats de relaci\u00f3.<\/li>\n\n\n\n<li><a href=\"http:\/\/agora.xtec.cat\/ceipauro\/projectes-descola\/pas-per-tu\/\">Projecte PAS-PER-TU<\/a>:&nbsp;Programa cooperatiu pel foment de la reutilitzaci\u00f3 de llibres de text.<\/li>\n<\/ul>\n\n\n\n<p><span style=\"color: #339966;\"><strong>ACTIVITATS DE RELACI\u00d3 AMB L&#8217;ENTORN DEL BARRI:<\/strong><\/span><\/p>\n\n\n\n<ul class=\"wp-block-list\">\n<li>Formem part del projecte <em><a href=\"http:\/\/agora.xtec.cat\/ceipauro\/projectes-descola\/cami-amic\/\">Cam\u00ed Amic<\/a><\/em>.<\/li>\n\n\n\n<li>Som amics de la <strong>gent gran<\/strong>: anem a visitar les resid\u00e8ncies del barri&nbsp;el dia de Sant Jordi.<\/li>\n\n\n\n<li>Som <strong>punt de recollida<\/strong> de roba usada i de piles gastades.<\/li>\n<\/ul>\n","protected":false},"excerpt":{"rendered":"<p>L&#8217;escola Aur\u00f3 \u00e9s una escola de les anomenades de doble l\u00ednia, \u00e9s a dir dues aules per cada nivell.<\/p>\n<p>Som un centre amb suport SIAL. Els suports intensius a l\u2019audici\u00f3 i llenguatge s\u00f3n suports professionals que contribueixen a l\u2019escolaritzaci\u00f3 dels infants amb discapacitat auditiva, severa i&hellip;  <a href=\"https:\/\/agora.xtec.cat\/ceipauro\/lescola\/\" title=\"Read Com \u00e9s l&#8217;escola Aur\u00f3?\">Llegeix m\u00e9s\u00bb<\/a><\/p>\n","protected":false},"author":2,"featured_media":0,"parent":0,"menu_order":0,"comment_status":"closed","ping_status":"closed","template":"page-templates\/side-menu.php","meta":{"_bbp_topic_count":0,"_bbp_reply_count":0,"_bbp_total_topic_count":0,"_bbp_total_reply_count":0,"_bbp_voice_count":0,"_bbp_anonymous_reply_count":0,"_bbp_topic_count_hidden":0,"_bbp_reply_count_hidden":0,"_bbp_forum_subforum_count":0,"footnotes":""},"class_list":["post-22","page","type-page","status-publish","hentry"],"post_mailing_queue_ids":[],"_links":{"self":[{"href":"https:\/\/agora.xtec.cat\/ceipauro\/wp-json\/wp\/v2\/pages\/22","targetHints":{"allow":["GET"]}}],"collection":[{"href":"https:\/\/agora.xtec.cat\/ceipauro\/wp-json\/wp\/v2\/pages"}],"about":[{"href":"https:\/\/agora.xtec.cat\/ceipauro\/wp-json\/wp\/v2\/types\/page"}],"author":[{"embeddable":true,"href":"https:\/\/agora.xtec.cat\/ceipauro\/wp-json\/wp\/v2\/users\/2"}],"replies":[{"embeddable":true,"href":"https:\/\/agora.xtec.cat\/ceipauro\/wp-json\/wp\/v2\/comments?post=22"}],"version-history":[{"count":5,"href":"https:\/\/agora.xtec.cat\/ceipauro\/wp-json\/wp\/v2\/pages\/22\/revisions"}],"predecessor-version":[{"id":4876,"href":"https:\/\/agora.xtec.cat\/ceipauro\/wp-json\/wp\/v2\/pages\/22\/revisions\/4876"}],"wp:attachment":[{"href":"https:\/\/agora.xtec.cat\/ceipauro\/wp-json\/wp\/v2\/media?parent=22"}],"curies":[{"name":"wp","href":"https:\/\/api.w.org\/{rel}","templated":true}]}}