{"id":84,"date":"2014-09-18T14:11:31","date_gmt":"2014-09-18T12:11:31","guid":{"rendered":"http:\/\/agora.xtec.cat\/ceiparturmartorell\/\/?page_id=84"},"modified":"2022-10-04T18:49:29","modified_gmt":"2022-10-04T16:49:29","slug":"activitats-extraescolars","status":"publish","type":"page","link":"https:\/\/agora.xtec.cat\/ceiparturmartorell\/lescola\/serveis\/activitats-extraescolars\/","title":{"rendered":"Activitats extraescolars"},"content":{"rendered":"<p>Gestionades per l&#8217;<a href=\"http:\/\/www.ampaarturmartorell.cat\/?page_id=45\">AFA<\/a>, a c\u00e0rrec de l&#8217;empresa <a href=\"http:\/\/ambitescola.cat\/\" target=\"_blank\" rel=\"noopener noreferrer\">\u00c0MBIT ESCOLA.<\/a><\/p>\n<p style=\"text-align: center;\"><a href=\"http:\/\/ambitescola.cat\/ae\/wp-content\/uploads\/2012\/12\/llibret-extraescolars-curs-22-23-Artur-Martorell-3.pdf\" target=\"_blank\" rel=\"attachment noopener wp-att-13559\"><img loading=\"lazy\" decoding=\"async\" class=\"wp-image-16488 size-full alignleft\" src=\"https:\/\/agora.xtec.cat\/ceiparturmartorell\/wp-content\/uploads\/usu99\/2022\/10\/artur-martorell-sense-angles-211x300-1.jpg\" alt=\"\" width=\"211\" height=\"300\" \/><\/a><\/p>\n<p>&nbsp;<\/p>\n<p>&nbsp;<\/p>\n<p>&nbsp;<\/p>\n<p>&nbsp;<\/p>\n<p>&nbsp;<\/p>\n<p>&nbsp;<\/p>\n<p>&nbsp;<\/p>\n<p style=\"text-align: left;\"><em>Podeu descarregar el programa d&#8217;extraescolars clicant la imatge<\/em><\/p>\n<h4><a style=\"color: #2795b6;\" href=\"https:\/\/sites.google.com\/view\/extraescolars-afa-artur\/home?authuser=0\">+ ACTIVITATS EXTRAESCOLARS gestionades per l&#8217;AFA 22\/23<\/a><\/h4>\n<ul>\n<li><a href=\"https:\/\/sites.google.com\/view\/extraescolars-afa-artur\/activitats-2022-23\/m%C3%BAsica?authuser=0\">M\u00fasica<\/a> a c\u00e0rrec de l&#8217;<a href=\"https:\/\/www.escolademusicadelpalau.com\/musicaextraescolarprimaria\"><span class=\" aw5Odc\"><strong>Escola de M\u00fasica del Palau<\/strong><\/span><\/a><\/li>\n<li><a href=\"https:\/\/sites.google.com\/view\/extraescolars-afa-artur\/activitats-2022-23\/skate?authuser=0\">Skate<\/a> a c\u00e0rrec de l&#8217;<a href=\"https:\/\/www.alliollie.cat\/new\/\"><strong>Escola de Skate ALL&amp;OLLIE<\/strong><\/a><\/li>\n<li><a href=\"https:\/\/sites.google.com\/view\/extraescolars-afa-artur\/activitats-2022-23\/costura?authuser=0\">Costura<\/a> a c\u00e0rrec de <a href=\"https:\/\/es-es.facebook.com\/VernitaStudioShop\/\"><strong>VERNITA STUDIO SHOP<\/strong><\/a><\/li>\n<li><a href=\"https:\/\/sites.google.com\/view\/extraescolars-afa-artur\/activitats-2022-23\/circ?authuser=0\">Circ<\/a> a c\u00e0rrec de <span class=\" aw5Odc\"><a class=\"XqQF9c\" href=\"http:\/\/www.google.com\/url?q=http%3A%2F%2Fwww.todozancos.com%2F&amp;sa=D&amp;sntz=1&amp;usg=AOvVaw282ps1QHlyV9wz0X0HpYqO\" target=\"_blank\" rel=\"noopener\"><strong>Todozancos<\/strong><\/a><\/span><\/li>\n<li><a href=\"https:\/\/sites.google.com\/view\/extraescolars-afa-artur\/activitats-2022-23\/timbalers?authuser=0\">Timbalers<\/a> a c\u00e0rrec de Llu\u00eds Ca\u00f1ellas, diplomat en l&#8217;Escola Superior d&#8217;Estudis Musicals, \u201cTaller de M\u00fasics\u201d de Barcelona, amb t\u00edtol de monitor de lleure, director de diversos grups, entre ells els Timbalers d\u2019en Drac Flaix de l&#8217;escola.<\/li>\n<\/ul>\n","protected":false},"excerpt":{"rendered":"<p>Gestionades per l&#8217;AFA, a c\u00e0rrec de l&#8217;empresa \u00c0MBIT ESCOLA. &nbsp; &nbsp; &nbsp; &nbsp; &nbsp; &nbsp; &nbsp; Podeu descarregar el programa d&#8217;extraescolars clicant la imatge + ACTIVITATS EXTRAESCOLARS gestionades per l&#8217;AFA 22\/23 M\u00fasica a c\u00e0rrec de l&#8217;Escola de M\u00fasica del Palau Skate a c\u00e0rrec de l&#8217;Escola de Skate ALL&amp;OLLIE Costura a c\u00e0rrec de VERNITA STUDIO SHOP [&hellip;]<\/p>\n","protected":false},"author":2,"featured_media":0,"parent":66,"menu_order":5,"comment_status":"closed","ping_status":"closed","template":"page-templates\/side-menu.php","meta":{"_bbp_topic_count":0,"_bbp_reply_count":0,"_bbp_total_topic_count":0,"_bbp_total_reply_count":0,"_bbp_voice_count":0,"_bbp_anonymous_reply_count":0,"_bbp_topic_count_hidden":0,"_bbp_reply_count_hidden":0,"_bbp_forum_subforum_count":0,"site-sidebar-layout":"default","site-content-layout":"","ast-site-content-layout":"","site-content-style":"default","site-sidebar-style":"default","ast-global-header-display":"","ast-banner-title-visibility":"","ast-main-header-display":"","ast-hfb-above-header-display":"","ast-hfb-below-header-display":"","ast-hfb-mobile-header-display":"","site-post-title":"","ast-breadcrumbs-content":"","ast-featured-img":"","footer-sml-layout":"","theme-transparent-header-meta":"","adv-header-id-meta":"","stick-header-meta":"","header-above-stick-meta":"","header-main-stick-meta":"","header-below-stick-meta":"","astra-migrate-meta-layouts":"default","ast-page-background-enabled":"default","ast-page-background-meta":{"desktop":{"background-color":"var(--ast-global-color-4)","background-image":"","background-repeat":"repeat","background-position":"center center","background-size":"auto","background-attachment":"scroll","background-type":"","background-media":"","overlay-type":"","overlay-color":"","overlay-opacity":"","overlay-gradient":""},"tablet":{"background-color":"","background-image":"","background-repeat":"repeat","background-position":"center center","background-size":"auto","background-attachment":"scroll","background-type":"","background-media":"","overlay-type":"","overlay-color":"","overlay-opacity":"","overlay-gradient":""},"mobile":{"background-color":"","background-image":"","background-repeat":"repeat","background-position":"center center","background-size":"auto","background-attachment":"scroll","background-type":"","background-media":"","overlay-type":"","overlay-color":"","overlay-opacity":"","overlay-gradient":""}},"ast-content-background-meta":{"desktop":{"background-color":"var(--ast-global-color-5)","background-image":"","background-repeat":"repeat","background-position":"center center","background-size":"auto","background-attachment":"scroll","background-type":"","background-media":"","overlay-type":"","overlay-color":"","overlay-opacity":"","overlay-gradient":""},"tablet":{"background-color":"var(--ast-global-color-5)","background-image":"","background-repeat":"repeat","background-position":"center center","background-size":"auto","background-attachment":"scroll","background-type":"","background-media":"","overlay-type":"","overlay-color":"","overlay-opacity":"","overlay-gradient":""},"mobile":{"background-color":"var(--ast-global-color-5)","background-image":"","background-repeat":"repeat","background-position":"center center","background-size":"auto","background-attachment":"scroll","background-type":"","background-media":"","overlay-type":"","overlay-color":"","overlay-opacity":"","overlay-gradient":""}},"footnotes":""},"class_list":["post-84","page","type-page","status-publish","hentry"],"post_mailing_queue_ids":[],"_links":{"self":[{"href":"https:\/\/agora.xtec.cat\/ceiparturmartorell\/wp-json\/wp\/v2\/pages\/84","targetHints":{"allow":["GET"]}}],"collection":[{"href":"https:\/\/agora.xtec.cat\/ceiparturmartorell\/wp-json\/wp\/v2\/pages"}],"about":[{"href":"https:\/\/agora.xtec.cat\/ceiparturmartorell\/wp-json\/wp\/v2\/types\/page"}],"author":[{"embeddable":true,"href":"https:\/\/agora.xtec.cat\/ceiparturmartorell\/wp-json\/wp\/v2\/users\/2"}],"replies":[{"embeddable":true,"href":"https:\/\/agora.xtec.cat\/ceiparturmartorell\/wp-json\/wp\/v2\/comments?post=84"}],"version-history":[{"count":3,"href":"https:\/\/agora.xtec.cat\/ceiparturmartorell\/wp-json\/wp\/v2\/pages\/84\/revisions"}],"predecessor-version":[{"id":16493,"href":"https:\/\/agora.xtec.cat\/ceiparturmartorell\/wp-json\/wp\/v2\/pages\/84\/revisions\/16493"}],"up":[{"embeddable":true,"href":"https:\/\/agora.xtec.cat\/ceiparturmartorell\/wp-json\/wp\/v2\/pages\/66"}],"wp:attachment":[{"href":"https:\/\/agora.xtec.cat\/ceiparturmartorell\/wp-json\/wp\/v2\/media?parent=84"}],"curies":[{"name":"wp","href":"https:\/\/api.w.org\/{rel}","templated":true}]}}