{"id":302,"date":"2016-03-25T12:09:09","date_gmt":"2016-03-25T11:09:09","guid":{"rendered":"http:\/\/agora.xtec.cat\/ceiparturmartorell\/?page_id=302"},"modified":"2021-10-20T19:38:44","modified_gmt":"2021-10-20T17:38:44","slug":"kinesiologia-educativa","status":"publish","type":"page","link":"https:\/\/agora.xtec.cat\/ceiparturmartorell\/com-treballem\/kinesiologia-educativa\/","title":{"rendered":"Kinesiologia educativa"},"content":{"rendered":"<p>La kinesiologia \u00e9s una t\u00e8cnica motriu que t\u00e9 com a objectiu facilitar la connexi\u00f3 de les diferents \u00e0rees del cervell: els dos hemisferis s&#8217;activen i funcionen alhora, afavorint el treball global del cervell. Faciliten els aprenentatges en millorar l&#8217;estat emocional de l\u2019infant i l&#8217;autoconeixement. El dia comen\u00e7a a totes les aules amb les \u201crutines\u201d de kinesiologia.<\/p>\n<p style=\"text-align: center;\"><iframe loading=\"lazy\" src=\"https:\/\/www.youtube.com\/embed\/NgalqSfI4n0\" width=\"560\" height=\"315\" frameborder=\"0\"><\/iframe><\/p>\n<p>Si voleu m\u00e9s informaci\u00f3, en aquest bloc elaborat per un grup de treball del MEM (Moviment Educatiu del Maresme) trobareu una explicaci\u00f3 clara i ben il\u00b7lustrada del qu\u00e8 i el com de la Kinesiologia:<a href=\"http:\/\/blocs.xtec.cat\/lakinesiologiaalaula\/\" target=\"_blank\" rel=\"noopener noreferrer\"> KINESIOLOGIA A L&#8217;AULA<\/a><\/p>\n<p>Tamb\u00e9 podeu fer els exercicis a casa amb els vostres fills i, fins i tot, els podeu fer vosaltres per comprovar-ne els beneficis.<\/p>\n<div class=\"ast-oembed-container \" style=\"height: 100%;\"><iframe loading=\"lazy\" title=\"Kinesiologia educativa\" width=\"500\" height=\"281\" src=\"https:\/\/www.youtube.com\/embed\/GfOdZSHSiSM?feature=oembed\" frameborder=\"0\" allow=\"accelerometer; autoplay; clipboard-write; encrypted-media; gyroscope; picture-in-picture; web-share\" referrerpolicy=\"strict-origin-when-cross-origin\" allowfullscreen><\/iframe><\/div>\n","protected":false},"excerpt":{"rendered":"<p>La kinesiologia \u00e9s una t\u00e8cnica motriu que t\u00e9 com a objectiu facilitar la connexi\u00f3 de les diferents \u00e0rees del cervell: els dos hemisferis s&#8217;activen i funcionen alhora, afavorint el treball global del cervell. Faciliten els aprenentatges en millorar l&#8217;estat emocional de l\u2019infant i l&#8217;autoconeixement. El dia comen\u00e7a a totes les aules amb les \u201crutines\u201d de [&hellip;]<\/p>\n","protected":false},"author":1,"featured_media":0,"parent":291,"menu_order":9,"comment_status":"closed","ping_status":"closed","template":"page-templates\/side-menu.php","meta":{"_bbp_topic_count":0,"_bbp_reply_count":0,"_bbp_total_topic_count":0,"_bbp_total_reply_count":0,"_bbp_voice_count":0,"_bbp_anonymous_reply_count":0,"_bbp_topic_count_hidden":0,"_bbp_reply_count_hidden":0,"_bbp_forum_subforum_count":0,"site-sidebar-layout":"default","site-content-layout":"","ast-site-content-layout":"","site-content-style":"default","site-sidebar-style":"default","ast-global-header-display":"","ast-banner-title-visibility":"","ast-main-header-display":"","ast-hfb-above-header-display":"","ast-hfb-below-header-display":"","ast-hfb-mobile-header-display":"","site-post-title":"","ast-breadcrumbs-content":"","ast-featured-img":"","footer-sml-layout":"","theme-transparent-header-meta":"","adv-header-id-meta":"","stick-header-meta":"","header-above-stick-meta":"","header-main-stick-meta":"","header-below-stick-meta":"","astra-migrate-meta-layouts":"default","ast-page-background-enabled":"default","ast-page-background-meta":{"desktop":{"background-color":"var(--ast-global-color-4)","background-image":"","background-repeat":"repeat","background-position":"center center","background-size":"auto","background-attachment":"scroll","background-type":"","background-media":"","overlay-type":"","overlay-color":"","overlay-opacity":"","overlay-gradient":""},"tablet":{"background-color":"","background-image":"","background-repeat":"repeat","background-position":"center center","background-size":"auto","background-attachment":"scroll","background-type":"","background-media":"","overlay-type":"","overlay-color":"","overlay-opacity":"","overlay-gradient":""},"mobile":{"background-color":"","background-image":"","background-repeat":"repeat","background-position":"center center","background-size":"auto","background-attachment":"scroll","background-type":"","background-media":"","overlay-type":"","overlay-color":"","overlay-opacity":"","overlay-gradient":""}},"ast-content-background-meta":{"desktop":{"background-color":"var(--ast-global-color-5)","background-image":"","background-repeat":"repeat","background-position":"center center","background-size":"auto","background-attachment":"scroll","background-type":"","background-media":"","overlay-type":"","overlay-color":"","overlay-opacity":"","overlay-gradient":""},"tablet":{"background-color":"var(--ast-global-color-5)","background-image":"","background-repeat":"repeat","background-position":"center center","background-size":"auto","background-attachment":"scroll","background-type":"","background-media":"","overlay-type":"","overlay-color":"","overlay-opacity":"","overlay-gradient":""},"mobile":{"background-color":"var(--ast-global-color-5)","background-image":"","background-repeat":"repeat","background-position":"center center","background-size":"auto","background-attachment":"scroll","background-type":"","background-media":"","overlay-type":"","overlay-color":"","overlay-opacity":"","overlay-gradient":""}},"footnotes":""},"class_list":["post-302","page","type-page","status-publish","hentry"],"post_mailing_queue_ids":[],"_links":{"self":[{"href":"https:\/\/agora.xtec.cat\/ceiparturmartorell\/wp-json\/wp\/v2\/pages\/302","targetHints":{"allow":["GET"]}}],"collection":[{"href":"https:\/\/agora.xtec.cat\/ceiparturmartorell\/wp-json\/wp\/v2\/pages"}],"about":[{"href":"https:\/\/agora.xtec.cat\/ceiparturmartorell\/wp-json\/wp\/v2\/types\/page"}],"author":[{"embeddable":true,"href":"https:\/\/agora.xtec.cat\/ceiparturmartorell\/wp-json\/wp\/v2\/users\/1"}],"replies":[{"embeddable":true,"href":"https:\/\/agora.xtec.cat\/ceiparturmartorell\/wp-json\/wp\/v2\/comments?post=302"}],"version-history":[{"count":3,"href":"https:\/\/agora.xtec.cat\/ceiparturmartorell\/wp-json\/wp\/v2\/pages\/302\/revisions"}],"predecessor-version":[{"id":13850,"href":"https:\/\/agora.xtec.cat\/ceiparturmartorell\/wp-json\/wp\/v2\/pages\/302\/revisions\/13850"}],"up":[{"embeddable":true,"href":"https:\/\/agora.xtec.cat\/ceiparturmartorell\/wp-json\/wp\/v2\/pages\/291"}],"wp:attachment":[{"href":"https:\/\/agora.xtec.cat\/ceiparturmartorell\/wp-json\/wp\/v2\/media?parent=302"}],"curies":[{"name":"wp","href":"https:\/\/api.w.org\/{rel}","templated":true}]}}