{"id":24,"date":"2014-09-18T12:23:15","date_gmt":"2014-09-18T10:23:15","guid":{"rendered":"http:\/\/agora.xtec.cat\/ceiparturmartorell\/\/?page_id=24"},"modified":"2021-06-07T11:28:37","modified_gmt":"2021-06-07T09:28:37","slug":"on-som","status":"publish","type":"page","link":"https:\/\/agora.xtec.cat\/ceiparturmartorell\/lescola\/on-som\/","title":{"rendered":"On som?"},"content":{"rendered":"<p>Ens trobareu a la zona nord de la ciutat de Badalona, al barri de Casagemes.<\/p>\n<p><span style=\"font-family: inherit; font-size: 1em;\">Al costat del <\/span><a style=\"font-family: inherit; font-size: 1em;\" href=\"http:\/\/www.badalona.cat\/aj-badalona\/medi-ambient\/ca\/parcs\/jardins\/can-solei.html\" target=\"_blank\" rel=\"noopener noreferrer\">parc de Can Solei-Ca l&#8217;Arn\u00fas<\/a><span style=\"font-family: inherit; font-size: 1em;\">, un aut\u00e8ntic pulm\u00f3 ciutad\u00e0.\u00a0<\/span><\/p>\n<p><span style=\"font-family: inherit; font-size: 1em;\">Gaudim d&#8217;un entorn singular i privilegiat, en som conscients i mirem d&#8217;aprofitar-lo al m\u00e0xim!<\/span><\/p>\n<p>&nbsp;<\/p>\n<p style=\"text-align: center;\"><a href=\"https:\/\/agora.xtec.cat\/ceiparturmartorell\/wp-content\/uploads\/usu99\/2020\/11\/mapa-can-solei.png\"><img loading=\"lazy\" decoding=\"async\" class=\"aligncenter size-full wp-image-10425\" src=\"https:\/\/agora.xtec.cat\/ceiparturmartorell\/wp-content\/uploads\/usu99\/2020\/11\/mapa-can-solei.png\" alt=\"\" width=\"812\" height=\"648\" srcset=\"https:\/\/agora.xtec.cat\/ceiparturmartorell\/wp-content\/uploads\/usu99\/2020\/11\/mapa-can-solei.png 812w, https:\/\/agora.xtec.cat\/ceiparturmartorell\/wp-content\/uploads\/usu99\/2020\/11\/mapa-can-solei-300x239.png 300w, https:\/\/agora.xtec.cat\/ceiparturmartorell\/wp-content\/uploads\/usu99\/2020\/11\/mapa-can-solei-768x613.png 768w\" sizes=\"auto, (max-width: 812px) 100vw, 812px\" \/><\/a><iframe loading=\"lazy\" src=\"https:\/\/www.google.com\/maps\/embed?pb=%211m18%211m12%211m3%211d2869.547823907215%212d2.25090100768527%213d41.45553755082854%212m3%211f0%212f0%213f0%213m2%211i1024%212i768%214f13.1%213m3%211m2%211s0x0%3A0xc00b440064953f9d%212sEscola+Artur+Martorell%215e1%213m2%211sca%212ses%214v1410549155136\" width=\"600\" height=\"450\" frameborder=\"0\"><\/iframe><\/p>\n<p>&nbsp;<\/p>\n<div id=\"1FA96\" style=\"width: 100%; max-width: 800px; height: 600px; display: none; text-align: center;\"><img decoding=\"async\" src=\"https:\/\/lh3.googleusercontent.com\/DzetGvuRQEidn6S3Fa3a-5ZYCXLyzsw49ikI9HkAuywwGuea-o6aJSU01HUHXA3hv32MpUaZ6uGpd8nS6sts5FbAp9iMLhOgz5eoO5URFjEp8DiKTz7dHpoEK_77DRgkLIZk1CZrapVaBZKMPapnb0tXaV6EoRn5OpTkmonEJ-MqLxDrWIRMWUDFNBQNX8ZVQe6sLsNEVXfTttaxDTnNtAwBW7zQ9T6Fcw1fUyMdlNw-gEdWz6GIQT5fZmyeesF66L5wDyIQxdxgFEqhuVfgawiE1sJyvaRm59BibxVuI807VdXaWIOE5oPbwvR5UdJxwMz0RWCzRAA7LAhByD9HYEUW5jRLXCTZ7NN6rz96CgqfNObWXFWO2a2QzwoNlAeyEwcKbrIIJedw3P2ShSKcBp-tZbCYqtWcZnf9dnyvm9j6OzKasCXtvXZvvPRXRBMusIJvdu5FpMAEhHVSPhxNLIiLFU_V0TfeJryv-AVKcqORQTValJJ0KWZALyrA_HfrLS4Ej0tvX9R9TOFBEmOr-UchctuZ8axJv1MAOHla1GpxuWJREzPHdlcwbjMrD-Pthfq_qOR4sOgsu3eBOp0_7zZV-sBuvHwcjLYGteh20-cvtiTT0OWfYApFXueB_nemHQK-_EKv5m015LYJOXLds5NY7P49ZKIFspNP0L69A5ppAyFVPY3JCwlr3bAOr-k=w252-h330-no?authuser=0\" data-link=\"https:\/\/photos.google.com\/album\/AF1QipNxAAl0Zowb568IDesGA1DyHYSQFj29ECRaQ6Up\/photo\/AF1QipMJnVfUBob__jFZ1DmgQklRjLo8lEkN1tFK8YB3\" \/><br \/>\n<img decoding=\"async\" src=\"https:\/\/lh3.googleusercontent.com\/gIUNWYdfPxgdUxKEyC3ttXWiW_nfMhOQHK7rveERz4kuq4cd6ziZ15sUXCrJSmOzDfanV_vREdEmRGjc2DcOnsrizaa7gfkhIGOravuJdk4BJoe0_5ANTF1kr0d-U4zoDVlQ8vnEdQ_ojkC4nCMbIX1w6xwgN34UxlPu7anJQYyctIWtZP3tCVdd51zYrS0jhwnCJUHJftIRYVCXpyRAFs_YSCpkorLc9LYEQW9KOGl4DZXjkwhqKly8-6_3Gm6h5j6b0ImzNq6FpwWB0JJXdLYCQyOhsGJmxhkGeOQwrpUOuXQnMlurnGsk1Pu5yHYtIRYxRH_1IXZqLnEXBUDjXJdRpdlQ4XODHDkqCp-sU2BHaCGVhtoR81wRkShXdXrMH1mTeuFlOVwKD7NxaPGLbgu07OI21bAmAIXaKH2oOFAiJp82WHzwa-zd_Racpxhgw6seCujTYAH743ObFXtUnv4v5uLrMoSz0xG0cKR_QmVqoGrN9y2QwBpPQ1cq_FUhu_IyDY8pAf5XxmYMUom0wGKiDYBD40rhmGQT4CMR2VqSL9BX2LqVcuWDuOTQslnmcWzWoKHeZ2AiEEkLA5hOMjc4qbhnlmhwUpiZMgj9teEwnaQZuD5rqWSveGC1GzyC3NkOPANNwsr7mBNVnBD_6ZPpzxt8daYy43RR4jidmLn9-mDEUv6G41ZA3PwRXmk=w636-h303-no?authuser=0\" data-link=\"https:\/\/photos.google.com\/album\/AF1QipNxAAl0Zowb568IDesGA1DyHYSQFj29ECRaQ6Up\/photo\/AF1QipPsXuMHEEU_YT-Lcb8vhjtF0zETvt8VAICAZ-ox\" \/><br \/>\n<img decoding=\"async\" src=\"https:\/\/lh3.googleusercontent.com\/NuCdN06sIKISRdYGrYAlkBlL7Gu-opFZFtxW84kPWQzmHTl-YU_t04feseVU9cs3coCpQ4xZQnE9PZOkGdfgrcIHcvW8wEThZ2JDib71WZiAiVrkNrLgQ8N9BrjKFKL_SzydxJ2Ah837YrP4EwajpJiGLOdGiFznEdLsD6o6f8FbSySfyq4kv7jYT8TOlH3JnAj8l71AnoOM2rc0Ema9C6aY1VzdVjmMER35uWooyJWNMZROchkgIvSaBnd8amaITcmNB2vnWDoipocWQCSvtE8jYhYcbXDJ6noGAm4vacov2QKdBcuOqyg_ZXkUOY9kqtEyJonHL2IJ6SwmKlbfSbUwLLHXtgY-GNjrg6gca4yrQp7R8JXadjEtOUG57AZ4DTWmfQ7_vTIaFT_tCALFx9r5njxyNH-J4vkVxKS_Md5sMEet_78yb51lHwkQb66UFaY4qMeQ0828xT3jnzQZhS_tdlMRdd1-63qXiDIL_X9Q0mYH0GCbbRcVB1-QrpQAo513JHEZp0UpcEelGdegjakOyFZknj5ztQs4vFTngMTxMYATg9nMzm39E3u4j5j_Xh_WHoHvM-6QVRx-jisIuPYVc__HqVIpcWjm9VS4OxHPhLpE2_QFuhLitTz6G6g_Ugmkz6q2FzOTE9GNKBa9FDkMA5pAbDBTFXAKzZoJIGXyV7mOsIvAejb8aHNKqC0=w492-h330-no?authuser=0\" data-link=\"https:\/\/photos.google.com\/album\/AF1QipNxAAl0Zowb568IDesGA1DyHYSQFj29ECRaQ6Up\/photo\/AF1QipMdSckuEafTGkgrqTEVus3u4dOxG2qGAwDHvMuT\" \/><br \/>\n<img decoding=\"async\" src=\"https:\/\/lh3.googleusercontent.com\/JBLvIuxUQEQNNOYsjThjQaORaUCka6cMTFkx_idTSCP0w1vQxzOMMOiabKmaG-1JfsW9Y6TCc9oti9GWtdisxnGR7li9-NBtXUvbr_duHEqJEwwUEGcYDT-y_bK9Yuc6TFXcJJW7kHmuVKNeyOFDxsgSXx6fYyQIRR-FhQDUyZr2Y3NLuYD5azlRT8dplYB0VNVTS7N4mT_F2SZooVQBCV_jF3gyLtVscZUIQca7WZf8EupHGFP0FCD66jwJXll_XXaE_GSyCyeMjFc7h5Eho-xLfFCgPjhjsMe0qlfmpgMKxy_lbmh7rAlbWbDd4NOmy7jECLuYXXL-gjHy1PA6n1IHwlgibRLiEI3OBLQUScuupzkFT7NxCUy8YilryEV6mYSORXIrMPPGFu1ksI2iINiHlTS3RDE5Wvmwr6n3KCI9ByhfeCs3CkDTjymVJRKYy83R6H-Pq6TO2CsZmGLxR6xiqlftpuq_hcSjRssXiXTjCG_ShWryLVYgy8x-bZVB8zu-Khn3QTmAv8Ym7z-8aFa8dPRsejzhTg58rz4IHfJBzxdGhA_WHp1ToMRNod5j9Ls_KPiw4qKrq3wC5NLSxLhAjWeINVT4lZP2uTVoJyuS5DhCLEWD7Qs9p5Ovio5cBtAiMpxgb2lU0_ufAafDD513OZtHKdV8nFLsSZ4wii8vMOm7pxW1MN_Og7oppwo=w451-h300-no?authuser=0\" data-link=\"https:\/\/photos.google.com\/album\/AF1QipNxAAl0Zowb568IDesGA1DyHYSQFj29ECRaQ6Up\/photo\/AF1QipPLyrbh9rXo8gc0qHwTFKsJcjc1jSTaQ-U2vqh2\" \/><br \/>\n<img decoding=\"async\" src=\"https:\/\/lh3.googleusercontent.com\/E4Q4UhNFjI284aNZQH810BaYyuGq4H9aLJ0LFpMPwjsTxcSMYzRqA5xif_aQdD5-Qlqx3mCRp1IRz6HAVGmC-r6wdKIIgDxbmSMlDHHXhPqsfx5vB1TZNcPGuyQ9FtepI__4-ZjXW5gMAQiLxyXh93POux8Z3qjVj7zci4nTf053ds5eGpjr__hKrGXuDh2cpDiSQZFBsKlgZ1VhxKcp-yAjomylC0g6Qou7D06WoLmw9TpdbkWFWzvsQhGkDkbGuA0tMwfy_KwAFaRQ3UnFvcJTQK07ZCIxhGpO1g0DTzPCpKfv_pSz12FQsVIyqf31FgF1B7T57EuPOoNLdxMi9Ml4gdCBZgYH8LOYNHUykDyEdnJdBAqMN8EadrhM5MX3efd7TCpi_Z0GgSpDW6MmtPG1EQrPvGhH_0gnqfUfHiWeMYNvt9LKNl1QZQoDxM1-3siZk20GDkWCRjzdoM2s2YTMZM5AbTXUS-YZ4QNDvK_0EwAkU-OAP2Ria90OPqbyYWtNrNQ_ccyixnW82i34hO1r5P3PYr5BKuoYu2_ThZO3spdFWw5l9OnTBt8_qHuTWFh9hHLGJZNGFibEc-sjXcgTYEXky-8eg9obmw8fIpi7UF6mm2Ped8t_Z-qh2dRjRi0WEe5UngNIujd-PGzFWjEv-1NHNMkdFa3pKoPAZuvwbawprUMAA8TBxfz-NAA=w448-h300-no?authuser=0\" data-link=\"https:\/\/photos.google.com\/album\/AF1QipNxAAl0Zowb568IDesGA1DyHYSQFj29ECRaQ6Up\/photo\/AF1QipOoreBklaHj6th3tqUrnUy-hVwr7BCrM8jqD8SP\" \/><br \/>\n<img decoding=\"async\" src=\"https:\/\/lh3.googleusercontent.com\/rXiXXiFShsB-vNf-wCVghqcBWSfkVcaQSQ7DXCpBofkCqY-E8hf9YjthiNM9jHa8zP301xs14w1Yz7W4X9Ls3D0go1JXpAvsXvTn_VzYgdgp1i3RRr2w0LOdMhaKNs9RQH6qn_Ja21zkN1VFscHVKUn4QsITbJdbPrRBVVz45RO7cjPaFBj3zAh8Uam2XbZ6o_nyucBWkXbw7NqatfA3zy4umoD24cerz4rl_6k7PcWnsqYDvdJ3F6_RTXOeg7O7kOAx_gFFGx9jmWrMOIwp0I5FG72Jj37uY8CW1SelmmZP9U1TazOceiL-G9NpOZRVCaVgbIYK4lt5jKNTd2RsIlMwjyN-lueT-KmPSQOKrU_e0gOUUxKpQSrZBMOFA1j3EwPqnEjoE6BMCwvMSrPZpuFrobNJF1OMrIYn2fIRgEBJTr5jroaPr_yePz8kUH9iSlL_4Y9hClnqJn3B5HNpfhzyqPHc3SbIxYBa547ODQ2SmeRuS5lFRtx68eRfUmYqGBxsjfXIJvVCMZjCP4KN92rO1DVSedLX7Um3rYjdNZW_Nrmrj_CsrWVezomk5qEEJHa42r7j-7nR713sr8NLlIj5Z2RosmL-KuvJALihdkkxBkwtlBsx6oHsOlyrhuJYpNkjSOz7ZD_7PWX9nXTCAfYW4iMu5Di0Cm9970fFmIAp9udcBwc43RV7mUmWBTc=w532-h300-no?authuser=0\" data-link=\"https:\/\/photos.google.com\/album\/AF1QipNxAAl0Zowb568IDesGA1DyHYSQFj29ECRaQ6Up\/photo\/AF1QipMGVlxiHaV79Ec-vZpTXwjDYhLvFCGi9X99yg89\" \/><br \/>\n<img decoding=\"async\" src=\"https:\/\/lh3.googleusercontent.com\/UPMNoHX7VS6GZOnzSFreFdBbGfcHhQZvmk_woXH-Kn64QCkcnHO5xYWrQjiUjEv_n70Gdhij31ke4wzUzqbk7yoitHYq_TleARBC_usthant-XaVpUMsQzgRF95xSuLoRxTOmbc2XeFsGixYA65XBWAYjXV0ecfU9jCJXZlFGRgyRULT3Wh1X-y6VYk_iddDP6v5QxwgdwpTZokiqx5JdA_hNGR3DuY3Ywstdtcbpgfqk51QT4XZMwwkvvg5Uy0TbS9AKuBjs7tXBGOBMskkRjsNQ_pghkoqzXhg6ALI5Z_oRilF0r1VYw7146AshZVvfV5qfGWmuN_oakTj_9Xasyhnor_d4UWAZ_4JD3ym9PJnGaKnnvWze-5hZkk6Au5VT2ffD8LHbU82PoIf8JoudE1ertOe9Q_o6X3TeKpGAG-NJp-QWCb34EFaD6qQ5DeC8lwMadyoqpZbGPNO37GGZr7knj1XeaavvMHSY_DYzIBD-VeQG-nk6REEkc_EDb6cxePD6lheZD05tgS7Y1UsX6yuFmJEB461GCa-mZN_jWQDeNACzls6b9wtts7CZzTVzHq8llfP_jQp38CyzosgrFL6AZc_UEa3arR-WV4OXLmtu-EpjBE6V0aovlG92AQM1YGs9jZmmtSz9X04PPt-hHpQRiNwD_Yd7dfHfKjhseLypY3T271nTao5E_mwo2s=w400-h300-no?authuser=0\" data-link=\"https:\/\/photos.google.com\/album\/AF1QipNxAAl0Zowb568IDesGA1DyHYSQFj29ECRaQ6Up\/photo\/AF1QipMZmfniCWTz_zdLq4ebh2A8zc1q-lKkNh37fZ83\" \/><br \/>\n<img decoding=\"async\" src=\"https:\/\/lh3.googleusercontent.com\/z0IrFCHPMi9creHWR1XmlKJ9IpQxCHk6IF_Y1RIgD45CQvmy0DJopPGLG2NmKGR2n6zaFejP8RO9AeATZ0NJPvTi1nY7zJCUmteslot2xSGAPZsM0fe_zRHNM_7LqwEacqWjU4tVykCp0Jb6ACGjYm6_BBq_G_0nKK86OypLXSJbac2W8r556eaLKNuoTRaP0alU70jcMf4L0cGwdE0_ZD1Xqq8r1MgHUHWicUMFe6vNpTLTY3MKt4mewtSwh_J7Blf-rKRo9b0thXrfznJo4Ih-l3l30bbrXabP_dyCFhGXImtz3rahdIuYV_wKee08J23T1ewULyNKMBub_P8PCQMoE-R9snu1CIGmdpSZbexagdDKVVBubCKP66giyem46sCfHE7QSlXRvLm3JK36gfMGtxc15ELwNKh2CTZGcU_jJUtcbB89klhoJ-CxiK3eRgDPu3EtjwBgGIUhMoJiMHxZV-_lNX0R3jy3wQnt-tc-P4JJX0pnQhiaGw2DpVs5QfE--1jDDH5Y5NtujoTjeUbeaCnOvV7TJbQ1iTaSALDdsg_4gXAS_n8Em1uYgTWkr8h77ptK_nZPuVOkZ17e_BVTl10TMYPqrbJ7_YFAsmaemGL8O9NnKziFJRnS81t9qPAVEyIeTyhcTdUqnpqBJJnqw49foyodHhkJX-Ut_07kSfvEm85TvaOVLGl_KdE=w630-h300-no?authuser=0\" data-link=\"https:\/\/photos.google.com\/album\/AF1QipNxAAl0Zowb568IDesGA1DyHYSQFj29ECRaQ6Up\/photo\/AF1QipMkRlRlX0ZlXWBzddsTkDaQCeTG5c5DVjPDTRCC\" \/><br \/>\n<img decoding=\"async\" src=\"https:\/\/lh3.googleusercontent.com\/AQK6vYDVNwUuUULn6YD9YtwZmcyOh_8-elhI92TAjBpb92OKswSzJ-BdQzAs-DIEccsGhM4G5IHFnk-4pWb08FKh-YazJobiZqNoxsJraorD7LlUF2GCD87xz14mtnZ335RqpkpFr3fFT8_ZOsUNOh4WBbZZFAKNvfbAGT0U1A4Sh9BlX2NRf0ZRV1kapkVkz0nwxcNzcLje2y3xzuCG5gRuFDNSsLVD8ZZ5TFAQNVf6NtyIla9h4OLlowiPdSmQntvzmC_O8Fkok0KpsN037w7PnnH5oN3Qf3LvwyTJQuP4K0C-v-OXQxDDhbMC__YAxp1hMORo8esk2oz1xKdLKfMtAs-uALr-nvnRGFrscjOjUJzFnOQxPZvcDuFOSHkg96VOurPaPR2BPMaHHwyjr_BFdDpDsySa_zmXgHVsVREETdd8hP8IZsMnXHHUk619yJa8o2aXL1ZTNMriAoA9AnxDelgzyyyqJCWOjS5Qtz8Lk7A-IqpKlzQAz_FUMcbbyrzC_vCbcMT0hjc_8QoNrQrZDExPjB6M01ivYIj9-J-YO65pGUMIGQFPkAAko2TDdNkOfBeIOVyZxmx49pe1WxGQVrKzGix6oT9YWdXsq423CzXlChi3zOjdwxTDXfqJU9mi4rctrCgl53CojSAJy78ABG-_-Rdx7w_npjqxkuxhz9Z9sgvP5B3DYNs0RLo=w400-h300-no?authuser=0\" data-link=\"https:\/\/photos.google.com\/album\/AF1QipNxAAl0Zowb568IDesGA1DyHYSQFj29ECRaQ6Up\/photo\/AF1QipPpnbhxOB0lEtvXbg75aHLvORz14IGEigu__9LT\" \/><br \/>\n<img decoding=\"async\" src=\"https:\/\/lh3.googleusercontent.com\/LKwaq8YqB2YC_swCeRngo0G9vqQk3WVFfJ2SF4-edymQ11R5B97ip3fWoXGBLAHAjo6m0b8xLbyzKM-oYQAgjVvkdJ0pINk82aQGaxwxR3wUXQLLeZyuB1Oh9e0gEWfvFZOKUe9HJWnZyQ92DsJYLgAjxHJq1nwKdBknR35_RtCys9s4Y_7wx0c7Y6Wpk07VaGnVzj7wmxSLnvhSx0eaE7_FGcBTGqZcKYiWzyZCp6NnTZA5L0zS7Gm1EQCNPdO9zNSqa1LDDqb091gnsnxlQ9G5M9U9XxYpzKUIxOP_yzgWQ-lBwRJ8JOSPcVS20b5-qki3KJk0hwR2U6gknR9SH9K5bDGuXxMsHEHcZiX9lDCFCslMdthEQK9PrSImFQihT2nvvAZ0O9G1Hu5FuRch_UKAaEEAM-ZNzWhDqsHOGF9A0kYBMWgxC-7uuY_b7oK7e7G6V-lgvpRgR2tSq-eiHLRnlW-J4LJ8Twhtm4Omuzii806JUESToswVx3DjlY5oIUeswLspONJdNPwoT_6Q-GrZoZlCy2OjaXG4PhRxxB2w5ymYJ7VkVRuyvZyqQexPMwBw9EVEvYM3azGVMJspjXA_NtywKVQUGBRdU00lt3EUqM_geXQk_seaqL6QPjC6NBgkF7WXEn7HbqLE53n6E3H2sE3Q7UtvJnS8ZvDdjwcqtaAD4V6XwVuLCysHmJU=w457-h344-no?authuser=0\" data-link=\"https:\/\/photos.google.com\/album\/AF1QipNxAAl0Zowb568IDesGA1DyHYSQFj29ECRaQ6Up\/photo\/AF1QipPk7ToIudUVWiLEFJjmZKQcF7Rhc0ff5-zt26dF\" \/><br \/>\n<img decoding=\"async\" src=\"https:\/\/lh3.googleusercontent.com\/QcF7ICfp1dpDPUmrkMVyyKy6iduMpY2uHqe3TlGHPu4cWvQvT6D977KY3eBCOuqwYJBsAJ13H8u9ReXx2lfA1Hernc9SxIEz5tyMJeh05fAC8C28N3__dhlv-O4BJ7vVdfubdTYdYBg_z0iEr5NPSyJ6sFza1x9qAn_YdFiLHVRp9UttO6nCiG7eHEViStLoixonGoxiDdmJVTfeUoj2w2VSigvcKzh_wFZMBH5LIDk5kK4_JXB6_d25XoGjSGYZwf1muy0bhNnc_t4ZySVyriwSEh7G3BPiej4aWuICFPIV1PcNoU2y-1lQ9NivZKhgyNNkX0IA30H_rTMTH0chjQjjIBFWpetfrzY0yhSgY8xHlwbA_q7uJa4__v91gvc_o7jyy2Uz1EDelNxMC6RKfys-EXFapDq4M930he6s3D-a4piK3AOxDwHwToTKr3AB-N3lzXEWT7DtrvZbWsKlG-xODevGnbJZkDGgQo4ALKiNaTCieZRX8bi0GFz5xub91MBk7YVhGBplnHLsjPDKycjRhbRZILqQho6A99TA3vfNz765_dBnvi7FTC1p6bwuXbq68dIvRoLWqoJFiMstpEYZwnxwn1Tu2GEGuW-mXTnS1kZhiw5F--KPb8L6eJ_6X3Y-caZQJVrRhd0-QFlzoBawB_dUkzfcgRV0LiHSUhxTtF7JgzyGwgVAAGBcd48=w516-h344-no?authuser=0\" data-link=\"https:\/\/photos.google.com\/album\/AF1QipNxAAl0Zowb568IDesGA1DyHYSQFj29ECRaQ6Up\/photo\/AF1QipNOP2wtGBkS8G7BiGVjR7lwTjl2VXA1tqOvxcxy\" \/><br \/>\n<img decoding=\"async\" src=\"https:\/\/lh3.googleusercontent.com\/iFi-T1MUp_suUXOFf_iTKsK3wz7AHQdyUDlQtop6_2pmoKM5a6vquR_h5m3o8dGseKRXrRQ0l9fjBjZsQzkYAifuBFoS_kyRELelcibDsrtTRgND3Bu2oyRVdnfne6kbJmW-4mBpmKsjoMBGavTXJuylBGCNjJMFL_wytLWRqAWL0J-Xj00nCF3dBMP_7hA3k1S0n7CLDPtvXueO8tMfibU7txZAIlP4cIocVTljdboSQumWPIT5m7nC7nYfvMwA__ArK8730YZm1YbvWATdUAKswedV-IN_shiIsyGvftdkVdO8xzt1e75lcwZwCfDe4RjU6lAxY0EJHFsMi8eNmjrQoeM9YCz1B7C_cOpyYWTocQyar5fKVEhMVEti2qBcVDohLUyUGox5e2vqHRSIjy6UP_350JJujbPEXuneiDE7pJdVCcZu_VD7NQIwMltmIYOd5_7CW91Oxljj6aWnL93LXpye0QiFgGE0fmKguJwhv7nkQ4IF_QlGZjTm5qV5V4FDyfscJEV5SLo20gI9J1QFmjsL2a-JAd_Pq39lltRYsRk6xTIpN8iTZXYmb8qey9LZeZHCe4PTJDLBxsm00Gk4SY4k_GIE91QONAiLB6tknoARdPFmYIhgoBfcCSi9_rhvZCoOcvt3rAWq3xUh6X-Hl-YvzdyyJN2MruH9X0J4W-SjzzaVckBtDAowfJk=w457-h344-no?authuser=0\" data-link=\"https:\/\/photos.google.com\/album\/AF1QipNxAAl0Zowb568IDesGA1DyHYSQFj29ECRaQ6Up\/photo\/AF1QipN9ZU-lb_4_ljcLhdNULzyG5yHTVDQ1ljvqIvfl\" \/><br \/>\n<img decoding=\"async\" src=\"https:\/\/lh3.googleusercontent.com\/fN8RiS6b7b-0ZLKq9OYLDlgh7ZDTQrrlMvEp4QAEu57xgZUJZ6YOvZ74NGQGkbt6XnBdKinmotITVqGxqYF0wCvx1EDbxouik__vhAfzPXiGUE5RgGGux1bURAIvTjqfTfqfojBRtCuZSum1CcMBn84N06wQ1zZ81jjw03O0XjGLrp05odsK8Y6fXca0qx3qyOJE2rbtbi6LOe2nRHmf_utMGumRkPM_xqIqJTkUBF0vVmsUrfyd8NN-t3zMV2l4_P4THjWMVGF1nPfyNwQiQLRM7oJQi8T-BudfTrCcgkUksQ_IiFpLvBmIHJFE-3CwUTc2c0juBmLu-Yo4rAIzYSyYkcrsKOmDu4ubOAMeV91zbl2AYo8800dyotC9xq0KgV4xdC3he8FYtViQ18Dn0GeJtj9qK7T5LT2IxgvAl9_VWSlaHV5DgbpAjsho9nKChyCzy3nC8WOPgJU6AdmCa9FDVW--3Cnoqf16VqLBrFgHi8muihOL7QT4kyp-jiGGbmIdoiYI5vhA1Xdt4PaKHb4T6zTuHtXjzXt2PNSG5J0-F3lKnvESUsWAQayvYSQnti4Bu88rqU3aEiZmztnu6MCdmDh8TejkXQ_HN-hsPNuE6oDoZsv8cJ1dl1Sn3VgKE-0Cl5Iz3AeFOlzUmcVrjAPJ4ybU59d-n_zKQSNDM8Vw5Q11QgZHdJvh8u3nJJk=w384-h288-no?authuser=0\" data-link=\"https:\/\/photos.google.com\/album\/AF1QipNxAAl0Zowb568IDesGA1DyHYSQFj29ECRaQ6Up\/photo\/AF1QipO8VTs0375Goqg-yKgiaXgqMLScmOIkjAs-Lwb_\" \/><br \/>\n<img decoding=\"async\" src=\"https:\/\/lh3.googleusercontent.com\/QYaRvbaIqlxhG-OirRVljAaI0VBQOcGuoP79WGrfCaY6_4cTsn6bE5AjQTwhSDQvxH5c-hQeU5RA_nc1DzFredtMNF8yFeE85MbQtBKwqa6esQEzX90RpkT9EaQztYKowa6OGnD2q6p2BqnWnDt3zgKicp7dpmlihP-i5kpmeijyfYGWokzPQQF4qItF8hOFX68u8kkhcGYPXb_ayLT2H7ZBjKSz6dxFzfzly00psdQQPb2PhNb6eSv1cgkpjN4rfaBFnu_28TNNT8u-n4vmUMq0YQnWD5zILDnxuQSUa5Ukketf4xsxqI3YmM5UFq_a87frcWCSQ0HV2enRe9sRJxkieKQuLCys1a07j6XueYBEjaRQPcHRw8ZMs_9tenOLvhRPIsA-m9rJmTP5dPpJrCnkGS781sJmN6quU6udTmr8fOyIvnT9F3bmwkX9KRleiaDo_qYujYfkfjzjYdHbzLrxanZxAAvzyh66eWlm0zBNn6lHE1zMUamE2qP0aszeGrg6OlYvCO8vbDCT_BRYuNxNHbfnktTMCZqIIu85BTe-_BtMKc2MO2ekqxCvY6yJyfTHJ5iL5LjWwHTCFpkEB2lDgM5keK2XpsxNHTKqalw5hFCVEH21Vz4yqeEdZFg-5jAnuQZXP2xpOBeGm7U0vRyapqlWPZEocE0loFMWMPoozQPW7ZXn8Z0BjSmJL7E=w384-h288-no?authuser=0\" data-link=\"https:\/\/photos.google.com\/album\/AF1QipNxAAl0Zowb568IDesGA1DyHYSQFj29ECRaQ6Up\/photo\/AF1QipN1VOQtPzueqs7jtIbJt6vCMYC_voJbQgyslJ1l\" \/><\/div>\n<p>&nbsp;<\/p>\n","protected":false},"excerpt":{"rendered":"<p>Ens trobareu a la zona nord de la ciutat de Badalona, al barri de Casagemes. Al costat del parc de Can Solei-Ca l&#8217;Arn\u00fas, un aut\u00e8ntic pulm\u00f3 ciutad\u00e0.\u00a0 Gaudim d&#8217;un entorn singular i privilegiat, en som conscients i mirem d&#8217;aprofitar-lo al m\u00e0xim! &nbsp; &nbsp; &nbsp;<\/p>\n","protected":false},"author":2,"featured_media":0,"parent":22,"menu_order":1,"comment_status":"closed","ping_status":"closed","template":"page-templates\/side-menu.php","meta":{"_bbp_topic_count":0,"_bbp_reply_count":0,"_bbp_total_topic_count":0,"_bbp_total_reply_count":0,"_bbp_voice_count":0,"_bbp_anonymous_reply_count":0,"_bbp_topic_count_hidden":0,"_bbp_reply_count_hidden":0,"_bbp_forum_subforum_count":0,"site-sidebar-layout":"default","site-content-layout":"","ast-site-content-layout":"","site-content-style":"default","site-sidebar-style":"default","ast-global-header-display":"","ast-banner-title-visibility":"","ast-main-header-display":"","ast-hfb-above-header-display":"","ast-hfb-below-header-display":"","ast-hfb-mobile-header-display":"","site-post-title":"","ast-breadcrumbs-content":"","ast-featured-img":"","footer-sml-layout":"","theme-transparent-header-meta":"","adv-header-id-meta":"","stick-header-meta":"","header-above-stick-meta":"","header-main-stick-meta":"","header-below-stick-meta":"","astra-migrate-meta-layouts":"default","ast-page-background-enabled":"default","ast-page-background-meta":{"desktop":{"background-color":"var(--ast-global-color-4)","background-image":"","background-repeat":"repeat","background-position":"center center","background-size":"auto","background-attachment":"scroll","background-type":"","background-media":"","overlay-type":"","overlay-color":"","overlay-opacity":"","overlay-gradient":""},"tablet":{"background-color":"","background-image":"","background-repeat":"repeat","background-position":"center center","background-size":"auto","background-attachment":"scroll","background-type":"","background-media":"","overlay-type":"","overlay-color":"","overlay-opacity":"","overlay-gradient":""},"mobile":{"background-color":"","background-image":"","background-repeat":"repeat","background-position":"center center","background-size":"auto","background-attachment":"scroll","background-type":"","background-media":"","overlay-type":"","overlay-color":"","overlay-opacity":"","overlay-gradient":""}},"ast-content-background-meta":{"desktop":{"background-color":"var(--ast-global-color-5)","background-image":"","background-repeat":"repeat","background-position":"center center","background-size":"auto","background-attachment":"scroll","background-type":"","background-media":"","overlay-type":"","overlay-color":"","overlay-opacity":"","overlay-gradient":""},"tablet":{"background-color":"var(--ast-global-color-5)","background-image":"","background-repeat":"repeat","background-position":"center center","background-size":"auto","background-attachment":"scroll","background-type":"","background-media":"","overlay-type":"","overlay-color":"","overlay-opacity":"","overlay-gradient":""},"mobile":{"background-color":"var(--ast-global-color-5)","background-image":"","background-repeat":"repeat","background-position":"center center","background-size":"auto","background-attachment":"scroll","background-type":"","background-media":"","overlay-type":"","overlay-color":"","overlay-opacity":"","overlay-gradient":""}},"footnotes":""},"class_list":["post-24","page","type-page","status-publish","hentry"],"post_mailing_queue_ids":[],"_links":{"self":[{"href":"https:\/\/agora.xtec.cat\/ceiparturmartorell\/wp-json\/wp\/v2\/pages\/24","targetHints":{"allow":["GET"]}}],"collection":[{"href":"https:\/\/agora.xtec.cat\/ceiparturmartorell\/wp-json\/wp\/v2\/pages"}],"about":[{"href":"https:\/\/agora.xtec.cat\/ceiparturmartorell\/wp-json\/wp\/v2\/types\/page"}],"author":[{"embeddable":true,"href":"https:\/\/agora.xtec.cat\/ceiparturmartorell\/wp-json\/wp\/v2\/users\/2"}],"replies":[{"embeddable":true,"href":"https:\/\/agora.xtec.cat\/ceiparturmartorell\/wp-json\/wp\/v2\/comments?post=24"}],"version-history":[{"count":4,"href":"https:\/\/agora.xtec.cat\/ceiparturmartorell\/wp-json\/wp\/v2\/pages\/24\/revisions"}],"predecessor-version":[{"id":10654,"href":"https:\/\/agora.xtec.cat\/ceiparturmartorell\/wp-json\/wp\/v2\/pages\/24\/revisions\/10654"}],"up":[{"embeddable":true,"href":"https:\/\/agora.xtec.cat\/ceiparturmartorell\/wp-json\/wp\/v2\/pages\/22"}],"wp:attachment":[{"href":"https:\/\/agora.xtec.cat\/ceiparturmartorell\/wp-json\/wp\/v2\/media?parent=24"}],"curies":[{"name":"wp","href":"https:\/\/api.w.org\/{rel}","templated":true}]}}