{"id":205,"date":"2014-11-02T17:20:22","date_gmt":"2014-11-02T17:20:22","guid":{"rendered":"http:\/\/agora.xtec.cat\/ceiparturmartorell\/?page_id=205"},"modified":"2021-06-21T12:28:35","modified_gmt":"2021-06-21T10:28:35","slug":"el-nom-de-lescola","status":"publish","type":"page","link":"https:\/\/agora.xtec.cat\/ceiparturmartorell\/lescola\/historia\/el-nom-de-lescola\/","title":{"rendered":"El nom de l&#8217;escola"},"content":{"rendered":"<p><span style=\"color: #008080;\"><em>\u00abL&#8217;escola prim\u00e0ria ha d&#8217;aconseguir que els infants puguin treballar aut\u00f2nomament, que aprenguin a pensar davant dels fets i les experi\u00e8ncies, i aprenguin a deduir i treure conclusions.\u00bb<\/em><\/span><\/p>\n<p><span style=\"color: #008080;\"><em>Artur Martorell i Bisbal (1894-1967) Pedagog<\/em><\/span><\/p>\n<p>El nom de l\u2019escola \u00e9s un homenatge a l&#8217;Artur Martorell, mestre i pedagog vinculat a la nostra ciutat a trav\u00e9s de la seva tasca docent amb nois i noies de Badalona i m\u00e9s tard, en els \u00faltims anys de la seva vida, amb l&#8217;assessorament mestres preocupats per la renovaci\u00f3 pedag\u00f2gica. Aquests seminaris es van impartir en els edificis que m\u00e9s tard esdevindrien la nostra escola.<\/p>\n<p><img loading=\"lazy\" decoding=\"async\" class=\"aligncenter size-full wp-image-10659\" src=\"https:\/\/agora.xtec.cat\/ceiparturmartorell\/wp-content\/uploads\/usu99\/2020\/12\/img_0406.jpg\" alt=\"\" width=\"400\" height=\"300\" srcset=\"https:\/\/agora.xtec.cat\/ceiparturmartorell\/wp-content\/uploads\/usu99\/2020\/12\/img_0406.jpg 400w, https:\/\/agora.xtec.cat\/ceiparturmartorell\/wp-content\/uploads\/usu99\/2020\/12\/img_0406-300x225.jpg 300w, https:\/\/agora.xtec.cat\/ceiparturmartorell\/wp-content\/uploads\/usu99\/2020\/12\/img_0406-200x150.jpg 200w\" sizes=\"auto, (max-width: 400px) 100vw, 400px\" \/><\/p>\n<p>&nbsp;<\/p>\n<p><strong>EL MESTRE ARTUR MARTORELL I BISBAL <\/strong>(1894-1967) (extret de web de la Fundaci\u00f3 Artur Martorell)<\/p>\n<p><a href=\"http:\/\/www.fundacioarturmartorell.org\/index.html\" target=\"_blank\" rel=\"noopener noreferrer\">La Fundaci\u00f3<\/a> ha agafat el nom d\u2019Artur Martorell en homenatge a aquest mestre i administrador de l\u2019educaci\u00f3 a l\u2019Ajuntament de Barcelona en l\u2019\u00e8poca de la Rep\u00fablica i a la postguerra, i amb ell, a tots els mestres i educadors del seu temps que van construir un sistema excel\u00b7lent a Catalunya.<\/p>\n<p>Martorell \u00e9s una de les figures emblem\u00e0tiques de la pedagogia del segle XX a Catalunya: mestre i pedagog que dedic\u00e0 la seva vida al servei de l\u2019escola p\u00fablica.<\/p>\n<p>La renovaci\u00f3 pedag\u00f2gica impulsada a Catalunya a partir dels anys seixanta del segle passat no hauria estat possible sense la valuosa aportaci\u00f3 d\u2019Artur Martorell, Alexandre Gal\u00ed, Pau Vila, Angeleta Ferrer i altres d\u2019aquells mestres que van voler traspassar a les noves generacions aquella extraordin\u00e0ria tradici\u00f3 pedag\u00f2gica interrompuda pel franquisme.<\/p>\n<p>Artur Martorell fou priorit\u00e0riament un mestre, i reunia les qualitats imprescindibles en un bon mestre: talent, activitat creativa, coneixements pedag\u00f2gics i tracte afable. Tot seguit exposem una breu ressenya dels aspectes m\u00e9s importants de la seva biografia.<\/p>\n<ul>\n<li><strong>14 d&#8217;abril de 1894<\/strong> Neix a Barcelona en el si d\u2019una fam\u00edlia menestral.<\/li>\n<li><strong>1903<\/strong> Alumne de l\u2019Institut Obrer Gracienc.<\/li>\n<li><strong>1906<\/strong> Inicia els seus estudis a l\u2019Escola de Mestres de Joan Bardina.<\/li>\n<li><strong>1908<\/strong> Comen\u00e7a la seva tasca docent com a professor elemental a les escoles del districte sis\u00e8 de Barcelona.<\/li>\n<li><strong>1908-1913<\/strong> Completa la seva formaci\u00f3, tot fent de mestre a diferents escoles i seguint els cursos de l\u2019Escola Normal Superior de Mestres de Barcelona.<\/li>\n<li><strong>1914<\/strong> Obt\u00e9 el t\u00edtol oficial de mestre.<\/li>\n<li><strong>1914-1930<\/strong> Fa de professor i director, entre d\u2019altres, a les Escoles del Patronat Dom\u00e8nech i a les Col\u00f2nies Escolars de Calafell i Tossa de Mar.<\/li>\n<li><strong>1922<\/strong> Contrau matrimoni amb Maria Codina i Relats, mestra de les Escoles del Patronat Dom\u00e8nech.<\/li>\n<li><strong>1931<\/strong> Col\u00b7labora amb el Departament de Cultura de l\u2019Ajuntament de Barcelona i professor de l\u2019Escola Normal de Mestres de la Generalitat de Catalunya.<\/li>\n<li><strong>1933-1936<\/strong> Multiplica la seva activitat docent, publica cursos de gram\u00e0tica catalana, col\u00b7labora en emissions radiof\u00f2niques, participa en congressos i d\u00f3na cursos a la Universitat Aut\u00f2noma.<\/li>\n<li><strong>1939<\/strong> \u00c9s empresonat a la Model de Barcelona, des de juliol fins a novembre, i fa classes de cultura general als altres presos.<\/li>\n<li><strong>1940-1961<\/strong> Torna a l\u2019Ajuntament de Barcelona, on t\u00e9 un paper destacat en la coordinaci\u00f3 de les escoles municipals a l\u2019Institut Pedag\u00f2gic, en les emissions escolars de R\u00e0dio Barcelona, en la creaci\u00f3 i direcci\u00f3 de l\u2019Institut Municipal d\u2019Educaci\u00f3 i la seva important Biblioteca.<\/li>\n<li><strong>1962<\/strong> De manera sobtada, \u00e9s traslladat al Negociat de Cementiris, arran de la seva disconformitat amb la pol\u00edtica escolar de l\u2019Ajuntament de Barcelona.<\/li>\n<li><strong>1964<\/strong> Es jubila.<\/li>\n<li><strong>1965-1966<\/strong> Col\u00b7labora en la creaci\u00f3 de l\u2019<a href=\"https:\/\/www.rosasensat.org\/\" target=\"_blank\" rel=\"noopener noreferrer\">Associaci\u00f3 de Mestres Rosa Sensat<\/a>, d\u00f3na cursos sobre l\u2019Ensenyament del Llenguatge a la primera Escola d\u2019Estiu de Rosa Sensat i assessora i acull mestres i escoles que li demanen consell.<\/li>\n<li><strong>4 d&#8217;abril 1967<\/strong> La mort el sorpr\u00e8n mentre treballa a l\u2019Editorial Gustau Gili.<\/li>\n<\/ul>\n<p><em>(extret de web de la Fundaci\u00f3 Artur Martorell)<\/em><\/p>\n<p>Trobareu m\u00e9s informaci\u00f3 sobre la seva vida i tasca pedag\u00f2gica al curt:<\/p>\n<p><img loading=\"lazy\" decoding=\"async\" class=\"wp-image-11081 alignleft\" src=\"https:\/\/agora.xtec.cat\/ceiparturmartorell\/wp-content\/uploads\/usu99\/2021\/01\/film-and-vid-150x150.jpg\" alt=\"\" width=\"50\" height=\"29\" srcset=\"https:\/\/agora.xtec.cat\/ceiparturmartorell\/wp-content\/uploads\/usu99\/2021\/01\/film-and-vid-300x172.jpg 300w, https:\/\/agora.xtec.cat\/ceiparturmartorell\/wp-content\/uploads\/usu99\/2021\/01\/film-and-vid-768x440.jpg 768w, https:\/\/agora.xtec.cat\/ceiparturmartorell\/wp-content\/uploads\/usu99\/2021\/01\/film-and-vid-1024x587.jpg 1024w, https:\/\/agora.xtec.cat\/ceiparturmartorell\/wp-content\/uploads\/usu99\/2021\/01\/film-and-vid.jpg 1240w\" sizes=\"auto, (max-width: 50px) 100vw, 50px\" \/><\/p>\n<p><a href=\"http:\/\/www.edu3.cat\/Edu3tv\/Fitxa?p_id=18163\" target=\"_blank\" rel=\"noopener noreferrer\">ARTUR MARTORELL, MESTRE DE MESTRES<\/a><\/p>\n<p><a href=\"http:\/\/www.edu3.cat\/Edu3tv\/Fitxa?p_id=18163\" target=\"_blank\" rel=\"noopener noreferrer\"><img loading=\"lazy\" decoding=\"async\" class=\"aligncenter wp-image-10657 size-full\" src=\"https:\/\/agora.xtec.cat\/ceiparturmartorell\/wp-content\/uploads\/usu99\/2020\/12\/artur-martorell.png\" alt=\"\" width=\"462\" height=\"345\" srcset=\"https:\/\/agora.xtec.cat\/ceiparturmartorell\/wp-content\/uploads\/usu99\/2020\/12\/artur-martorell.png 462w, https:\/\/agora.xtec.cat\/ceiparturmartorell\/wp-content\/uploads\/usu99\/2020\/12\/artur-martorell-300x224.png 300w, https:\/\/agora.xtec.cat\/ceiparturmartorell\/wp-content\/uploads\/usu99\/2020\/12\/artur-martorell-200x150.png 200w\" sizes=\"auto, (max-width: 462px) 100vw, 462px\" \/><\/a><\/p>\n<p>&nbsp;<\/p>\n","protected":false},"excerpt":{"rendered":"<p>\u00abL&#8217;escola prim\u00e0ria ha d&#8217;aconseguir que els infants puguin treballar aut\u00f2nomament, que aprenguin a pensar davant dels fets i les experi\u00e8ncies, i aprenguin a deduir i treure conclusions.\u00bb Artur Martorell i Bisbal (1894-1967) Pedagog El nom de l\u2019escola \u00e9s un homenatge a l&#8217;Artur Martorell, mestre i pedagog vinculat a la nostra ciutat a trav\u00e9s de la [&hellip;]<\/p>\n","protected":false},"author":1,"featured_media":0,"parent":26,"menu_order":0,"comment_status":"closed","ping_status":"closed","template":"page-templates\/side-menu.php","meta":{"_bbp_topic_count":0,"_bbp_reply_count":0,"_bbp_total_topic_count":0,"_bbp_total_reply_count":0,"_bbp_voice_count":0,"_bbp_anonymous_reply_count":0,"_bbp_topic_count_hidden":0,"_bbp_reply_count_hidden":0,"_bbp_forum_subforum_count":0,"site-sidebar-layout":"default","site-content-layout":"","ast-site-content-layout":"","site-content-style":"default","site-sidebar-style":"default","ast-global-header-display":"","ast-banner-title-visibility":"","ast-main-header-display":"","ast-hfb-above-header-display":"","ast-hfb-below-header-display":"","ast-hfb-mobile-header-display":"","site-post-title":"","ast-breadcrumbs-content":"","ast-featured-img":"","footer-sml-layout":"","theme-transparent-header-meta":"","adv-header-id-meta":"","stick-header-meta":"","header-above-stick-meta":"","header-main-stick-meta":"","header-below-stick-meta":"","astra-migrate-meta-layouts":"default","ast-page-background-enabled":"default","ast-page-background-meta":{"desktop":{"background-color":"var(--ast-global-color-4)","background-image":"","background-repeat":"repeat","background-position":"center center","background-size":"auto","background-attachment":"scroll","background-type":"","background-media":"","overlay-type":"","overlay-color":"","overlay-opacity":"","overlay-gradient":""},"tablet":{"background-color":"","background-image":"","background-repeat":"repeat","background-position":"center center","background-size":"auto","background-attachment":"scroll","background-type":"","background-media":"","overlay-type":"","overlay-color":"","overlay-opacity":"","overlay-gradient":""},"mobile":{"background-color":"","background-image":"","background-repeat":"repeat","background-position":"center center","background-size":"auto","background-attachment":"scroll","background-type":"","background-media":"","overlay-type":"","overlay-color":"","overlay-opacity":"","overlay-gradient":""}},"ast-content-background-meta":{"desktop":{"background-color":"var(--ast-global-color-5)","background-image":"","background-repeat":"repeat","background-position":"center center","background-size":"auto","background-attachment":"scroll","background-type":"","background-media":"","overlay-type":"","overlay-color":"","overlay-opacity":"","overlay-gradient":""},"tablet":{"background-color":"var(--ast-global-color-5)","background-image":"","background-repeat":"repeat","background-position":"center center","background-size":"auto","background-attachment":"scroll","background-type":"","background-media":"","overlay-type":"","overlay-color":"","overlay-opacity":"","overlay-gradient":""},"mobile":{"background-color":"var(--ast-global-color-5)","background-image":"","background-repeat":"repeat","background-position":"center center","background-size":"auto","background-attachment":"scroll","background-type":"","background-media":"","overlay-type":"","overlay-color":"","overlay-opacity":"","overlay-gradient":""}},"footnotes":""},"class_list":["post-205","page","type-page","status-publish","hentry"],"post_mailing_queue_ids":[],"_links":{"self":[{"href":"https:\/\/agora.xtec.cat\/ceiparturmartorell\/wp-json\/wp\/v2\/pages\/205","targetHints":{"allow":["GET"]}}],"collection":[{"href":"https:\/\/agora.xtec.cat\/ceiparturmartorell\/wp-json\/wp\/v2\/pages"}],"about":[{"href":"https:\/\/agora.xtec.cat\/ceiparturmartorell\/wp-json\/wp\/v2\/types\/page"}],"author":[{"embeddable":true,"href":"https:\/\/agora.xtec.cat\/ceiparturmartorell\/wp-json\/wp\/v2\/users\/1"}],"replies":[{"embeddable":true,"href":"https:\/\/agora.xtec.cat\/ceiparturmartorell\/wp-json\/wp\/v2\/comments?post=205"}],"version-history":[{"count":3,"href":"https:\/\/agora.xtec.cat\/ceiparturmartorell\/wp-json\/wp\/v2\/pages\/205\/revisions"}],"predecessor-version":[{"id":207,"href":"https:\/\/agora.xtec.cat\/ceiparturmartorell\/wp-json\/wp\/v2\/pages\/205\/revisions\/207"}],"up":[{"embeddable":true,"href":"https:\/\/agora.xtec.cat\/ceiparturmartorell\/wp-json\/wp\/v2\/pages\/26"}],"wp:attachment":[{"href":"https:\/\/agora.xtec.cat\/ceiparturmartorell\/wp-json\/wp\/v2\/media?parent=205"}],"curies":[{"name":"wp","href":"https:\/\/api.w.org\/{rel}","templated":true}]}}