{"id":3388,"date":"2014-11-03T09:27:59","date_gmt":"2014-11-03T09:27:59","guid":{"rendered":"http:\/\/blocs.xtec.cat\/escolaarraona\/?page_id=63"},"modified":"2019-10-14T16:42:13","modified_gmt":"2019-10-14T14:42:13","slug":"psicomotricitat","status":"publish","type":"page","link":"https:\/\/agora.xtec.cat\/ceiparraona\/lescola\/instal%c2%b7lacions\/psicomotricitat\/","title":{"rendered":"PSICOMOTRICITAT"},"content":{"rendered":"<h3><span style=\"color: #ff6600;\">SALA DE PSICOMOTRICITAT<\/span><\/h3>\n<p>A l&#8217;aula de psicomotricitat \u00e9s on els m\u00e9s menuts de l&#8217;escola fan les activitats per millorar els seus moviments i la coordinaci\u00f3 motora.<\/p>\n<p>Mireu qu\u00e8 b\u00e9 ens ho passem:<\/p>\n<p><em>6 d&#8217;octubre del 2016<\/em><\/p>\n<p><span style=\"color: #808000;\"><strong>ACTIVITATS AMB P4<\/strong><\/span><\/p>\n<p>En aquesta sessi\u00f3 hem fet moltes activitats:<\/p>\n<ul>\n<li>Ens desplacem de moltes maneres.<\/li>\n<li>Anomenem les parts del cos: cap, orelles, &#8230;<\/li>\n<li>Juguem a bitlles.<\/li>\n<li>Som gegants i &#8220;arranquem cebes&#8221;.<\/li>\n<li>Hi ha estones de &#8220;joc lliure&#8221;.<\/li>\n<li>I per acabar la sessi\u00f3, descansem.<\/li>\n<\/ul>\n<p><a href=\"https:\/\/drive.google.com\/drive\/folders\/0B9BzOjeAHnnOSkwtTVpnZ1I2Q2M?usp=sharing\">Cliqueu aqu\u00ed<\/a> per veure&#8217;ns.<\/p>\n<p><em>28 de setembre del 2016<\/em><\/p>\n<p><span style=\"color: #808000;\"><strong>ACTIVITATS AMB P5<\/strong><\/span><\/p>\n<p>La nostra creativitat no t\u00e9 l\u00edmits. <a href=\"https:\/\/drive.google.com\/drive\/folders\/0B9BzOjeAHnnOWUEyUDh3Ni02RlU?usp=sharing\">Mireu quines construccions fem!<\/a> A m\u00e9s, experimentem amb els cercles i gaudim molt\u00edssim de les estonetes de joc lliure.<\/p>\n","protected":false},"excerpt":{"rendered":"<p>SALA DE PSICOMOTRICITAT A l&#8217;aula de psicomotricitat \u00e9s on els m\u00e9s menuts de l&#8217;escola fan les activitats per millorar els seus moviments i la coordinaci\u00f3 motora. Mireu qu\u00e8 b\u00e9 ens ho passem: 6 d&#8217;octubre del 2016 ACTIVITATS AMB P4 En aquesta sessi\u00f3 hem fet moltes activitats: Ens desplacem de moltes maneres. Anomenem les parts del [&hellip;]<\/p>\n","protected":false},"author":3,"featured_media":0,"parent":30,"menu_order":0,"comment_status":"open","ping_status":"open","template":"","meta":{"_bbp_topic_count":0,"_bbp_reply_count":0,"_bbp_total_topic_count":0,"_bbp_total_reply_count":0,"_bbp_voice_count":0,"_bbp_anonymous_reply_count":0,"_bbp_topic_count_hidden":0,"_bbp_reply_count_hidden":0,"_bbp_forum_subforum_count":0,"site-sidebar-layout":"default","site-content-layout":"","ast-site-content-layout":"","site-content-style":"default","site-sidebar-style":"default","ast-global-header-display":"","ast-banner-title-visibility":"","ast-main-header-display":"","ast-hfb-above-header-display":"","ast-hfb-below-header-display":"","ast-hfb-mobile-header-display":"","site-post-title":"","ast-breadcrumbs-content":"","ast-featured-img":"","footer-sml-layout":"","theme-transparent-header-meta":"","adv-header-id-meta":"","stick-header-meta":"","header-above-stick-meta":"","header-main-stick-meta":"","header-below-stick-meta":"","astra-migrate-meta-layouts":"default","ast-page-background-enabled":"default","ast-page-background-meta":{"desktop":{"background-color":"var(--ast-global-color-4)","background-image":"","background-repeat":"repeat","background-position":"center center","background-size":"auto","background-attachment":"scroll","background-type":"","background-media":"","overlay-type":"","overlay-color":"","overlay-opacity":"","overlay-gradient":""},"tablet":{"background-color":"","background-image":"","background-repeat":"repeat","background-position":"center center","background-size":"auto","background-attachment":"scroll","background-type":"","background-media":"","overlay-type":"","overlay-color":"","overlay-opacity":"","overlay-gradient":""},"mobile":{"background-color":"","background-image":"","background-repeat":"repeat","background-position":"center center","background-size":"auto","background-attachment":"scroll","background-type":"","background-media":"","overlay-type":"","overlay-color":"","overlay-opacity":"","overlay-gradient":""}},"ast-content-background-meta":{"desktop":{"background-color":"var(--ast-global-color-5)","background-image":"","background-repeat":"repeat","background-position":"center center","background-size":"auto","background-attachment":"scroll","background-type":"","background-media":"","overlay-type":"","overlay-color":"","overlay-opacity":"","overlay-gradient":""},"tablet":{"background-color":"var(--ast-global-color-5)","background-image":"","background-repeat":"repeat","background-position":"center center","background-size":"auto","background-attachment":"scroll","background-type":"","background-media":"","overlay-type":"","overlay-color":"","overlay-opacity":"","overlay-gradient":""},"mobile":{"background-color":"var(--ast-global-color-5)","background-image":"","background-repeat":"repeat","background-position":"center center","background-size":"auto","background-attachment":"scroll","background-type":"","background-media":"","overlay-type":"","overlay-color":"","overlay-opacity":"","overlay-gradient":""}},"footnotes":""},"class_list":["post-3388","page","type-page","status-publish","hentry"],"post_mailing_queue_ids":[],"_links":{"self":[{"href":"https:\/\/agora.xtec.cat\/ceiparraona\/wp-json\/wp\/v2\/pages\/3388","targetHints":{"allow":["GET"]}}],"collection":[{"href":"https:\/\/agora.xtec.cat\/ceiparraona\/wp-json\/wp\/v2\/pages"}],"about":[{"href":"https:\/\/agora.xtec.cat\/ceiparraona\/wp-json\/wp\/v2\/types\/page"}],"author":[{"embeddable":true,"href":"https:\/\/agora.xtec.cat\/ceiparraona\/wp-json\/wp\/v2\/users\/3"}],"replies":[{"embeddable":true,"href":"https:\/\/agora.xtec.cat\/ceiparraona\/wp-json\/wp\/v2\/comments?post=3388"}],"version-history":[{"count":1,"href":"https:\/\/agora.xtec.cat\/ceiparraona\/wp-json\/wp\/v2\/pages\/3388\/revisions"}],"predecessor-version":[{"id":3640,"href":"https:\/\/agora.xtec.cat\/ceiparraona\/wp-json\/wp\/v2\/pages\/3388\/revisions\/3640"}],"up":[{"embeddable":true,"href":"https:\/\/agora.xtec.cat\/ceiparraona\/wp-json\/wp\/v2\/pages\/30"}],"wp:attachment":[{"href":"https:\/\/agora.xtec.cat\/ceiparraona\/wp-json\/wp\/v2\/media?parent=3388"}],"curies":[{"name":"wp","href":"https:\/\/api.w.org\/{rel}","templated":true}]}}