{"id":26,"date":"2014-09-18T12:24:32","date_gmt":"2014-09-18T11:24:32","guid":{"rendered":"http:\/\/agora.xtec.cat\/ceiparraona\/?page_id=26"},"modified":"2024-07-15T10:13:53","modified_gmt":"2024-07-15T08:13:53","slug":"historia","status":"publish","type":"page","link":"https:\/\/agora.xtec.cat\/ceiparraona\/lescola\/historia\/","title":{"rendered":"Hist\u00f2ria"},"content":{"rendered":"<p>A principi dels anys 60, l\u2019Ajuntament de Sabadell junt amb \u201cL\u2019Obra Sindical del Hogar\u201d, van projectar dues noves escoles al Barri dels Merinals, que havia crescut molt amb la construcci\u00f3 dels Blocs de Pisos Arrahona. Els arquitectes encarregats de la construcci\u00f3 van ser Chinchilla i Solana i el seu cost poc m\u00e9s de tres milions de pessetes.<\/p>\n<p>L\u2019escola Arraona va comen\u00e7ar la seva traject\u00f2ria quan Sabadell plorava la tragedia de les inundacions del 24 de Setembre de 1962. De fet havia de ser inaugurada a l\u2019iniciar-se aquell curs, per\u00f2 va ser posposada la posta en marxa, perqu\u00e8 les instal\u00b7lacions van ser destinades a acollir moltes de les families damnificades.<\/p>\n<p>Per tant, l\u2019escola va obrir parcialment les seves portes l\u20191 de febrer del 63 amb vuit classes per a nens. Les altres vuit unitats per a nenes i l\u2019edifici de maternal van posar-se en marxa el 22 de maig del mateix curs.<\/p>\n<p>Tot i que alguns testimonis escrits de l\u2019\u00e8poca anomenaren, durant un temps, la nostra escola: \u201cEls Merinals\u201d, en documents oficials sembla que des del principi van donar-li el nom de Fernando el Cat\u00f3lico, fins que l\u2019Ordre Ministerial del 3 de febrer del 67 va constituir el \u201cGrupo Escolar Reyes Cat\u00f3licos\u201d junt amb l\u2019altra escola del barri ubicada al carrer Fuerteventura.<\/p>\n<p>A m\u00e9s dels canvis de noms tamb\u00e9 van materialitzar-se canvis en l\u2019ubicaci\u00f3 de l\u2019alumnat: Totes les alumnes que hi havia a l\u2019altra escola van ser traslladades a la del carrer Argentina, que a m\u00e9s seria rebatejada com a \u201cIsabel de Castilla\u201d, i tots els nois, \u00e9s clar, van ser destinats a l\u2019altra escola que s\u2019anomenaria \u201cFernando el Cat\u00f3lico\u201d.<\/p>\n<p>Cal destacar de la primera \u00e8poca, l\u2019exist\u00e8ncia dels primers menjadors escolars gratu\u00efts de la ciutat, en una de les dues escoles (probablement en la del carrer Fuerteventura), ja que un centenar d\u2019alumnes del Torrent del Capell\u00e0, hi eren traslladats di\u00e0riament per falta de places escolars al seu barri. Els\/les mestres, de forma voluntaria acompanyaven aquests alumnes durant l\u2019anada i tornada i els controlaven i ajudaven al menjador.<\/p>\n<p>A l\u2019inici del curs 77-78, amb l\u2019arribada de la democr\u00e0cia, va tornar a haver-hi moviment d\u2019alumnes, per\u00f2 ara el canvi tindria m\u00e9s sentit, perqu\u00e8 les aules passarien a ser mixtes i nens i nenes compartirien les mateixes aules. La meitat dels nois van ser traslladats a l\u2019encara C.P. Isabel de Castilla i la meitat de les noies van passar al C.P. Fernando el Cat\u00f3lico. Un altre bateig, el definitiu, va ser l\u2019any 1984. les dues escoles del barri, que des de feia uns anys ja no formaven part del mateix grup escolar, van posar-se d\u2019acord per escollir un nom m\u00e9s local i que les identifiqu\u00e9s com a escoles del barri. El C.P. Fernando el Cat\u00f3lico va passar a dir-se C.P.Els Merinals, per la proximitat a les antigues casetes d\u2019aquest nom, i el C.P. Isabel de Castilla va passar a dir-se C.P. Arraona.<\/p>\n<p>Durant m\u00e9s de quaranta anys s\u2019han produ\u00eft alguns fets dignes de ser recordats:<\/p>\n<p>El Premi Baldiri Reixac (a principis dels 90), que van guanyar els alumnes de 8\u00e8, junt amb el seu tutor, amb el treball \u201cEl bosc de Can Feu\u201d, sobre les restes del qual s\u2019havia edificat l\u2019escola.<\/p>\n<p>Premis esportius (copes), que guanyaren alguns alumnes entrenats i acompanyats de forma volunt\u00e0ria per les seves tutores (alguna de les quals encara \u00e9s avui amb nosaltres)<\/p>\n<p>El proc\u00e9s de recuperaci\u00f3 del catal\u00e0, molt abans que s\u2019inici\u00e9s per la llei la inmersi\u00f3 ling\u00fc\u00edstica, i que tan bons resultats va donar al principi.<\/p>\n<p>En aquest llarg cam\u00ed s\u2019han viscut, i es continuen vivint, milers d\u2019hist\u00f2ries, belles, alegres, tristes o fins i tot tr\u00e0giques que formen part, no nom\u00e9s de la traject\u00f2ria de l\u2019escola, si no, de la mem\u00f2ria i la vida dels nois i noies ara joves, adults i grans que han passat per l\u2019escola i que formen part del barri que li d\u00f3na nom i la seva ra\u00f3 de ser.<\/p>\n","protected":false},"excerpt":{"rendered":"<p>A principi dels anys 60, l\u2019Ajuntament de Sabadell junt amb \u201cL\u2019Obra Sindical del Hogar\u201d, van projectar dues noves escoles al Barri dels Merinals, que havia crescut molt amb la construcci\u00f3 dels Blocs de Pisos Arrahona. Els arquitectes encarregats de la construcci\u00f3 van ser Chinchilla i Solana i el seu cost poc m\u00e9s de tres milions [&hellip;]<\/p>\n","protected":false},"author":1,"featured_media":0,"parent":22,"menu_order":1,"comment_status":"closed","ping_status":"closed","template":"page-templates\/side-menu.php","meta":{"_bbp_topic_count":0,"_bbp_reply_count":0,"_bbp_total_topic_count":0,"_bbp_total_reply_count":0,"_bbp_voice_count":0,"_bbp_anonymous_reply_count":0,"_bbp_topic_count_hidden":0,"_bbp_reply_count_hidden":0,"_bbp_forum_subforum_count":0,"site-sidebar-layout":"default","site-content-layout":"","ast-site-content-layout":"","site-content-style":"default","site-sidebar-style":"default","ast-global-header-display":"","ast-banner-title-visibility":"","ast-main-header-display":"","ast-hfb-above-header-display":"","ast-hfb-below-header-display":"","ast-hfb-mobile-header-display":"","site-post-title":"","ast-breadcrumbs-content":"","ast-featured-img":"","footer-sml-layout":"","theme-transparent-header-meta":"","adv-header-id-meta":"","stick-header-meta":"","header-above-stick-meta":"","header-main-stick-meta":"","header-below-stick-meta":"","astra-migrate-meta-layouts":"default","ast-page-background-enabled":"default","ast-page-background-meta":{"desktop":{"background-color":"var(--ast-global-color-4)","background-image":"","background-repeat":"repeat","background-position":"center center","background-size":"auto","background-attachment":"scroll","background-type":"","background-media":"","overlay-type":"","overlay-color":"","overlay-opacity":"","overlay-gradient":""},"tablet":{"background-color":"","background-image":"","background-repeat":"repeat","background-position":"center center","background-size":"auto","background-attachment":"scroll","background-type":"","background-media":"","overlay-type":"","overlay-color":"","overlay-opacity":"","overlay-gradient":""},"mobile":{"background-color":"","background-image":"","background-repeat":"repeat","background-position":"center center","background-size":"auto","background-attachment":"scroll","background-type":"","background-media":"","overlay-type":"","overlay-color":"","overlay-opacity":"","overlay-gradient":""}},"ast-content-background-meta":{"desktop":{"background-color":"var(--ast-global-color-5)","background-image":"","background-repeat":"repeat","background-position":"center center","background-size":"auto","background-attachment":"scroll","background-type":"","background-media":"","overlay-type":"","overlay-color":"","overlay-opacity":"","overlay-gradient":""},"tablet":{"background-color":"var(--ast-global-color-5)","background-image":"","background-repeat":"repeat","background-position":"center center","background-size":"auto","background-attachment":"scroll","background-type":"","background-media":"","overlay-type":"","overlay-color":"","overlay-opacity":"","overlay-gradient":""},"mobile":{"background-color":"var(--ast-global-color-5)","background-image":"","background-repeat":"repeat","background-position":"center center","background-size":"auto","background-attachment":"scroll","background-type":"","background-media":"","overlay-type":"","overlay-color":"","overlay-opacity":"","overlay-gradient":""}},"footnotes":""},"class_list":["post-26","page","type-page","status-publish","hentry"],"post_mailing_queue_ids":[],"_links":{"self":[{"href":"https:\/\/agora.xtec.cat\/ceiparraona\/wp-json\/wp\/v2\/pages\/26","targetHints":{"allow":["GET"]}}],"collection":[{"href":"https:\/\/agora.xtec.cat\/ceiparraona\/wp-json\/wp\/v2\/pages"}],"about":[{"href":"https:\/\/agora.xtec.cat\/ceiparraona\/wp-json\/wp\/v2\/types\/page"}],"author":[{"embeddable":true,"href":"https:\/\/agora.xtec.cat\/ceiparraona\/wp-json\/wp\/v2\/users\/1"}],"replies":[{"embeddable":true,"href":"https:\/\/agora.xtec.cat\/ceiparraona\/wp-json\/wp\/v2\/comments?post=26"}],"version-history":[{"count":1,"href":"https:\/\/agora.xtec.cat\/ceiparraona\/wp-json\/wp\/v2\/pages\/26\/revisions"}],"predecessor-version":[{"id":3404,"href":"https:\/\/agora.xtec.cat\/ceiparraona\/wp-json\/wp\/v2\/pages\/26\/revisions\/3404"}],"up":[{"embeddable":true,"href":"https:\/\/agora.xtec.cat\/ceiparraona\/wp-json\/wp\/v2\/pages\/22"}],"wp:attachment":[{"href":"https:\/\/agora.xtec.cat\/ceiparraona\/wp-json\/wp\/v2\/media?parent=26"}],"curies":[{"name":"wp","href":"https:\/\/api.w.org\/{rel}","templated":true}]}}