{"id":22,"date":"2014-09-18T12:19:57","date_gmt":"2014-09-18T11:19:57","guid":{"rendered":"http:\/\/agora.xtec.cat\/ceiparraona\/?page_id=22"},"modified":"2019-08-23T16:46:01","modified_gmt":"2019-08-23T14:46:01","slug":"lescola","status":"publish","type":"page","link":"https:\/\/agora.xtec.cat\/ceiparraona\/lescola\/","title":{"rendered":"L&#8217;escola"},"content":{"rendered":"<p>L\u2019Escola Arraona \u00e9s un centre de m\u00e0xima complexitat ubicat en un extrem del barri dels Merinals (Sabadell). No est\u00e0 totalment envoltada per habitatges ni es troba enmig de la ciutat. Per aquest motiu, l\u2019alumnat \u00e9s majorit\u00e0riament del propi barri.<\/p>\n<p>Els principis rectors amb els que l\u2019escola es basa, marcats aix\u00ed per llei, determinen que aquesta sigui:<\/p>\n<ul style=\"list-style-type: circle;\">\n<li>Laica.<\/li>\n<li>Inclusiva.<\/li>\n<li>Respectuosa amb la pluralitat.<\/li>\n<\/ul>\n<p>I que vetlli per:<\/p>\n<ul>\n<li>Implicaci\u00f3 de les fam\u00edlies.<\/li>\n<li>Preservaci\u00f3 de l\u2019equitat i cerca de l\u2019excel\u00b7l\u00e8ncia.<\/li>\n<li>Respecte envers les idees i creences d\u2019alumnes i fam\u00edlies.<\/li>\n<li>Implicaci\u00f3 activa en l\u2019entorn social.<\/li>\n<\/ul>\n<p>MISSI\u00d3 I VISI\u00d3 DEL CENTRE:<\/p>\n<p>Facilitar al nostre alumnat la seva integraci\u00f3 a la societat, dotant-lo d\u2019eines b\u00e0siques i essencials que li ho permetin fer a partir d\u2019opcions educatives el m\u00e0xim de properes a la seva realitat, orientant-los a ampliar la seva mirada cap a una societat oberta, lliure i amb oportunitats per a tothom.<\/p>\n<p>Volem ser un centre que:<\/p>\n<ul>\n<li>faciliti i potenci\u00ef el coneixement i desenvolupament de les compet\u00e8ncies del nostre alumnat, fent un \u00e8mfasi especial en les ling\u00fc\u00edstiques, per tal de millorar aix\u00ed les seves capacitats d\u2019integraci\u00f3 en la societat.<\/li>\n<li>propici\u00ef compet\u00e8ncies de caire social als nostres alumnes per tal que en un futur actu\u00efn essent capa\u00e7os de distingir i acceptar les conseq\u00fc\u00e8ncies de les seves accions.<\/li>\n<\/ul>\n","protected":false},"excerpt":{"rendered":"<p>L\u2019Escola Arraona \u00e9s un centre de m\u00e0xima complexitat ubicat en un extrem del barri dels Merinals (Sabadell). No est\u00e0 totalment envoltada per habitatges ni es troba enmig de la ciutat. Per aquest motiu, l\u2019alumnat \u00e9s majorit\u00e0riament del propi barri. Els principis rectors amb els que l\u2019escola es basa, marcats aix\u00ed per llei, determinen que aquesta [&hellip;]<\/p>\n","protected":false},"author":1,"featured_media":0,"parent":0,"menu_order":0,"comment_status":"closed","ping_status":"closed","template":"page-templates\/side-menu.php","meta":{"_bbp_topic_count":0,"_bbp_reply_count":0,"_bbp_total_topic_count":0,"_bbp_total_reply_count":0,"_bbp_voice_count":0,"_bbp_anonymous_reply_count":0,"_bbp_topic_count_hidden":0,"_bbp_reply_count_hidden":0,"_bbp_forum_subforum_count":0,"site-sidebar-layout":"default","site-content-layout":"","ast-site-content-layout":"","site-content-style":"default","site-sidebar-style":"default","ast-global-header-display":"","ast-banner-title-visibility":"","ast-main-header-display":"","ast-hfb-above-header-display":"","ast-hfb-below-header-display":"","ast-hfb-mobile-header-display":"","site-post-title":"","ast-breadcrumbs-content":"","ast-featured-img":"","footer-sml-layout":"","theme-transparent-header-meta":"","adv-header-id-meta":"","stick-header-meta":"","header-above-stick-meta":"","header-main-stick-meta":"","header-below-stick-meta":"","astra-migrate-meta-layouts":"default","ast-page-background-enabled":"default","ast-page-background-meta":{"desktop":{"background-color":"var(--ast-global-color-4)","background-image":"","background-repeat":"repeat","background-position":"center center","background-size":"auto","background-attachment":"scroll","background-type":"","background-media":"","overlay-type":"","overlay-color":"","overlay-opacity":"","overlay-gradient":""},"tablet":{"background-color":"","background-image":"","background-repeat":"repeat","background-position":"center center","background-size":"auto","background-attachment":"scroll","background-type":"","background-media":"","overlay-type":"","overlay-color":"","overlay-opacity":"","overlay-gradient":""},"mobile":{"background-color":"","background-image":"","background-repeat":"repeat","background-position":"center center","background-size":"auto","background-attachment":"scroll","background-type":"","background-media":"","overlay-type":"","overlay-color":"","overlay-opacity":"","overlay-gradient":""}},"ast-content-background-meta":{"desktop":{"background-color":"var(--ast-global-color-5)","background-image":"","background-repeat":"repeat","background-position":"center center","background-size":"auto","background-attachment":"scroll","background-type":"","background-media":"","overlay-type":"","overlay-color":"","overlay-opacity":"","overlay-gradient":""},"tablet":{"background-color":"var(--ast-global-color-5)","background-image":"","background-repeat":"repeat","background-position":"center center","background-size":"auto","background-attachment":"scroll","background-type":"","background-media":"","overlay-type":"","overlay-color":"","overlay-opacity":"","overlay-gradient":""},"mobile":{"background-color":"var(--ast-global-color-5)","background-image":"","background-repeat":"repeat","background-position":"center center","background-size":"auto","background-attachment":"scroll","background-type":"","background-media":"","overlay-type":"","overlay-color":"","overlay-opacity":"","overlay-gradient":""}},"footnotes":""},"class_list":["post-22","page","type-page","status-publish","hentry"],"post_mailing_queue_ids":[],"_links":{"self":[{"href":"https:\/\/agora.xtec.cat\/ceiparraona\/wp-json\/wp\/v2\/pages\/22","targetHints":{"allow":["GET"]}}],"collection":[{"href":"https:\/\/agora.xtec.cat\/ceiparraona\/wp-json\/wp\/v2\/pages"}],"about":[{"href":"https:\/\/agora.xtec.cat\/ceiparraona\/wp-json\/wp\/v2\/types\/page"}],"author":[{"embeddable":true,"href":"https:\/\/agora.xtec.cat\/ceiparraona\/wp-json\/wp\/v2\/users\/1"}],"replies":[{"embeddable":true,"href":"https:\/\/agora.xtec.cat\/ceiparraona\/wp-json\/wp\/v2\/comments?post=22"}],"version-history":[{"count":2,"href":"https:\/\/agora.xtec.cat\/ceiparraona\/wp-json\/wp\/v2\/pages\/22\/revisions"}],"predecessor-version":[{"id":3409,"href":"https:\/\/agora.xtec.cat\/ceiparraona\/wp-json\/wp\/v2\/pages\/22\/revisions\/3409"}],"wp:attachment":[{"href":"https:\/\/agora.xtec.cat\/ceiparraona\/wp-json\/wp\/v2\/media?parent=22"}],"curies":[{"name":"wp","href":"https:\/\/api.w.org\/{rel}","templated":true}]}}