{"id":4402,"date":"2021-01-25T16:27:10","date_gmt":"2021-01-25T15:27:10","guid":{"rendered":"http:\/\/agora.xtec.cat\/ceiparquitectegaudi\/?page_id=4402"},"modified":"2026-01-23T10:38:37","modified_gmt":"2026-01-23T09:38:37","slug":"jornada-de-portes-obertes","status":"publish","type":"page","link":"https:\/\/agora.xtec.cat\/ceiparquitectegaudi\/preinscripcio\/jornada-de-portes-obertes\/","title":{"rendered":"Jornada de Portes Obertes"},"content":{"rendered":"<p><img loading=\"lazy\" decoding=\"async\" class=\"aligncenter wp-image-8911\" src=\"https:\/\/agora.xtec.cat\/ceiparquitectegaudi\/wp-content\/uploads\/usu1602\/2026\/01\/Cartell-PP.OO_.-21-\u00d7-29.7-cm.jpg\" alt=\"\" width=\"397\" height=\"561\" srcset=\"https:\/\/agora.xtec.cat\/ceiparquitectegaudi\/wp-content\/uploads\/usu1602\/2026\/01\/Cartell-PP.OO_.-21-\u00d7-29.7-cm.jpg 1414w, https:\/\/agora.xtec.cat\/ceiparquitectegaudi\/wp-content\/uploads\/usu1602\/2026\/01\/Cartell-PP.OO_.-21-\u00d7-29.7-cm-212x300.jpg 212w, https:\/\/agora.xtec.cat\/ceiparquitectegaudi\/wp-content\/uploads\/usu1602\/2026\/01\/Cartell-PP.OO_.-21-\u00d7-29.7-cm-724x1024.jpg 724w, https:\/\/agora.xtec.cat\/ceiparquitectegaudi\/wp-content\/uploads\/usu1602\/2026\/01\/Cartell-PP.OO_.-21-\u00d7-29.7-cm-768x1086.jpg 768w, https:\/\/agora.xtec.cat\/ceiparquitectegaudi\/wp-content\/uploads\/usu1602\/2026\/01\/Cartell-PP.OO_.-21-\u00d7-29.7-cm-1086x1536.jpg 1086w\" sizes=\"auto, (max-width: 397px) 100vw, 397px\" \/><\/p>\n<p>Bon dia, fam\u00edlies,<\/p>\n<p>Ja tenim dates per les jornades de portes obertes,<strong> dissabte 28 de febrer a les 11 h.<\/strong><\/p>\n<p>No fa falta inscripci\u00f3 pr\u00e8via, per\u00f2 us agra\u00efm que ens ho comuniqueu per tal d&#8217;organitzar-nos.<\/p>\n<h4><a href=\"mailto:equip.directiu@escolaarquitectegaudi.cat\"><strong>equip.directiu@escolaarquitectegaudi.cat<\/strong><\/a><\/h4>\n<h4><strong>93 666 41 52<\/strong><\/h4>\n<h4><strong>WhatsApp: 634 791 056<\/strong><\/h4>\n<p>Podeu venir amb la canalla! Ens ho passarem molt b\u00e9!<\/p>\n<p>Continua aqu\u00ed amb el \ud83d\udcdd\u00a0<a href=\"https:\/\/agora.xtec.cat\/ceiparquitectegaudi\/preinscripcio\/informacio-proces-preinscripcio\/\">proc\u00e9s de preinscripci\u00f3.<\/a>\ud83d\udc46<\/p>\n","protected":false},"excerpt":{"rendered":"<p>Bon dia, fam\u00edlies,<br \/>\nJa tenim dates per les jornades de portes obertes, dissabte 28 de febrer a les 11 h.<br \/>\nNo fa falta inscripci\u00f3 pr\u00e8via, per\u00f2 us agra\u00efm que ens ho comuniqueu per tal d&#8217;organitzar-nos.<br \/>\n<a href=\"mailto:equip.directiu@escolaarquitectegaudi.cat\">equip.directiu@escolaarquitectegaudi.cat<\/a><br \/>\n93 666 41 52<br \/>\nWhatsApp: 634 791 056<br \/>\nPodeu venir amb la canalla! Ens&hellip;  <a href=\"https:\/\/agora.xtec.cat\/ceiparquitectegaudi\/preinscripcio\/jornada-de-portes-obertes\/\" title=\"Read Jornada de Portes Obertes\">Llegeix m\u00e9s\u00bb<\/a><\/p>\n","protected":false},"author":1,"featured_media":0,"parent":4412,"menu_order":1,"comment_status":"closed","ping_status":"closed","template":"","meta":{"_bbp_topic_count":0,"_bbp_reply_count":0,"_bbp_total_topic_count":0,"_bbp_total_reply_count":0,"_bbp_voice_count":0,"_bbp_anonymous_reply_count":0,"_bbp_topic_count_hidden":0,"_bbp_reply_count_hidden":0,"_bbp_forum_subforum_count":0,"footnotes":""},"class_list":["post-4402","page","type-page","status-publish","hentry"],"post_mailing_queue_ids":[],"_links":{"self":[{"href":"https:\/\/agora.xtec.cat\/ceiparquitectegaudi\/wp-json\/wp\/v2\/pages\/4402","targetHints":{"allow":["GET"]}}],"collection":[{"href":"https:\/\/agora.xtec.cat\/ceiparquitectegaudi\/wp-json\/wp\/v2\/pages"}],"about":[{"href":"https:\/\/agora.xtec.cat\/ceiparquitectegaudi\/wp-json\/wp\/v2\/types\/page"}],"author":[{"embeddable":true,"href":"https:\/\/agora.xtec.cat\/ceiparquitectegaudi\/wp-json\/wp\/v2\/users\/1"}],"replies":[{"embeddable":true,"href":"https:\/\/agora.xtec.cat\/ceiparquitectegaudi\/wp-json\/wp\/v2\/comments?post=4402"}],"version-history":[{"count":7,"href":"https:\/\/agora.xtec.cat\/ceiparquitectegaudi\/wp-json\/wp\/v2\/pages\/4402\/revisions"}],"predecessor-version":[{"id":8913,"href":"https:\/\/agora.xtec.cat\/ceiparquitectegaudi\/wp-json\/wp\/v2\/pages\/4402\/revisions\/8913"}],"up":[{"embeddable":true,"href":"https:\/\/agora.xtec.cat\/ceiparquitectegaudi\/wp-json\/wp\/v2\/pages\/4412"}],"wp:attachment":[{"href":"https:\/\/agora.xtec.cat\/ceiparquitectegaudi\/wp-json\/wp\/v2\/media?parent=4402"}],"curies":[{"name":"wp","href":"https:\/\/api.w.org\/{rel}","templated":true}]}}