{"id":2,"date":"2014-09-12T11:10:47","date_gmt":"2014-09-12T09:10:47","guid":{"rendered":"http:\/\/agora.xtec.cat\/ceiparquitectegaudi\/?page_id=2"},"modified":"2023-02-08T22:15:54","modified_gmt":"2023-02-08T21:15:54","slug":"cordes","status":"publish","type":"page","link":"https:\/\/agora.xtec.cat\/ceiparquitectegaudi\/projectes\/cordes\/","title":{"rendered":"Cordes a prim\u00e0ria"},"content":{"rendered":"<p style=\"text-align: justify;\"><span style=\"font-weight: 400;\">La nostra escola des del curs 2016-2017 participa en el projecte <a href=\"https:\/\/www.santfeliu.cat\/go.faces?xmid=28268\"><strong>\u201cCordes a prim\u00e0ria\u201d<\/strong><\/a> que desenvolupa L\u2019Escola Municipal de M\u00fasica. <img loading=\"lazy\" decoding=\"async\" class=\"wp-image-6335 alignleft\" src=\"https:\/\/agora.xtec.cat\/ceiparquitectegaudi\/wp-content\/uploads\/usu1602\/2023\/02\/1674649547753-1024x768.jpg\" alt=\"\" width=\"380\" height=\"285\" srcset=\"https:\/\/agora.xtec.cat\/ceiparquitectegaudi\/wp-content\/uploads\/usu1602\/2023\/02\/1674649547753-1024x768.jpg 1024w, https:\/\/agora.xtec.cat\/ceiparquitectegaudi\/wp-content\/uploads\/usu1602\/2023\/02\/1674649547753-300x225.jpg 300w, https:\/\/agora.xtec.cat\/ceiparquitectegaudi\/wp-content\/uploads\/usu1602\/2023\/02\/1674649547753-768x576.jpg 768w, https:\/\/agora.xtec.cat\/ceiparquitectegaudi\/wp-content\/uploads\/usu1602\/2023\/02\/1674649547753-1536x1152.jpg 1536w, https:\/\/agora.xtec.cat\/ceiparquitectegaudi\/wp-content\/uploads\/usu1602\/2023\/02\/1674649547753-2048x1536.jpg 2048w, https:\/\/agora.xtec.cat\/ceiparquitectegaudi\/wp-content\/uploads\/usu1602\/2023\/02\/1674649547753-200x150.jpg 200w\" sizes=\"auto, (max-width: 380px) 100vw, 380px\" \/><\/span><\/p>\n<p style=\"text-align: justify;\"><span style=\"font-weight: 400;\">Aquesta\u00a0 iniciativa \u00e9s una experi\u00e8ncia\u00a0 que per primera vegada es va posar en marxa a Sant Feliu, amb l\u2019objectiu <strong>d\u2019enriquir l\u2019ensenyament<\/strong> musical dels alumnes a trav\u00e9s de la <strong>pr\u00e0ctica d\u2019un instrument de corda.\u00a0<\/strong><\/span><\/p>\n<p style=\"text-align: justify;\"><span style=\"font-weight: 400;\">Es tracta d\u2019una <strong>acci\u00f3 educativa regular, en horari lectiu i de dos cursos de durada<\/strong> que fomenta l\u2019ensenyament instrumental a l\u2019alumnat del cicle mitj\u00e0.\u00a0 El professorat de l&#8217;Escola Municipal de M\u00fasica es despla\u00e7a fins a l\u2019escola i fa una classe junt amb l\u2019especialista de m\u00fasica, amb e<\/span>ls nostres alumnes durant un hora setmanal.\u00a0<span style=\"font-weight: 400;\">L\u2019activitat\u00a0 pret\u00e9n apropar l\u2019escola de m\u00fasica a nous p\u00fablics, <strong>facilitant una viv\u00e8ncia musical<\/strong> i una pr\u00e0ctica art\u00edstica que permeti millorar el seu rendiment escolar augmentant la seva motivaci\u00f3 i autoestima.<img loading=\"lazy\" decoding=\"async\" class=\"wp-image-6336 alignleft\" src=\"https:\/\/agora.xtec.cat\/ceiparquitectegaudi\/wp-content\/uploads\/usu1602\/2023\/02\/WhatsApp-Image-2023-01-09-at-15.48.25-1024x576.jpeg\" alt=\"\" width=\"290\" height=\"163\" srcset=\"https:\/\/agora.xtec.cat\/ceiparquitectegaudi\/wp-content\/uploads\/usu1602\/2023\/02\/WhatsApp-Image-2023-01-09-at-15.48.25-1024x576.jpeg 1024w, https:\/\/agora.xtec.cat\/ceiparquitectegaudi\/wp-content\/uploads\/usu1602\/2023\/02\/WhatsApp-Image-2023-01-09-at-15.48.25-300x169.jpeg 300w, https:\/\/agora.xtec.cat\/ceiparquitectegaudi\/wp-content\/uploads\/usu1602\/2023\/02\/WhatsApp-Image-2023-01-09-at-15.48.25-768x432.jpeg 768w, https:\/\/agora.xtec.cat\/ceiparquitectegaudi\/wp-content\/uploads\/usu1602\/2023\/02\/WhatsApp-Image-2023-01-09-at-15.48.25-1536x864.jpeg 1536w, https:\/\/agora.xtec.cat\/ceiparquitectegaudi\/wp-content\/uploads\/usu1602\/2023\/02\/WhatsApp-Image-2023-01-09-at-15.48.25.jpeg 2016w\" sizes=\"auto, (max-width: 290px) 100vw, 290px\" \/><\/span><\/p>\n<p style=\"text-align: justify;\"><a href=\"https:\/\/www.youtube.com\/watch?v=9NF4BdZb1lM\">Aqu\u00ed<\/a> o <a href=\"https:\/\/www.youtube.com\/watch?v=6lUWEoC0KCM\">aqu\u00ed<\/a> en podeu gaudir d&#8217;algunes de les nostres actuacions.<\/p>\n<p style=\"text-align: center;\"><strong>Esperem que us agradin tant com a nosaltres!<\/strong><\/p>\n<p><img loading=\"lazy\" decoding=\"async\" class=\"wp-image-6337 alignleft\" src=\"https:\/\/agora.xtec.cat\/ceiparquitectegaudi\/wp-content\/uploads\/usu1602\/2023\/02\/WhatsApp-Image-2023-02-08-at-22.02.37-1024x576.jpeg\" alt=\"\" width=\"304\" height=\"171\" srcset=\"https:\/\/agora.xtec.cat\/ceiparquitectegaudi\/wp-content\/uploads\/usu1602\/2023\/02\/WhatsApp-Image-2023-02-08-at-22.02.37-1024x576.jpeg 1024w, https:\/\/agora.xtec.cat\/ceiparquitectegaudi\/wp-content\/uploads\/usu1602\/2023\/02\/WhatsApp-Image-2023-02-08-at-22.02.37-300x169.jpeg 300w, https:\/\/agora.xtec.cat\/ceiparquitectegaudi\/wp-content\/uploads\/usu1602\/2023\/02\/WhatsApp-Image-2023-02-08-at-22.02.37-768x432.jpeg 768w, https:\/\/agora.xtec.cat\/ceiparquitectegaudi\/wp-content\/uploads\/usu1602\/2023\/02\/WhatsApp-Image-2023-02-08-at-22.02.37-1536x864.jpeg 1536w, https:\/\/agora.xtec.cat\/ceiparquitectegaudi\/wp-content\/uploads\/usu1602\/2023\/02\/WhatsApp-Image-2023-02-08-at-22.02.37.jpeg 1600w\" sizes=\"auto, (max-width: 304px) 100vw, 304px\" \/><\/p>\n<p>&nbsp;<\/p>\n<h4 style=\"text-align: center;\"><\/h4>\n<h4 style=\"text-align: center;\"><\/h4>\n<h6 style=\"text-align: center;\"><strong>\ud83c\udfbb\ud83c\udfbcVISCA LA M\u00daSICA!<\/strong><strong>\ud83c\udfb5\ud83c\udfb6<\/strong><\/h6>\n","protected":false},"excerpt":{"rendered":"<p>La nostra escola des del curs 2016-2017 participa en el projecte <a href=\"https:\/\/www.santfeliu.cat\/go.faces?xmid=28268\">\u201cCordes a prim\u00e0ria\u201d<\/a> que desenvolupa L\u2019Escola Municipal de M\u00fasica.<br \/>\nAquesta\u00a0 iniciativa \u00e9s una experi\u00e8ncia\u00a0 que per primera vegada es va posar en marxa a Sant Feliu, amb l\u2019objectiu d\u2019enriquir l\u2019ensenyament musical dels alumnes&hellip;  <a href=\"https:\/\/agora.xtec.cat\/ceiparquitectegaudi\/projectes\/cordes\/\" title=\"Read Cordes a prim\u00e0ria\">Llegeix m\u00e9s\u00bb<\/a><\/p>\n","protected":false},"author":1,"featured_media":0,"parent":611,"menu_order":1,"comment_status":"closed","ping_status":"closed","template":"page-templates\/side-menu.php","meta":{"_bbp_topic_count":0,"_bbp_reply_count":0,"_bbp_total_topic_count":0,"_bbp_total_reply_count":0,"_bbp_voice_count":0,"_bbp_anonymous_reply_count":0,"_bbp_topic_count_hidden":0,"_bbp_reply_count_hidden":0,"_bbp_forum_subforum_count":0,"footnotes":""},"class_list":["post-2","page","type-page","status-publish","hentry"],"post_mailing_queue_ids":[],"_links":{"self":[{"href":"https:\/\/agora.xtec.cat\/ceiparquitectegaudi\/wp-json\/wp\/v2\/pages\/2","targetHints":{"allow":["GET"]}}],"collection":[{"href":"https:\/\/agora.xtec.cat\/ceiparquitectegaudi\/wp-json\/wp\/v2\/pages"}],"about":[{"href":"https:\/\/agora.xtec.cat\/ceiparquitectegaudi\/wp-json\/wp\/v2\/types\/page"}],"author":[{"embeddable":true,"href":"https:\/\/agora.xtec.cat\/ceiparquitectegaudi\/wp-json\/wp\/v2\/users\/1"}],"replies":[{"embeddable":true,"href":"https:\/\/agora.xtec.cat\/ceiparquitectegaudi\/wp-json\/wp\/v2\/comments?post=2"}],"version-history":[{"count":3,"href":"https:\/\/agora.xtec.cat\/ceiparquitectegaudi\/wp-json\/wp\/v2\/pages\/2\/revisions"}],"predecessor-version":[{"id":6342,"href":"https:\/\/agora.xtec.cat\/ceiparquitectegaudi\/wp-json\/wp\/v2\/pages\/2\/revisions\/6342"}],"up":[{"embeddable":true,"href":"https:\/\/agora.xtec.cat\/ceiparquitectegaudi\/wp-json\/wp\/v2\/pages\/611"}],"wp:attachment":[{"href":"https:\/\/agora.xtec.cat\/ceiparquitectegaudi\/wp-json\/wp\/v2\/media?parent=2"}],"curies":[{"name":"wp","href":"https:\/\/api.w.org\/{rel}","templated":true}]}}