{"id":4328,"date":"2020-12-17T17:47:26","date_gmt":"2020-12-17T16:47:26","guid":{"rendered":"https:\/\/agora.xtec.cat\/ceiparquitectegaudi\/wp-content\/uploads\/usu1602\/2020\/12\/68618931-grupo-de-cachorros-de-leones-en-la-colina-el-le\u00f3n-panthera-nubica-leo-conocido-como-el-este-de-\u00c1frica-o-.jpg"},"modified":"2020-12-17T17:47:26","modified_gmt":"2020-12-17T16:47:26","slug":"68618931-grupo-de-cachorros-de-leones-en-la-colina-el-leon-panthera-nubica-leo-conocido-como-el-este-de-africa-o","status":"inherit","type":"attachment","link":"https:\/\/agora.xtec.cat\/ceiparquitectegaudi\/68618931-grupo-de-cachorros-de-leones-en-la-colina-el-leon-panthera-nubica-leo-conocido-como-el-este-de-africa-o\/","title":{"rendered":"68618931-grupo-de-cachorros-de-leones-en-la-colina-el-le\u00f3n-panthera-nubica-leo-conocido-como-el-este-de-\u00c1frica-o-"},"author":1,"featured_media":0,"comment_status":"open","ping_status":"closed","template":"","meta":{"_bbp_topic_count":0,"_bbp_reply_count":0,"_bbp_total_topic_count":0,"_bbp_total_reply_count":0,"_bbp_voice_count":0,"_bbp_anonymous_reply_count":0,"_bbp_topic_count_hidden":0,"_bbp_reply_count_hidden":0,"_bbp_forum_subforum_count":0},"class_list":["post-4328","attachment","type-attachment","status-inherit","hentry"],"description":{"rendered":"<p class=\"attachment\"><a href='https:\/\/agora.xtec.cat\/ceiparquitectegaudi\/wp-content\/uploads\/usu1602\/2020\/12\/68618931-grupo-de-cachorros-de-leones-en-la-colina-el-le\u00f3n-panthera-nubica-leo-conocido-como-el-este-de-\u00c1frica-o-.jpg'><img loading=\"lazy\" decoding=\"async\" width=\"300\" height=\"151\" src=\"https:\/\/agora.xtec.cat\/ceiparquitectegaudi\/wp-content\/uploads\/usu1602\/2020\/12\/68618931-grupo-de-cachorros-de-leones-en-la-colina-el-le\u00f3n-panthera-nubica-leo-conocido-como-el-este-de-\u00c1frica-o--300x151.jpg\" class=\"attachment-medium size-medium\" alt=\"\" srcset=\"https:\/\/agora.xtec.cat\/ceiparquitectegaudi\/wp-content\/uploads\/usu1602\/2020\/12\/68618931-grupo-de-cachorros-de-leones-en-la-colina-el-le\u00f3n-panthera-nubica-leo-conocido-como-el-este-de-\u00c1frica-o--300x151.jpg 300w, https:\/\/agora.xtec.cat\/ceiparquitectegaudi\/wp-content\/uploads\/usu1602\/2020\/12\/68618931-grupo-de-cachorros-de-leones-en-la-colina-el-le\u00f3n-panthera-nubica-leo-conocido-como-el-este-de-\u00c1frica-o--768x387.jpg 768w, https:\/\/agora.xtec.cat\/ceiparquitectegaudi\/wp-content\/uploads\/usu1602\/2020\/12\/68618931-grupo-de-cachorros-de-leones-en-la-colina-el-le\u00f3n-panthera-nubica-leo-conocido-como-el-este-de-\u00c1frica-o--1024x516.jpg 1024w, https:\/\/agora.xtec.cat\/ceiparquitectegaudi\/wp-content\/uploads\/usu1602\/2020\/12\/68618931-grupo-de-cachorros-de-leones-en-la-colina-el-le\u00f3n-panthera-nubica-leo-conocido-como-el-este-de-\u00c1frica-o-.jpg 1300w\" sizes=\"auto, (max-width: 300px) 100vw, 300px\" \/><\/a><\/p>\n"},"caption":{"rendered":"<p>Group of young lions on the hill. The lion (Panthera leo nubica), known as the East African or Massai Lion&hellip;  <a href=\"https:\/\/agora.xtec.cat\/ceiparquitectegaudi\/68618931-grupo-de-cachorros-de-leones-en-la-colina-el-leon-panthera-nubica-leo-conocido-como-el-este-de-africa-o\/\" title=\"Read 68618931-grupo-de-cachorros-de-leones-en-la-colina-el-le\u00f3n-panthera-nubica-leo-conocido-como-el-este-de-\u00c1frica-o-\">Llegeix m\u00e9s\u00bb<\/a><\/p>\n"},"alt_text":"","media_type":"image","mime_type":"image\/jpeg","media_details":{"width":1300,"height":655,"file":"2020\/12\/68618931-grupo-de-cachorros-de-leones-en-la-colina-el-le\u00f3n-panthera-nubica-leo-conocido-como-el-este-de-\u00c1frica-o-.jpg","sizes":{"thumbnail":{"file":"68618931-grupo-de-cachorros-de-leones-en-la-colina-el-le\u00f3n-panthera-nubica-leo-conocido-como-el-este-de-\u00c1frica-o--150x150.jpg","width":150,"height":150,"mime_type":"image\/jpeg","source_url":"https:\/\/agora.xtec.cat\/ceiparquitectegaudi\/wp-content\/uploads\/usu1602\/2020\/12\/68618931-grupo-de-cachorros-de-leones-en-la-colina-el-le\u00f3n-panthera-nubica-leo-conocido-como-el-este-de-\u00c1frica-o--150x150.jpg"},"medium":{"file":"68618931-grupo-de-cachorros-de-leones-en-la-colina-el-le\u00f3n-panthera-nubica-leo-conocido-como-el-este-de-\u00c1frica-o--300x151.jpg","width":300,"height":151,"mime_type":"image\/jpeg","source_url":"https:\/\/agora.xtec.cat\/ceiparquitectegaudi\/wp-content\/uploads\/usu1602\/2020\/12\/68618931-grupo-de-cachorros-de-leones-en-la-colina-el-le\u00f3n-panthera-nubica-leo-conocido-como-el-este-de-\u00c1frica-o--300x151.jpg"},"medium_large":{"file":"68618931-grupo-de-cachorros-de-leones-en-la-colina-el-le\u00f3n-panthera-nubica-leo-conocido-como-el-este-de-\u00c1frica-o--768x387.jpg","width":768,"height":387,"mime_type":"image\/jpeg","source_url":"https:\/\/agora.xtec.cat\/ceiparquitectegaudi\/wp-content\/uploads\/usu1602\/2020\/12\/68618931-grupo-de-cachorros-de-leones-en-la-colina-el-le\u00f3n-panthera-nubica-leo-conocido-como-el-este-de-\u00c1frica-o--768x387.jpg"},"large":{"file":"68618931-grupo-de-cachorros-de-leones-en-la-colina-el-le\u00f3n-panthera-nubica-leo-conocido-como-el-este-de-\u00c1frica-o--1024x516.jpg","width":1024,"height":516,"mime_type":"image\/jpeg","source_url":"https:\/\/agora.xtec.cat\/ceiparquitectegaudi\/wp-content\/uploads\/usu1602\/2020\/12\/68618931-grupo-de-cachorros-de-leones-en-la-colina-el-le\u00f3n-panthera-nubica-leo-conocido-como-el-este-de-\u00c1frica-o--1024x516.jpg"},"thumb-300":{"file":"68618931-grupo-de-cachorros-de-leones-en-la-colina-el-le\u00f3n-panthera-nubica-leo-conocido-como-el-este-de-\u00c1frica-o--300x250.jpg","width":300,"height":250,"mime_type":"image\/jpeg","source_url":"https:\/\/agora.xtec.cat\/ceiparquitectegaudi\/wp-content\/uploads\/usu1602\/2020\/12\/68618931-grupo-de-cachorros-de-leones-en-la-colina-el-le\u00f3n-panthera-nubica-leo-conocido-como-el-este-de-\u00c1frica-o--300x250.jpg"},"thumb-200":{"file":"68618931-grupo-de-cachorros-de-leones-en-la-colina-el-le\u00f3n-panthera-nubica-leo-conocido-como-el-este-de-\u00c1frica-o--200x150.jpg","width":200,"height":150,"mime_type":"image\/jpeg","source_url":"https:\/\/agora.xtec.cat\/ceiparquitectegaudi\/wp-content\/uploads\/usu1602\/2020\/12\/68618931-grupo-de-cachorros-de-leones-en-la-colina-el-le\u00f3n-panthera-nubica-leo-conocido-como-el-este-de-\u00c1frica-o--200x150.jpg"},"full":{"file":"68618931-grupo-de-cachorros-de-leones-en-la-colina-el-le\u00f3n-panthera-nubica-leo-conocido-como-el-este-de-\u00c1frica-o-.jpg","width":1300,"height":655,"mime_type":"image\/jpeg","source_url":"https:\/\/agora.xtec.cat\/ceiparquitectegaudi\/wp-content\/uploads\/usu1602\/2020\/12\/68618931-grupo-de-cachorros-de-leones-en-la-colina-el-le\u00f3n-panthera-nubica-leo-conocido-como-el-este-de-\u00c1frica-o-.jpg"}},"image_meta":{"aperture":"13","credit":"","camera":"NIKON D3","caption":"Group of young lions on the hill. The lion (Panthera leo nubica), known as the East African or Massai Lion","created_timestamp":"1252694320","copyright":"","focal_length":"600","iso":"1000","shutter_speed":"0.01","title":"","orientation":"1","keywords":["lion, lioness, green, mammal, zoology, animals, beast, carnivore, laying, kenya, east, feline, africa, predatory, tanzania, pride, cub, hunter, family, togetherness, serengeti, young, forest, african, dangerous, cat, group, close, wilderness, king, predator, together, savannah, savanna, endangered, hunt, leo, wild, nature, environment, big, masai, mara, safari, wildlife, east african, massai lion, panthera leo nubica, natural habitat, maasai"]}},"post":null,"source_url":"https:\/\/agora.xtec.cat\/ceiparquitectegaudi\/wp-content\/uploads\/usu1602\/2020\/12\/68618931-grupo-de-cachorros-de-leones-en-la-colina-el-le\u00f3n-panthera-nubica-leo-conocido-como-el-este-de-\u00c1frica-o-.jpg","_links":{"self":[{"href":"https:\/\/agora.xtec.cat\/ceiparquitectegaudi\/wp-json\/wp\/v2\/media\/4328","targetHints":{"allow":["GET"]}}],"collection":[{"href":"https:\/\/agora.xtec.cat\/ceiparquitectegaudi\/wp-json\/wp\/v2\/media"}],"about":[{"href":"https:\/\/agora.xtec.cat\/ceiparquitectegaudi\/wp-json\/wp\/v2\/types\/attachment"}],"author":[{"embeddable":true,"href":"https:\/\/agora.xtec.cat\/ceiparquitectegaudi\/wp-json\/wp\/v2\/users\/1"}],"replies":[{"embeddable":true,"href":"https:\/\/agora.xtec.cat\/ceiparquitectegaudi\/wp-json\/wp\/v2\/comments?post=4328"}]}}

https://agora.xtec.cat/ceiparquitectegaudi/wp-content/uploads/usu1602/2020/12/68618931-grupo-de-cachorros-de-leones-en-la-colina-el-león-panthera-nubica-leo-conocido-como-el-este-de-África-o-.jpg

68618931-grupo-de-cachorros-de-leones-en-la-colina-el-león-panthera-nubica-leo-conocido-como-el-este-de-África-o-

<p class="attachment"><a href='https://agora.xtec.cat/ceiparquitectegaudi/wp-content/uploads/usu1602/2020/12/68618931-grupo-de-cachorros-de-leones-en-la-colina-el-león-panthera-nubica-leo-conocido-como-el-este-de-África-o-.jpg'><img loading="lazy" decoding="async" width="300" height="151" src="https://agora.xtec.cat/ceiparquitectegaudi/wp-content/uploads/usu1602/2020/12/68618931-grupo-de-cachorros-de-leones-en-la-colina-el-león-panthera-nubica-leo-conocido-como-el-este-de-África-o--300x151.jpg" class="attachment-medium size-medium" alt="" srcset="https://agora.xtec.cat/ceiparquitectegaudi/wp-content/uploads/usu1602/2020/12/68618931-grupo-de-cachorros-de-leones-en-la-colina-el-león-panthera-nubica-leo-conocido-como-el-este-de-África-o--300x151.jpg 300w, https://agora.xtec.cat/ceiparquitectegaudi/wp-content/uploads/usu1602/2020/12/68618931-grupo-de-cachorros-de-leones-en-la-colina-el-león-panthera-nubica-leo-conocido-como-el-este-de-África-o--768x387.jpg 768w, https://agora.xtec.cat/ceiparquitectegaudi/wp-content/uploads/usu1602/2020/12/68618931-grupo-de-cachorros-de-leones-en-la-colina-el-león-panthera-nubica-leo-conocido-como-el-este-de-África-o--1024x516.jpg 1024w, https://agora.xtec.cat/ceiparquitectegaudi/wp-content/uploads/usu1602/2020/12/68618931-grupo-de-cachorros-de-leones-en-la-colina-el-león-panthera-nubica-leo-conocido-como-el-este-de-África-o-.jpg 1300w" sizes="auto, (max-width: 300px) 100vw, 300px" /></a></p>

<p>Group of young lions on the hill. The lion (Panthera leo nubica), known as the East African or Massai Lion&hellip;  <a href="https://agora.xtec.cat/ceiparquitectegaudi/68618931-grupo-de-cachorros-de-leones-en-la-colina-el-leon-panthera-nubica-leo-conocido-como-el-este-de-africa-o/" title="Read 68618931-grupo-de-cachorros-de-leones-en-la-colina-el-león-panthera-nubica-leo-conocido-como-el-este-de-África-o-">Llegeix més»</a></p>

2020/12/68618931-grupo-de-cachorros-de-leones-en-la-colina-el-león-panthera-nubica-leo-conocido-como-el-este-de-África-o-.jpg

68618931-grupo-de-cachorros-de-leones-en-la-colina-el-león-panthera-nubica-leo-conocido-como-el-este-de-África-o--150x150.jpg

https://agora.xtec.cat/ceiparquitectegaudi/wp-content/uploads/usu1602/2020/12/68618931-grupo-de-cachorros-de-leones-en-la-colina-el-león-panthera-nubica-leo-conocido-como-el-este-de-África-o--150x150.jpg

68618931-grupo-de-cachorros-de-leones-en-la-colina-el-león-panthera-nubica-leo-conocido-como-el-este-de-África-o--300x151.jpg

https://agora.xtec.cat/ceiparquitectegaudi/wp-content/uploads/usu1602/2020/12/68618931-grupo-de-cachorros-de-leones-en-la-colina-el-león-panthera-nubica-leo-conocido-como-el-este-de-África-o--300x151.jpg

68618931-grupo-de-cachorros-de-leones-en-la-colina-el-león-panthera-nubica-leo-conocido-como-el-este-de-África-o--768x387.jpg

https://agora.xtec.cat/ceiparquitectegaudi/wp-content/uploads/usu1602/2020/12/68618931-grupo-de-cachorros-de-leones-en-la-colina-el-león-panthera-nubica-leo-conocido-como-el-este-de-África-o--768x387.jpg

68618931-grupo-de-cachorros-de-leones-en-la-colina-el-león-panthera-nubica-leo-conocido-como-el-este-de-África-o--1024x516.jpg

https://agora.xtec.cat/ceiparquitectegaudi/wp-content/uploads/usu1602/2020/12/68618931-grupo-de-cachorros-de-leones-en-la-colina-el-león-panthera-nubica-leo-conocido-como-el-este-de-África-o--1024x516.jpg

68618931-grupo-de-cachorros-de-leones-en-la-colina-el-león-panthera-nubica-leo-conocido-como-el-este-de-África-o--300x250.jpg

https://agora.xtec.cat/ceiparquitectegaudi/wp-content/uploads/usu1602/2020/12/68618931-grupo-de-cachorros-de-leones-en-la-colina-el-león-panthera-nubica-leo-conocido-como-el-este-de-África-o--300x250.jpg

68618931-grupo-de-cachorros-de-leones-en-la-colina-el-león-panthera-nubica-leo-conocido-como-el-este-de-África-o--200x150.jpg

https://agora.xtec.cat/ceiparquitectegaudi/wp-content/uploads/usu1602/2020/12/68618931-grupo-de-cachorros-de-leones-en-la-colina-el-león-panthera-nubica-leo-conocido-como-el-este-de-África-o--200x150.jpg

68618931-grupo-de-cachorros-de-leones-en-la-colina-el-león-panthera-nubica-leo-conocido-como-el-este-de-África-o-.jpg
