{"id":16036,"date":"2019-01-29T12:13:30","date_gmt":"2019-01-29T11:13:30","guid":{"rendered":"http:\/\/agora.xtec.cat\/ceiparmengol\/?page_id=16036"},"modified":"2025-04-24T13:32:40","modified_gmt":"2025-04-24T11:32:40","slug":"ambients","status":"publish","type":"page","link":"https:\/\/agora.xtec.cat\/ceiparmengol\/ambients\/","title":{"rendered":"Qu\u00e8 s\u00f3n els ambients?"},"content":{"rendered":"<h2 class=\"wp-block-post-title\">Qu\u00e8 s\u00f3n els ambients?<\/h2>\n\n\n<p>Els ambients d\u2019aprenentatge s\u00f3n espais din\u00e0mics i flexibles, en els quals s\u2019hi desenvolupen aprenentatges significatius i actius, amb flexibilitat temporal, flexibilitat en l\u2019organitzaci\u00f3 de l\u2019alumnat i a nivell de varietat de materials i recursos d\u2019aprenentatge, amb la finalitat de promoure i afavorir el desenvolupament de compet\u00e8ncies personals, socials i cognitives \u00fatils tant dins com fora de l\u2019escola.<\/p>\n\n\n\n<hr class=\"wp-block-separator has-text-color has-cyan-bluish-gray-color has-alpha-channel-opacity has-cyan-bluish-gray-background-color has-background is-style-wide\"\/>\n\n\n\n<p>Caracter\u00edstiques principals dels ambients:<\/p>\n\n\n\n<ul class=\"wp-block-list\">\n<li>L\u2019alumne \u00e9s qui construeix el seu propi aprenentatge a trav\u00e9s de l\u2019experimentaci\u00f3, la recerca, l\u2019observaci\u00f3, la creaci\u00f3, la imaginaci\u00f3, la interacci\u00f3, l\u2019emoci\u00f3, etc.<\/li>\n\n\n\n<li>El docent \u00e9s qui organitza i crea l\u2019ambient d\u2019aprenentatge, alhora que orienta i afavoreix l\u2019experimentaci\u00f3 i la pr\u00e0ctica en els alumnes.<\/li>\n\n\n\n<li>Els materials que conformen l\u2019ambient s\u00f3n motivadors, atractius i variats amb l\u2019objectiu d\u2019afavorir l\u2019aprenentatge de tots els alumnes, fent possible la inclusi\u00f3 de tots aquests, tenint en compte les diferents edats i ritmes d\u2019aprenentatge.<\/li>\n\n\n\n<li>Els ambients s\u00f3n espais que faciliten la comunicaci\u00f3 i les relacions, que ofereixen materials i propostes d\u2019aprenentatge que estimulen la curiositat, la creativitat i el di\u00e0leg, tot afavorint la lliure expressi\u00f3 d\u2019idees, interessos i necessitats.<\/li>\n\n\n\n<li>Promouen l\u2019atenci\u00f3 a la diversitat dels infants, i la personalitzaci\u00f3 dels processos d\u2019aprenentatge.<\/li>\n<\/ul>\n","protected":false},"excerpt":{"rendered":"<p>Els ambients d\u2019aprenentatge s\u00f3n espais din\u00e0mics i flexibles, en els quals s\u2019hi desenvolupen aprenentatges significatius i actius, amb flexibilitat temporal, [&hellip;]<\/p>\n","protected":false},"author":1,"featured_media":0,"parent":0,"menu_order":0,"comment_status":"closed","ping_status":"closed","template":"","meta":{"_bbp_topic_count":0,"_bbp_reply_count":0,"_bbp_total_topic_count":0,"_bbp_total_reply_count":0,"_bbp_voice_count":0,"_bbp_anonymous_reply_count":0,"_bbp_topic_count_hidden":0,"_bbp_reply_count_hidden":0,"_bbp_forum_subforum_count":0,"site-sidebar-layout":"default","site-content-layout":"","ast-site-content-layout":"default","site-content-style":"default","site-sidebar-style":"default","ast-global-header-display":"","ast-banner-title-visibility":"","ast-main-header-display":"","ast-hfb-above-header-display":"","ast-hfb-below-header-display":"","ast-hfb-mobile-header-display":"","site-post-title":"","ast-breadcrumbs-content":"","ast-featured-img":"","footer-sml-layout":"","theme-transparent-header-meta":"","adv-header-id-meta":"","stick-header-meta":"","header-above-stick-meta":"","header-main-stick-meta":"","header-below-stick-meta":"","astra-migrate-meta-layouts":"set","ast-page-background-enabled":"default","ast-page-background-meta":{"desktop":{"background-color":"var(--ast-global-color-4)","background-image":"","background-repeat":"repeat","background-position":"center center","background-size":"auto","background-attachment":"scroll","background-type":"","background-media":"","overlay-type":"","overlay-color":"","overlay-opacity":"","overlay-gradient":""},"tablet":{"background-color":"","background-image":"","background-repeat":"repeat","background-position":"center center","background-size":"auto","background-attachment":"scroll","background-type":"","background-media":"","overlay-type":"","overlay-color":"","overlay-opacity":"","overlay-gradient":""},"mobile":{"background-color":"","background-image":"","background-repeat":"repeat","background-position":"center center","background-size":"auto","background-attachment":"scroll","background-type":"","background-media":"","overlay-type":"","overlay-color":"","overlay-opacity":"","overlay-gradient":""}},"ast-content-background-meta":{"desktop":{"background-color":"var(--ast-global-color-5)","background-image":"","background-repeat":"repeat","background-position":"center center","background-size":"auto","background-attachment":"scroll","background-type":"","background-media":"","overlay-type":"","overlay-color":"","overlay-opacity":"","overlay-gradient":""},"tablet":{"background-color":"var(--ast-global-color-5)","background-image":"","background-repeat":"repeat","background-position":"center center","background-size":"auto","background-attachment":"scroll","background-type":"","background-media":"","overlay-type":"","overlay-color":"","overlay-opacity":"","overlay-gradient":""},"mobile":{"background-color":"var(--ast-global-color-5)","background-image":"","background-repeat":"repeat","background-position":"center center","background-size":"auto","background-attachment":"scroll","background-type":"","background-media":"","overlay-type":"","overlay-color":"","overlay-opacity":"","overlay-gradient":""}},"footnotes":""},"class_list":["post-16036","page","type-page","status-publish","hentry"],"post_mailing_queue_ids":[],"_links":{"self":[{"href":"https:\/\/agora.xtec.cat\/ceiparmengol\/wp-json\/wp\/v2\/pages\/16036","targetHints":{"allow":["GET"]}}],"collection":[{"href":"https:\/\/agora.xtec.cat\/ceiparmengol\/wp-json\/wp\/v2\/pages"}],"about":[{"href":"https:\/\/agora.xtec.cat\/ceiparmengol\/wp-json\/wp\/v2\/types\/page"}],"author":[{"embeddable":true,"href":"https:\/\/agora.xtec.cat\/ceiparmengol\/wp-json\/wp\/v2\/users\/1"}],"replies":[{"embeddable":true,"href":"https:\/\/agora.xtec.cat\/ceiparmengol\/wp-json\/wp\/v2\/comments?post=16036"}],"version-history":[{"count":6,"href":"https:\/\/agora.xtec.cat\/ceiparmengol\/wp-json\/wp\/v2\/pages\/16036\/revisions"}],"predecessor-version":[{"id":19131,"href":"https:\/\/agora.xtec.cat\/ceiparmengol\/wp-json\/wp\/v2\/pages\/16036\/revisions\/19131"}],"wp:attachment":[{"href":"https:\/\/agora.xtec.cat\/ceiparmengol\/wp-json\/wp\/v2\/media?parent=16036"}],"curies":[{"name":"wp","href":"https:\/\/api.w.org\/{rel}","templated":true}]}}