{"id":932,"date":"2024-10-23T09:17:55","date_gmt":"2024-10-23T07:17:55","guid":{"rendered":"https:\/\/agora.xtec.cat\/ceipanxaneta\/?page_id=932"},"modified":"2026-03-05T13:24:48","modified_gmt":"2026-03-05T12:24:48","slug":"6e","status":"publish","type":"page","link":"https:\/\/agora.xtec.cat\/ceipanxaneta\/6e\/","title":{"rendered":"6\u00e8"},"content":{"rendered":"<p style=\"text-align: center;\"><strong>EL PROJECTE CuEmE<\/strong><\/p>\n<p style=\"text-align: justify;\"><span style=\"font-weight: 400;\">El projecte CuEmE (Cultura Emprenedora a l&#8217;Escola) \u00e9s una iniciativa que fomenta l&#8217;esperit emprenedor entre els alumnes de sis\u00e8 de prim\u00e0ria. Els infants, a trav\u00e9s d&#8217;aquest projecte, creen i gestionen una cooperativa escolar amb el suport del seu professorat, fam\u00edlies i l&#8217;ajuda de diferents agents municipals. Durant el curs, els alumnes aprenen a prendre decisions col\u00b7lectivament, distribuint tasques i responsabilitats per desenvolupar un producte que vendran en un mercat local. Aquest proc\u00e9s inclou totes les etapes, des de la creaci\u00f3 d\u2019estatuts fins a la producci\u00f3 i comercialitzaci\u00f3 del producte amb materials sostenibles.<\/span><\/p>\n<p style=\"text-align: justify;\"><span style=\"font-weight: 400;\">Una part essencial del projecte \u00e9s el seu component social. Una part dels beneficis obtinguts per la venda dels productes es destina a una ONG local, seleccionada pels mateixos alumnes. Aquest vincle amb una entitat social de la localitat no nom\u00e9s potencia el comprom\u00eds dels alumnes amb la comunitat, sin\u00f3 que tamb\u00e9 els sensibilitza sobre la import\u00e0ncia de la solidaritat i la cooperaci\u00f3.<\/span><\/p>\n<p style=\"text-align: justify;\"><span style=\"font-weight: 400;\">El CuEmE contribueix al desenvolupament de valors com la responsabilitat, el treball en equip i l&#8217;emprenedoria, i prepara els infants per al futur, tant en l\u2019\u00e0mbit professional com personal, promovent el respecte i l\u2019acci\u00f3 social.<\/span><\/p>\n<p><a href=\"https:\/\/agora.xtec.cat\/ceipanxaneta\/wp-content\/uploads\/usu2001\/2024\/10\/PROJCTE-CUEME.png\"><img loading=\"lazy\" decoding=\"async\" class=\"alignnone size-large wp-image-1141\" src=\"https:\/\/agora.xtec.cat\/ceipanxaneta\/wp-content\/uploads\/usu2001\/2024\/10\/PROJCTE-CUEME-1024x576.png\" alt=\"\" width=\"1024\" height=\"576\" srcset=\"https:\/\/agora.xtec.cat\/ceipanxaneta\/wp-content\/uploads\/usu2001\/2024\/10\/PROJCTE-CUEME-1024x576.png 1024w, https:\/\/agora.xtec.cat\/ceipanxaneta\/wp-content\/uploads\/usu2001\/2024\/10\/PROJCTE-CUEME-300x169.png 300w, https:\/\/agora.xtec.cat\/ceipanxaneta\/wp-content\/uploads\/usu2001\/2024\/10\/PROJCTE-CUEME-768x432.png 768w, https:\/\/agora.xtec.cat\/ceipanxaneta\/wp-content\/uploads\/usu2001\/2024\/10\/PROJCTE-CUEME.png 1280w\" sizes=\"auto, (max-width: 1024px) 100vw, 1024px\" \/><\/a><\/p>\n<p style=\"text-align: center;\"><strong>AUDIOVISUAL<\/strong><\/p>\n<p style=\"text-align: justify;\"><span style=\"font-weight: 400;\">El projecte d&#8217;audiovisuals per alumnes de 6\u00e8 de prim\u00e0ria ofereix una oportunitat \u00fanica perqu\u00e8 els nens i nenes experimentin amb la comunicaci\u00f3, la creativitat i el treball en equip. A prinicipi de curs el projecte consisteix a crear programes de r\u00e0dio en qu\u00e8 els alumnes redacten els seus propis guions i actuen com a locutors, adaptant-se als seus gustos i interessos. M\u00e9s endavant, utilitzaran un croma per a fer programes en format televisiu incorporant la imatge. Primer, els alumnes es divideixen en grups i comencen a planificar els seus programes, que poden ser sobre temes diversos com m\u00fasica, esports, not\u00edcies, entrevistes, o fins i tot temes d\u2019actualitat. Cada grup dissenya el contingut, redacta els guions, decideix els rols (locutors, t\u00e8cnics, guionistes) i practica la seva actuaci\u00f3 davant del micro.<img loading=\"lazy\" decoding=\"async\" class=\"aligncenter\" src=\"https:\/\/blocs.xtec.cat\/radioanxaneta\/files\/2016\/11\/cropped-cap%C3%A7alera-r%C3%A0dio-1.jpg\" alt=\"R\u00e0dio ANXANETA\" width=\"716\" height=\"136\" \/><\/span><\/p>\n<p style=\"text-align: justify;\"><span style=\"font-weight: 400;\">L\u2019objectiu del projecte \u00e9s fomentar la creativitat, el pensament cr\u00edtic i la capacitat d\u2019expressi\u00f3 oral, aix\u00ed com millorar l&#8217;autoestima i la confian\u00e7a dels alumnes en parlar en p\u00fablic. A m\u00e9s, durant el proc\u00e9s, els alumnes aprenen a utilitzar equips de r\u00e0dio i video i a treballar col\u00b7laborativament, desenvolupant habilitats de planificaci\u00f3 i organitzaci\u00f3.<\/span><\/p>\n<p style=\"text-align: justify;\"><span style=\"font-family: inherit; font-size: 1em;\">El resultat final \u00e9s una s\u00e8rie de programes que els alumnes poden compartir amb la resta <\/span><span style=\"font-weight: 400;\">de l\u2019escola o fins i tot amb les fam\u00edlies, oferint-los una experi\u00e8ncia educativa i entretinguda que els fa sentir part del proc\u00e9s creatiu.<\/span><\/p>\n<p style=\"text-align: justify;\"><span style=\"font-weight: 400;\"><img loading=\"lazy\" decoding=\"async\" class=\"wp-image-1454 aligncenter\" src=\"https:\/\/agora.xtec.cat\/ceipanxaneta\/wp-content\/uploads\/usu2001\/2025\/01\/Captura-de-pantalla-2025-01-16-215452-1024x814.png\" alt=\"\" width=\"286\" height=\"227\" \/><\/span><\/p>\n<p>&nbsp;<\/p>\n<p style=\"text-align: center;\"><strong> ENROLA\u2019T<\/strong><\/p>\n<p style=\"text-align: justify;\"><span style=\"font-weight: 400;\">Enrola&#8217;t \u00e9s un recurs per treballar la llengua oral a l\u2019escola. Aplega un recull de situacions comunicatives amb la finalitat de fomentar la interacci\u00f3 entre els alumnes.\u00a0<\/span><\/p>\n<p style=\"text-align: justify;\"><span style=\"font-weight: 400;\">La t\u00e8cnica utilitzada \u00e9s el joc de rol ( role-playing ).<\/span><\/p>\n<p style=\"text-align: justify;\"><span style=\"font-weight: 400;\">Aquesta t\u00e8cnica consisteix a dur a terme petites dramatitzacions, en qu\u00e8 els alumnes interpreten papers o personatges que interactuen, a partir d\u2019una situaci\u00f3 comunicativa pr\u00e8viament contextualitzada. Aix\u00f2 permet als alumnes participar en la conversa amb un alt grau d\u2019espontane\u00eftat i improvisaci\u00f3, posant en joc tot el domini ling\u00fc\u00edstic que tenen de la llengua, i aprenent, a mesura que hi van participant, habilitats ling\u00fc\u00edstiques i nou l\u00e8xic i expressions.\u00a0<\/span><\/p>\n<p style=\"text-align: justify;\"><span style=\"font-weight: 400;\">Els jocs de rol ens permeten treballar l\u2019\u00fas de la llengua amb els alumnes des d\u2019un vessant l\u00fadic i motivador.\u00a0<\/span><\/p>\n<p style=\"text-align: justify;\"><span style=\"font-weight: 400;\">Els alumnes d\u2019aquestes edats poden copsar els papers dels diferents personatges que han d\u2019interpretar, i gaudir inventant i aportant aspectes nous a la situaci\u00f3 comunicativa que se\u2019ls ha plantejat d\u2019entrada.\u00a0<\/span><\/p>\n<p style=\"text-align: justify;\"><span style=\"font-weight: 400;\">Objectius<\/span><\/p>\n<p style=\"text-align: justify;\"><span style=\"font-weight: 400;\">\u00a0<\/span><span style=\"font-weight: 400;\">*Millorar la compet\u00e8ncia comunicativa oral en llengua catalana del nostre alumnat.\u00a0<\/span><\/p>\n<p style=\"text-align: justify;\"><span style=\"font-weight: 400;\">*Treballar el llenguatge d\u2019\u00fas habitual en situacions comunicatives quotidianes.\u00a0<\/span><\/p>\n<p style=\"text-align: justify;\"><span style=\"font-weight: 400;\">*Practicar diferents habilitats comunicatives.\u00a0<\/span><\/p>\n<p style=\"text-align: justify;\"><span style=\"font-weight: 400;\">*Utilitzar els exponents ling\u00fc\u00edstics que l\u2019alumne ja t\u00e9 i incorporar-ne de nous.\u00a0<\/span><\/p>\n<p><img loading=\"lazy\" decoding=\"async\" class=\"alignnone size-large wp-image-1491\" src=\"https:\/\/agora.xtec.cat\/ceipanxaneta\/wp-content\/uploads\/usu2001\/2025\/01\/enrolat-1024x478.png\" alt=\"\" width=\"1024\" height=\"478\" srcset=\"https:\/\/agora.xtec.cat\/ceipanxaneta\/wp-content\/uploads\/usu2001\/2025\/01\/enrolat-1024x478.png 1024w, https:\/\/agora.xtec.cat\/ceipanxaneta\/wp-content\/uploads\/usu2001\/2025\/01\/enrolat-300x140.png 300w, https:\/\/agora.xtec.cat\/ceipanxaneta\/wp-content\/uploads\/usu2001\/2025\/01\/enrolat-768x359.png 768w, https:\/\/agora.xtec.cat\/ceipanxaneta\/wp-content\/uploads\/usu2001\/2025\/01\/enrolat.png 1081w\" sizes=\"auto, (max-width: 1024px) 100vw, 1024px\" \/><\/p>\n<p>&nbsp;<\/p>\n","protected":false},"excerpt":{"rendered":"<p>EL PROJECTE CuEmE El projecte CuEmE (Cultura Emprenedora a l&#8217;Escola) \u00e9s una iniciativa que fomenta l&#8217;esperit emprenedor entre els alumnes de sis\u00e8 de prim\u00e0ria. Els infants, a trav\u00e9s d&#8217;aquest projecte, creen i gestionen una cooperativa escolar amb el suport del seu professorat, fam\u00edlies i l&#8217;ajuda de diferents agents municipals. Durant el curs, els alumnes aprenen [&hellip;]<\/p>\n","protected":false},"author":1,"featured_media":0,"parent":0,"menu_order":0,"comment_status":"closed","ping_status":"closed","template":"","meta":{"_bbp_topic_count":0,"_bbp_reply_count":0,"_bbp_total_topic_count":0,"_bbp_total_reply_count":0,"_bbp_voice_count":0,"_bbp_anonymous_reply_count":0,"_bbp_topic_count_hidden":0,"_bbp_reply_count_hidden":0,"_bbp_forum_subforum_count":0,"site-sidebar-layout":"default","site-content-layout":"","ast-site-content-layout":"default","site-content-style":"default","site-sidebar-style":"default","ast-global-header-display":"","ast-banner-title-visibility":"","ast-main-header-display":"","ast-hfb-above-header-display":"","ast-hfb-below-header-display":"","ast-hfb-mobile-header-display":"","site-post-title":"","ast-breadcrumbs-content":"","ast-featured-img":"","footer-sml-layout":"","theme-transparent-header-meta":"default","adv-header-id-meta":"","stick-header-meta":"","header-above-stick-meta":"","header-main-stick-meta":"","header-below-stick-meta":"","astra-migrate-meta-layouts":"set","ast-page-background-enabled":"default","ast-page-background-meta":{"desktop":{"background-color":"var(--ast-global-color-4)","background-image":"","background-repeat":"repeat","background-position":"center center","background-size":"auto","background-attachment":"scroll","background-type":"","background-media":"","overlay-type":"","overlay-color":"","overlay-opacity":"","overlay-gradient":""},"tablet":{"background-color":"","background-image":"","background-repeat":"repeat","background-position":"center center","background-size":"auto","background-attachment":"scroll","background-type":"","background-media":"","overlay-type":"","overlay-color":"","overlay-opacity":"","overlay-gradient":""},"mobile":{"background-color":"","background-image":"","background-repeat":"repeat","background-position":"center center","background-size":"auto","background-attachment":"scroll","background-type":"","background-media":"","overlay-type":"","overlay-color":"","overlay-opacity":"","overlay-gradient":""}},"ast-content-background-meta":{"desktop":{"background-color":"var(--ast-global-color-5)","background-image":"","background-repeat":"repeat","background-position":"center center","background-size":"auto","background-attachment":"scroll","background-type":"","background-media":"","overlay-type":"","overlay-color":"","overlay-opacity":"","overlay-gradient":""},"tablet":{"background-color":"var(--ast-global-color-5)","background-image":"","background-repeat":"repeat","background-position":"center center","background-size":"auto","background-attachment":"scroll","background-type":"","background-media":"","overlay-type":"","overlay-color":"","overlay-opacity":"","overlay-gradient":""},"mobile":{"background-color":"var(--ast-global-color-5)","background-image":"","background-repeat":"repeat","background-position":"center center","background-size":"auto","background-attachment":"scroll","background-type":"","background-media":"","overlay-type":"","overlay-color":"","overlay-opacity":"","overlay-gradient":""}},"footnotes":""},"class_list":["post-932","page","type-page","status-publish","hentry"],"post_mailing_queue_ids":[],"_links":{"self":[{"href":"https:\/\/agora.xtec.cat\/ceipanxaneta\/wp-json\/wp\/v2\/pages\/932","targetHints":{"allow":["GET"]}}],"collection":[{"href":"https:\/\/agora.xtec.cat\/ceipanxaneta\/wp-json\/wp\/v2\/pages"}],"about":[{"href":"https:\/\/agora.xtec.cat\/ceipanxaneta\/wp-json\/wp\/v2\/types\/page"}],"author":[{"embeddable":true,"href":"https:\/\/agora.xtec.cat\/ceipanxaneta\/wp-json\/wp\/v2\/users\/1"}],"replies":[{"embeddable":true,"href":"https:\/\/agora.xtec.cat\/ceipanxaneta\/wp-json\/wp\/v2\/comments?post=932"}],"version-history":[{"count":6,"href":"https:\/\/agora.xtec.cat\/ceipanxaneta\/wp-json\/wp\/v2\/pages\/932\/revisions"}],"predecessor-version":[{"id":1833,"href":"https:\/\/agora.xtec.cat\/ceipanxaneta\/wp-json\/wp\/v2\/pages\/932\/revisions\/1833"}],"wp:attachment":[{"href":"https:\/\/agora.xtec.cat\/ceipanxaneta\/wp-json\/wp\/v2\/media?parent=932"}],"curies":[{"name":"wp","href":"https:\/\/api.w.org\/{rel}","templated":true}]}}

6è

<p style="text-align: center;"><strong>EL PROJECTE CuEmE</strong></p>
<p style="text-align: justify;"><span style="font-weight: 400;">El projecte CuEmE (Cultura Emprenedora a l&#8217;Escola) és una iniciativa que fomenta l&#8217;esperit emprenedor entre els alumnes de sisè de primària. Els infants, a través d&#8217;aquest projecte, creen i gestionen una cooperativa escolar amb el suport del seu professorat, famílies i l&#8217;ajuda de diferents agents municipals. Durant el curs, els alumnes aprenen a prendre decisions col·lectivament, distribuint tasques i responsabilitats per desenvolupar un producte que vendran en un mercat local. Aquest procés inclou totes les etapes, des de la creació d’estatuts fins a la producció i comercialització del producte amb materials sostenibles.</span></p>
<p style="text-align: justify;"><span style="font-weight: 400;">Una part essencial del projecte és el seu component social. Una part dels beneficis obtinguts per la venda dels productes es destina a una ONG local, seleccionada pels mateixos alumnes. Aquest vincle amb una entitat social de la localitat no només potencia el compromís dels alumnes amb la comunitat, sinó que també els sensibilitza sobre la importància de la solidaritat i la cooperació.</span></p>
<p style="text-align: justify;"><span style="font-weight: 400;">El CuEmE contribueix al desenvolupament de valors com la responsabilitat, el treball en equip i l&#8217;emprenedoria, i prepara els infants per al futur, tant en l’àmbit professional com personal, promovent el respecte i l’acció social.</span></p>
<p><a href="https://agora.xtec.cat/ceipanxaneta/wp-content/uploads/usu2001/2024/10/PROJCTE-CUEME.png"><img loading="lazy" decoding="async" class="alignnone size-large wp-image-1141" src="https://agora.xtec.cat/ceipanxaneta/wp-content/uploads/usu2001/2024/10/PROJCTE-CUEME-1024x576.png" alt="" width="1024" height="576" srcset="https://agora.xtec.cat/ceipanxaneta/wp-content/uploads/usu2001/2024/10/PROJCTE-CUEME-1024x576.png 1024w, https://agora.xtec.cat/ceipanxaneta/wp-content/uploads/usu2001/2024/10/PROJCTE-CUEME-300x169.png 300w, https://agora.xtec.cat/ceipanxaneta/wp-content/uploads/usu2001/2024/10/PROJCTE-CUEME-768x432.png 768w, https://agora.xtec.cat/ceipanxaneta/wp-content/uploads/usu2001/2024/10/PROJCTE-CUEME.png 1280w" sizes="auto, (max-width: 1024px) 100vw, 1024px" /></a></p>
<p style="text-align: center;"><strong>AUDIOVISUAL</strong></p>
<p style="text-align: justify;"><span style="font-weight: 400;">El projecte d&#8217;audiovisuals per alumnes de 6è de primària ofereix una oportunitat única perquè els nens i nenes experimentin amb la comunicació, la creativitat i el treball en equip. A prinicipi de curs el projecte consisteix a crear programes de ràdio en què els alumnes redacten els seus propis guions i actuen com a locutors, adaptant-se als seus gustos i interessos. Més endavant, utilitzaran un croma per a fer programes en format televisiu incorporant la imatge. Primer, els alumnes es divideixen en grups i comencen a planificar els seus programes, que poden ser sobre temes diversos com música, esports, notícies, entrevistes, o fins i tot temes d’actualitat. Cada grup dissenya el contingut, redacta els guions, decideix els rols (locutors, tècnics, guionistes) i practica la seva actuació davant del micro.<img loading="lazy" decoding="async" class="aligncenter" src="https://blocs.xtec.cat/radioanxaneta/files/2016/11/cropped-cap%C3%A7alera-r%C3%A0dio-1.jpg" alt="Ràdio ANXANETA" width="716" height="136" /></span></p>
<p style="text-align: justify;"><span style="font-weight: 400;">L’objectiu del projecte és fomentar la creativitat, el pensament crític i la capacitat d’expressió oral, així com millorar l&#8217;autoestima i la confiança dels alumnes en parlar en públic. A més, durant el procés, els alumnes aprenen a utilitzar equips de ràdio i video i a treballar col·laborativament, desenvolupant habilitats de planificació i organització.</span></p>
<p style="text-align: justify;"><span style="font-family: inherit; font-size: 1em;">El resultat final és una sèrie de programes que els alumnes poden compartir amb la resta </span><span style="font-weight: 400;">de l’escola o fins i tot amb les famílies, oferint-los una experiència educativa i entretinguda que els fa sentir part del procés creatiu.</span></p>
<p style="text-align: justify;"><span style="font-weight: 400;"><img loading="lazy" decoding="async" class="wp-image-1454 aligncenter" src="https://agora.xtec.cat/ceipanxaneta/wp-content/uploads/usu2001/2025/01/Captura-de-pantalla-2025-01-16-215452-1024x814.png" alt="" width="286" height="227" /></span></p>
<p>&nbsp;</p>
<p style="text-align: center;"><strong> ENROLA’T</strong></p>
<p style="text-align: justify;"><span style="font-weight: 400;">Enrola&#8217;t és un recurs per treballar la llengua oral a l’escola. Aplega un recull de situacions comunicatives amb la finalitat de fomentar la interacció entre els alumnes. </span></p>
<p style="text-align: justify;"><span style="font-weight: 400;">La tècnica utilitzada és el joc de rol ( role-playing ).</span></p>
<p style="text-align: justify;"><span style="font-weight: 400;">Aquesta tècnica consisteix a dur a terme petites dramatitzacions, en què els alumnes interpreten papers o personatges que interactuen, a partir d’una situació comunicativa prèviament contextualitzada. Això permet als alumnes participar en la conversa amb un alt grau d’espontaneïtat i improvisació, posant en joc tot el domini lingüístic que tenen de la llengua, i aprenent, a mesura que hi van participant, habilitats lingüístiques i nou lèxic i expressions. </span></p>
<p style="text-align: justify;"><span style="font-weight: 400;">Els jocs de rol ens permeten treballar l’ús de la llengua amb els alumnes des d’un vessant lúdic i motivador. </span></p>
<p style="text-align: justify;"><span style="font-weight: 400;">Els alumnes d’aquestes edats poden copsar els papers dels diferents personatges que han d’interpretar, i gaudir inventant i aportant aspectes nous a la situació comunicativa que se’ls ha plantejat d’entrada. </span></p>
<p style="text-align: justify;"><span style="font-weight: 400;">Objectius</span></p>
<p style="text-align: justify;"><span style="font-weight: 400;"> </span><span style="font-weight: 400;">*Millorar la competència comunicativa oral en llengua catalana del nostre alumnat. </span></p>
<p style="text-align: justify;"><span style="font-weight: 400;">*Treballar el llenguatge d’ús habitual en situacions comunicatives quotidianes. </span></p>
<p style="text-align: justify;"><span style="font-weight: 400;">*Practicar diferents habilitats comunicatives. </span></p>
<p style="text-align: justify;"><span style="font-weight: 400;">*Utilitzar els exponents lingüístics que l’alumne ja té i incorporar-ne de nous. </span></p>
<p><img loading="lazy" decoding="async" class="alignnone size-large wp-image-1491" src="https://agora.xtec.cat/ceipanxaneta/wp-content/uploads/usu2001/2025/01/enrolat-1024x478.png" alt="" width="1024" height="478" srcset="https://agora.xtec.cat/ceipanxaneta/wp-content/uploads/usu2001/2025/01/enrolat-1024x478.png 1024w, https://agora.xtec.cat/ceipanxaneta/wp-content/uploads/usu2001/2025/01/enrolat-300x140.png 300w, https://agora.xtec.cat/ceipanxaneta/wp-content/uploads/usu2001/2025/01/enrolat-768x359.png 768w, https://agora.xtec.cat/ceipanxaneta/wp-content/uploads/usu2001/2025/01/enrolat.png 1081w" sizes="auto, (max-width: 1024px) 100vw, 1024px" /></p>
<p>&nbsp;</p>

<p>EL PROJECTE CuEmE El projecte CuEmE (Cultura Emprenedora a l&#8217;Escola) és una iniciativa que fomenta l&#8217;esperit emprenedor entre els alumnes de sisè de primària. Els infants, a través d&#8217;aquest projecte, creen i gestionen una cooperativa escolar amb el suport del seu professorat, famílies i l&#8217;ajuda de diferents agents municipals. Durant el curs, els alumnes aprenen [&hellip;]</p>
