{"id":924,"date":"2024-10-23T09:17:25","date_gmt":"2024-10-23T07:17:25","guid":{"rendered":"https:\/\/agora.xtec.cat\/ceipanxaneta\/?page_id=924"},"modified":"2025-11-20T13:34:22","modified_gmt":"2025-11-20T12:34:22","slug":"2n","status":"publish","type":"page","link":"https:\/\/agora.xtec.cat\/ceipanxaneta\/2n\/","title":{"rendered":"2n"},"content":{"rendered":"<p style=\"text-align: justify;\"><span style=\"font-weight: 400;\">A segon de prim\u00e0ria un dels projectes que es realitza \u00e9s la cantata del \u201cFollet Valent\u201d, amb m\u00fasica de N\u00faria Juanet i textos de Rosa Nogu\u00e9 i Clara Ripoll.<\/span><\/p>\n<p style=\"text-align: justify;\"><span style=\"font-weight: 400;\">La cantata \u00e9s un conte cantat i teatralitzat, els alumnes el representen al voltant de finals de curs, al teatre de l\u2019escola amb l\u2019assist\u00e8ncia dels familiars com a p\u00fablic. L\u2019alumnat viu una experi\u00e8ncia ben entretinguda i sensorial amb la que poden descobrir diferents personatges, hist\u00f2ries i can\u00e7ons.\u00a0 Amb aquesta activitat es fomenta la imaginaci\u00f3 obligant-los a crear imatges en el seu cervell. Amplien el vocabulari i la capacitat per expressar-se millor.<\/span><\/p>\n<p style=\"text-align: justify;\"><span style=\"font-weight: 400;\">Durant tot el curs, a les sessions de m\u00fasica, els alumnes treballen intensament en la preparaci\u00f3 de les dotze can\u00e7ons que formen part de l\u2019espectacle final. Cada una d\u2019elles es perfecciona mitjan\u00e7ant la pr\u00e0ctica i l\u2019assaig, sobre aspectes refor\u00e7ats amb la coordinaci\u00f3 vocal, la interpretaci\u00f3 i el ritme. Paral\u00b7lelament, els personatges que apareixen a les lletres de les can\u00e7ons, a m\u00e9s dels textos dels narradors es treballen a l\u2019aula, a les sessions de llengua. En aquestes sessions, no es treballa nom\u00e9s la comprensi\u00f3 i expressi\u00f3 oral, sin\u00f3 tamb\u00e9 la creativitat i la capacitat d\u2019interpretaci\u00f3, de manera que els alumnes poden aprofundir en el significat i la personalitat de cada personatge. Tot aix\u00f2 va contribuir a una experi\u00e8ncia educativa completa i integradora, que vincula la m\u00fasica i la llengua.<\/span><\/p>\n<p style=\"text-align: justify;\"><span style=\"font-weight: 400;\">El resultat \u00e9s realment preci\u00f3s, una mostra de creativitat, cooperaci\u00f3 i dedicaci\u00f3. Cal agrair sincerament, a les fam\u00edlies per l\u2019esfor\u00e7, l\u2019entusiasme i l\u2019enginy invertits en la confecci\u00f3 d\u2019aquestes disfresses espectaculars, que no nom\u00e9s han aportat color i alegria, sin\u00f3 que tamb\u00e9 han reflectit l\u2019amor i la passi\u00f3 per fer d\u2019aquest esdeveniment un moment inoblidable.<\/span><\/p>\n<p>&nbsp;<\/p>\n<p>&nbsp;<\/p>\n<p><a href=\"https:\/\/agora.xtec.cat\/ceipanxaneta\/wp-content\/uploads\/usu2001\/2024\/10\/fletxa-anxaneta.png\"><img loading=\"lazy\" decoding=\"async\" class=\"alignnone wp-image-1488 size-large\" src=\"https:\/\/agora.xtec.cat\/ceipanxaneta\/wp-content\/uploads\/usu2001\/2025\/01\/FOLLET-VALENT-e1737558416201-1024x482.png\" alt=\"\" width=\"1024\" height=\"482\" srcset=\"https:\/\/agora.xtec.cat\/ceipanxaneta\/wp-content\/uploads\/usu2001\/2025\/01\/FOLLET-VALENT-e1737558416201-1024x482.png 1024w, https:\/\/agora.xtec.cat\/ceipanxaneta\/wp-content\/uploads\/usu2001\/2025\/01\/FOLLET-VALENT-e1737558416201-300x141.png 300w, https:\/\/agora.xtec.cat\/ceipanxaneta\/wp-content\/uploads\/usu2001\/2025\/01\/FOLLET-VALENT-e1737558416201-768x361.png 768w, https:\/\/agora.xtec.cat\/ceipanxaneta\/wp-content\/uploads\/usu2001\/2025\/01\/FOLLET-VALENT-e1737558416201.png 1535w\" sizes=\"auto, (max-width: 1024px) 100vw, 1024px\" \/><\/a><\/p>\n<p style=\"text-align: center;\">\n","protected":false},"excerpt":{"rendered":"<p>A segon de prim\u00e0ria un dels projectes que es realitza \u00e9s la cantata del \u201cFollet Valent\u201d, amb m\u00fasica de N\u00faria Juanet i textos de Rosa Nogu\u00e9 i Clara Ripoll. La cantata \u00e9s un conte cantat i teatralitzat, els alumnes el representen al voltant de finals de curs, al teatre de l\u2019escola amb l\u2019assist\u00e8ncia dels familiars [&hellip;]<\/p>\n","protected":false},"author":1,"featured_media":0,"parent":0,"menu_order":0,"comment_status":"closed","ping_status":"closed","template":"","meta":{"_bbp_topic_count":0,"_bbp_reply_count":0,"_bbp_total_topic_count":0,"_bbp_total_reply_count":0,"_bbp_voice_count":0,"_bbp_anonymous_reply_count":0,"_bbp_topic_count_hidden":0,"_bbp_reply_count_hidden":0,"_bbp_forum_subforum_count":0,"site-sidebar-layout":"default","site-content-layout":"","ast-site-content-layout":"default","site-content-style":"default","site-sidebar-style":"default","ast-global-header-display":"","ast-banner-title-visibility":"","ast-main-header-display":"","ast-hfb-above-header-display":"","ast-hfb-below-header-display":"","ast-hfb-mobile-header-display":"","site-post-title":"","ast-breadcrumbs-content":"","ast-featured-img":"","footer-sml-layout":"","theme-transparent-header-meta":"default","adv-header-id-meta":"","stick-header-meta":"","header-above-stick-meta":"","header-main-stick-meta":"","header-below-stick-meta":"","astra-migrate-meta-layouts":"set","ast-page-background-enabled":"default","ast-page-background-meta":{"desktop":{"background-color":"var(--ast-global-color-4)","background-image":"","background-repeat":"repeat","background-position":"center center","background-size":"auto","background-attachment":"scroll","background-type":"","background-media":"","overlay-type":"","overlay-color":"","overlay-opacity":"","overlay-gradient":""},"tablet":{"background-color":"","background-image":"","background-repeat":"repeat","background-position":"center center","background-size":"auto","background-attachment":"scroll","background-type":"","background-media":"","overlay-type":"","overlay-color":"","overlay-opacity":"","overlay-gradient":""},"mobile":{"background-color":"","background-image":"","background-repeat":"repeat","background-position":"center center","background-size":"auto","background-attachment":"scroll","background-type":"","background-media":"","overlay-type":"","overlay-color":"","overlay-opacity":"","overlay-gradient":""}},"ast-content-background-meta":{"desktop":{"background-color":"var(--ast-global-color-5)","background-image":"","background-repeat":"repeat","background-position":"center center","background-size":"auto","background-attachment":"scroll","background-type":"","background-media":"","overlay-type":"","overlay-color":"","overlay-opacity":"","overlay-gradient":""},"tablet":{"background-color":"var(--ast-global-color-5)","background-image":"","background-repeat":"repeat","background-position":"center center","background-size":"auto","background-attachment":"scroll","background-type":"","background-media":"","overlay-type":"","overlay-color":"","overlay-opacity":"","overlay-gradient":""},"mobile":{"background-color":"var(--ast-global-color-5)","background-image":"","background-repeat":"repeat","background-position":"center center","background-size":"auto","background-attachment":"scroll","background-type":"","background-media":"","overlay-type":"","overlay-color":"","overlay-opacity":"","overlay-gradient":""}},"footnotes":""},"class_list":["post-924","page","type-page","status-publish","hentry"],"post_mailing_queue_ids":[],"_links":{"self":[{"href":"https:\/\/agora.xtec.cat\/ceipanxaneta\/wp-json\/wp\/v2\/pages\/924","targetHints":{"allow":["GET"]}}],"collection":[{"href":"https:\/\/agora.xtec.cat\/ceipanxaneta\/wp-json\/wp\/v2\/pages"}],"about":[{"href":"https:\/\/agora.xtec.cat\/ceipanxaneta\/wp-json\/wp\/v2\/types\/page"}],"author":[{"embeddable":true,"href":"https:\/\/agora.xtec.cat\/ceipanxaneta\/wp-json\/wp\/v2\/users\/1"}],"replies":[{"embeddable":true,"href":"https:\/\/agora.xtec.cat\/ceipanxaneta\/wp-json\/wp\/v2\/comments?post=924"}],"version-history":[{"count":6,"href":"https:\/\/agora.xtec.cat\/ceipanxaneta\/wp-json\/wp\/v2\/pages\/924\/revisions"}],"predecessor-version":[{"id":1741,"href":"https:\/\/agora.xtec.cat\/ceipanxaneta\/wp-json\/wp\/v2\/pages\/924\/revisions\/1741"}],"wp:attachment":[{"href":"https:\/\/agora.xtec.cat\/ceipanxaneta\/wp-json\/wp\/v2\/media?parent=924"}],"curies":[{"name":"wp","href":"https:\/\/api.w.org\/{rel}","templated":true}]}}

<p style="text-align: justify;"><span style="font-weight: 400;">A segon de primària un dels projectes que es realitza és la cantata del “Follet Valent”, amb música de Núria Juanet i textos de Rosa Nogué i Clara Ripoll.</span></p>
<p style="text-align: justify;"><span style="font-weight: 400;">La cantata és un conte cantat i teatralitzat, els alumnes el representen al voltant de finals de curs, al teatre de l’escola amb l’assistència dels familiars com a públic. L’alumnat viu una experiència ben entretinguda i sensorial amb la que poden descobrir diferents personatges, històries i cançons.  Amb aquesta activitat es fomenta la imaginació obligant-los a crear imatges en el seu cervell. Amplien el vocabulari i la capacitat per expressar-se millor.</span></p>
<p style="text-align: justify;"><span style="font-weight: 400;">Durant tot el curs, a les sessions de música, els alumnes treballen intensament en la preparació de les dotze cançons que formen part de l’espectacle final. Cada una d’elles es perfecciona mitjançant la pràctica i l’assaig, sobre aspectes reforçats amb la coordinació vocal, la interpretació i el ritme. Paral·lelament, els personatges que apareixen a les lletres de les cançons, a més dels textos dels narradors es treballen a l’aula, a les sessions de llengua. En aquestes sessions, no es treballa només la comprensió i expressió oral, sinó també la creativitat i la capacitat d’interpretació, de manera que els alumnes poden aprofundir en el significat i la personalitat de cada personatge. Tot això va contribuir a una experiència educativa completa i integradora, que vincula la música i la llengua.</span></p>
<p style="text-align: justify;"><span style="font-weight: 400;">El resultat és realment preciós, una mostra de creativitat, cooperació i dedicació. Cal agrair sincerament, a les famílies per l’esforç, l’entusiasme i l’enginy invertits en la confecció d’aquestes disfresses espectaculars, que no només han aportat color i alegria, sinó que també han reflectit l’amor i la passió per fer d’aquest esdeveniment un moment inoblidable.</span></p>
<p>&nbsp;</p>
<p>&nbsp;</p>
<p><a href="https://agora.xtec.cat/ceipanxaneta/wp-content/uploads/usu2001/2024/10/fletxa-anxaneta.png"><img loading="lazy" decoding="async" class="alignnone wp-image-1488 size-large" src="https://agora.xtec.cat/ceipanxaneta/wp-content/uploads/usu2001/2025/01/FOLLET-VALENT-e1737558416201-1024x482.png" alt="" width="1024" height="482" srcset="https://agora.xtec.cat/ceipanxaneta/wp-content/uploads/usu2001/2025/01/FOLLET-VALENT-e1737558416201-1024x482.png 1024w, https://agora.xtec.cat/ceipanxaneta/wp-content/uploads/usu2001/2025/01/FOLLET-VALENT-e1737558416201-300x141.png 300w, https://agora.xtec.cat/ceipanxaneta/wp-content/uploads/usu2001/2025/01/FOLLET-VALENT-e1737558416201-768x361.png 768w, https://agora.xtec.cat/ceipanxaneta/wp-content/uploads/usu2001/2025/01/FOLLET-VALENT-e1737558416201.png 1535w" sizes="auto, (max-width: 1024px) 100vw, 1024px" /></a></p>
<p style="text-align: center;">

<p>A segon de primària un dels projectes que es realitza és la cantata del “Follet Valent”, amb música de Núria Juanet i textos de Rosa Nogué i Clara Ripoll. La cantata és un conte cantat i teatralitzat, els alumnes el representen al voltant de finals de curs, al teatre de l’escola amb l’assistència dels familiars [&hellip;]</p>
