{"id":26,"date":"2014-09-18T12:24:32","date_gmt":"2014-09-18T11:24:32","guid":{"rendered":"http:\/\/agora.xtec.cat\/ceipanxaneta\/?page_id=26"},"modified":"2026-01-22T13:05:57","modified_gmt":"2026-01-22T12:05:57","slug":"historia","status":"publish","type":"page","link":"https:\/\/agora.xtec.cat\/ceipanxaneta\/lescola\/historia\/","title":{"rendered":"Hist\u00f2ria"},"content":{"rendered":"<p>L\u2019escola Anxaneta \u00e9s una escola d\u2019infantil i prim\u00e0ria situada a una poblaci\u00f3 costanera de 128.956<br \/>\nhabitants (dades IDESCAT 12\/11\/2023) a 100 metres de la platja i d&#8217;una riera amb una activitat<br \/>\nagr\u00edcola destacable.<\/p>\n<p>Es troba al Barri de l&#8217;Havana, al centre de Matar\u00f3, al\u00a0 carrer Sol\u00eds, 2 bis.\u00a0El barri \u00e9s eminentment familiar, de naturalesa residencial que, curiosament, t\u00e9 un car\u00e0cter m\u00e9s de Centre a vegades que el mateix centre hist\u00f2ric de la ciutat.<\/p>\n<p><img loading=\"lazy\" decoding=\"async\" class=\"wp-image-1533 aligncenter\" src=\"https:\/\/agora.xtec.cat\/ceipanxaneta\/wp-content\/uploads\/usu2001\/2025\/02\/antiga-escola-anxaneta2-1024x576.png\" alt=\"\" width=\"532\" height=\"299\" srcset=\"https:\/\/agora.xtec.cat\/ceipanxaneta\/wp-content\/uploads\/usu2001\/2025\/02\/antiga-escola-anxaneta2-1024x576.png 1024w, https:\/\/agora.xtec.cat\/ceipanxaneta\/wp-content\/uploads\/usu2001\/2025\/02\/antiga-escola-anxaneta2-300x169.png 300w, https:\/\/agora.xtec.cat\/ceipanxaneta\/wp-content\/uploads\/usu2001\/2025\/02\/antiga-escola-anxaneta2-768x432.png 768w, https:\/\/agora.xtec.cat\/ceipanxaneta\/wp-content\/uploads\/usu2001\/2025\/02\/antiga-escola-anxaneta2.png 1280w\" sizes=\"auto, (max-width: 532px) 100vw, 532px\" \/><\/p>\n<p style=\"text-align: right;\"><em>Caserna de la Gu\u00e0rdia Civil de La Habana. Font foto: Juan Grau<\/em><\/p>\n<p><img loading=\"lazy\" decoding=\"async\" class=\"wp-image-1534 aligncenter\" src=\"https:\/\/agora.xtec.cat\/ceipanxaneta\/wp-content\/uploads\/usu2001\/2025\/02\/antiga-escola-anxaneta3-1024x576.png\" alt=\"\" width=\"808\" height=\"454\" srcset=\"https:\/\/agora.xtec.cat\/ceipanxaneta\/wp-content\/uploads\/usu2001\/2025\/02\/antiga-escola-anxaneta3-1024x576.png 1024w, https:\/\/agora.xtec.cat\/ceipanxaneta\/wp-content\/uploads\/usu2001\/2025\/02\/antiga-escola-anxaneta3-300x169.png 300w, https:\/\/agora.xtec.cat\/ceipanxaneta\/wp-content\/uploads\/usu2001\/2025\/02\/antiga-escola-anxaneta3-768x432.png 768w, https:\/\/agora.xtec.cat\/ceipanxaneta\/wp-content\/uploads\/usu2001\/2025\/02\/antiga-escola-anxaneta3.png 1280w\" sizes=\"auto, (max-width: 808px) 100vw, 808px\" \/><\/p>\n<p style=\"text-align: right;\"><em>Escola anxaneta en obres. Una imatge de l&#8217;edifici de l&#8217;antic convent del Carme. Font imatge: A. Estallo.<\/em><\/p>\n<p>Anxaneta va ser fundada el 4 d\u2019octubre del 1965 fruit dels desig d&#8217;un grup de pares i mares d&#8217;oferir als seus fills un ensenyament\u00a0 alternatiu al que imperava a altres escoles de l&#8217;\u00e8poca on la r\u00e0tio per aula era molt elevada, on es separava els nens de les nenes i on l&#8217;educaci\u00f3\u00a0 es confonia en simple instrucci\u00f3. \u00c9s aix\u00ed com va sorgir una escola catalana, arrelada a la ciutat, coeducadora, de tarann\u00e0 cooperatiu on\u00a0 s&#8217;aplicava la pedagogia activa i renovadora, on es mirava m\u00e9s enll\u00e0 de l&#8217;aprenentatge dels coneixements i es vetllava pel creixement integral\u00a0 dels seus alumnes. L&#8217;escola es funda com a cooperativa de fam\u00edlies que apostava per un ensenyament alternatiu al model d&#8217;escola tradicional.<\/p>\n<p><img loading=\"lazy\" decoding=\"async\" class=\"wp-image-1529 aligncenter\" src=\"https:\/\/agora.xtec.cat\/ceipanxaneta\/wp-content\/uploads\/usu2001\/2025\/02\/50-anys-anxaneta-1024x576.png\" alt=\"\" width=\"1005\" height=\"565\" srcset=\"https:\/\/agora.xtec.cat\/ceipanxaneta\/wp-content\/uploads\/usu2001\/2025\/02\/50-anys-anxaneta-1024x576.png 1024w, https:\/\/agora.xtec.cat\/ceipanxaneta\/wp-content\/uploads\/usu2001\/2025\/02\/50-anys-anxaneta-300x169.png 300w, https:\/\/agora.xtec.cat\/ceipanxaneta\/wp-content\/uploads\/usu2001\/2025\/02\/50-anys-anxaneta-768x432.png 768w, https:\/\/agora.xtec.cat\/ceipanxaneta\/wp-content\/uploads\/usu2001\/2025\/02\/50-anys-anxaneta.png 1280w\" sizes=\"auto, (max-width: 1005px) 100vw, 1005px\" \/><\/p>\n<p style=\"text-align: right;\"><em>Font imatge: Tot Matar\u00f3: L&#8217;Anxaneta, 50 anys d&#8217;identitat pr\u00f2pia.<\/em><\/p>\n<p><span style=\"font-family: inherit; font-size: 1em;\">L&#8217;any 1987, per voluntat dels seus propietaris i accionistes l&#8217;escola va passar a la xarxa p\u00fablica del Departament d&#8217;Ensenyament de la\u00a0 Generalitat de Catalunya, anys despr\u00e9s es va fusionar amb una altra escol\u00e0 p\u00fablica anomenada Ravalet.\u00a0<\/span><\/p>\n<p><img loading=\"lazy\" decoding=\"async\" class=\"wp-image-1530 aligncenter\" src=\"https:\/\/agora.xtec.cat\/ceipanxaneta\/wp-content\/uploads\/usu2001\/2025\/02\/antiga-escola-anxaneta-1024x576.png\" alt=\"\" width=\"505\" height=\"284\" srcset=\"https:\/\/agora.xtec.cat\/ceipanxaneta\/wp-content\/uploads\/usu2001\/2025\/02\/antiga-escola-anxaneta-1024x576.png 1024w, https:\/\/agora.xtec.cat\/ceipanxaneta\/wp-content\/uploads\/usu2001\/2025\/02\/antiga-escola-anxaneta-300x169.png 300w, https:\/\/agora.xtec.cat\/ceipanxaneta\/wp-content\/uploads\/usu2001\/2025\/02\/antiga-escola-anxaneta-768x432.png 768w, https:\/\/agora.xtec.cat\/ceipanxaneta\/wp-content\/uploads\/usu2001\/2025\/02\/antiga-escola-anxaneta.png 1280w\" sizes=\"auto, (max-width: 505px) 100vw, 505px\" \/><\/p>\n<p style=\"text-align: right;\"><em>Antiga Escola Anxaneta, quan estava ubicada a l&#8217;edifici que actualment ocupa l&#8217;Escola Joan Coromines<img loading=\"lazy\" decoding=\"async\" class=\"wp-image-1535 aligncenter\" src=\"https:\/\/agora.xtec.cat\/ceipanxaneta\/wp-content\/uploads\/usu2001\/2025\/02\/antiga-escola-anxaneta4-1024x576.png\" alt=\"\" width=\"653\" height=\"367\" srcset=\"https:\/\/agora.xtec.cat\/ceipanxaneta\/wp-content\/uploads\/usu2001\/2025\/02\/antiga-escola-anxaneta4-1024x576.png 1024w, https:\/\/agora.xtec.cat\/ceipanxaneta\/wp-content\/uploads\/usu2001\/2025\/02\/antiga-escola-anxaneta4-300x169.png 300w, https:\/\/agora.xtec.cat\/ceipanxaneta\/wp-content\/uploads\/usu2001\/2025\/02\/antiga-escola-anxaneta4-768x432.png 768w, https:\/\/agora.xtec.cat\/ceipanxaneta\/wp-content\/uploads\/usu2001\/2025\/02\/antiga-escola-anxaneta4.png 1280w\" sizes=\"auto, (max-width: 653px) 100vw, 653px\" \/><\/em><\/p>\n<p style=\"text-align: right;\"><em>Font imatge: Capgr\u00f2s Matar\u00f3<\/em><\/p>\n<p>Actualment, l&#8217;Escola Anxaneta \u00e9s un centre de dues l\u00ednies d&#8217;Educaci\u00f3 Infantil i dues de Prim\u00e0ria que pertany a la xarxa p\u00fablica del\u00a0 Departament d&#8217;Educaci\u00f3 i Formaci\u00f3 Professional, i es regeix per la seva normativa tant pel que fa a funcionament com a assignaci\u00f3 del professorat.<\/p>\n<p>L&#8217;escola Anxaneta \u00e9s una escola de refer\u00e8ncia a la ciutat precisament per la seva hist\u00f2ria que l\u2019ha definit i reconegut com una escola d\u2019impuls pedag\u00f2gic des dels seus inicis.<\/p>\n<p>La matr\u00edcula del centre est\u00e0 molt subjecta a canvis degut a la mobilitat de l&#8217;alumnat de nova incorporaci\u00f3 i disposa d&#8217;aula d\u2019acollida.<\/p>\n<p style=\"text-align: left;\"><a href=\"https:\/\/agora.xtec.cat\/ceipanxaneta\/wp-content\/uploads\/usu2001\/2024\/03\/20080520093002.jpg\"><img loading=\"lazy\" decoding=\"async\" class=\"size-full wp-image-689 aligncenter\" src=\"https:\/\/agora.xtec.cat\/ceipanxaneta\/wp-content\/uploads\/usu2001\/2024\/03\/20080520093002.jpg\" alt=\"\" width=\"450\" height=\"301\" srcset=\"https:\/\/agora.xtec.cat\/ceipanxaneta\/wp-content\/uploads\/usu2001\/2024\/03\/20080520093002.jpg 450w, https:\/\/agora.xtec.cat\/ceipanxaneta\/wp-content\/uploads\/usu2001\/2024\/03\/20080520093002-300x201.jpg 300w\" sizes=\"auto, (max-width: 450px) 100vw, 450px\" \/><\/a><\/p>\n<p style=\"text-align: left;\">El curs 2024-2025 tenim 411 alumnes del centre repartits entre les tres comunitats: petits (I3, I4 i I5), mitjans (1r, 2n i 3r) i grans (4t, 5\u00e8 i 6\u00e8).<\/p>\n<p>&nbsp;<\/p>\n","protected":false},"excerpt":{"rendered":"<p>L\u2019escola Anxaneta \u00e9s una escola d\u2019infantil i prim\u00e0ria situada a una poblaci\u00f3 costanera de 128.956 habitants (dades IDESCAT 12\/11\/2023) a 100 metres de la platja i d&#8217;una riera amb una activitat agr\u00edcola destacable. Es troba al Barri de l&#8217;Havana, al centre de Matar\u00f3, al\u00a0 carrer Sol\u00eds, 2 bis.\u00a0El barri \u00e9s eminentment familiar, de naturalesa residencial [&hellip;]<\/p>\n","protected":false},"author":1,"featured_media":0,"parent":22,"menu_order":20,"comment_status":"closed","ping_status":"closed","template":"","meta":{"_bbp_topic_count":0,"_bbp_reply_count":0,"_bbp_total_topic_count":0,"_bbp_total_reply_count":0,"_bbp_voice_count":0,"_bbp_anonymous_reply_count":0,"_bbp_topic_count_hidden":0,"_bbp_reply_count_hidden":0,"_bbp_forum_subforum_count":0,"site-sidebar-layout":"default","site-content-layout":"","ast-site-content-layout":"default","site-content-style":"default","site-sidebar-style":"default","ast-global-header-display":"","ast-banner-title-visibility":"","ast-main-header-display":"","ast-hfb-above-header-display":"","ast-hfb-below-header-display":"","ast-hfb-mobile-header-display":"","site-post-title":"","ast-breadcrumbs-content":"","ast-featured-img":"","footer-sml-layout":"","theme-transparent-header-meta":"default","adv-header-id-meta":"","stick-header-meta":"","header-above-stick-meta":"","header-main-stick-meta":"","header-below-stick-meta":"","astra-migrate-meta-layouts":"set","ast-page-background-enabled":"default","ast-page-background-meta":{"desktop":{"background-color":"var(--ast-global-color-4)","background-image":"","background-repeat":"repeat","background-position":"center center","background-size":"auto","background-attachment":"scroll","background-type":"","background-media":"","overlay-type":"","overlay-color":"","overlay-opacity":"","overlay-gradient":""},"tablet":{"background-color":"","background-image":"","background-repeat":"repeat","background-position":"center center","background-size":"auto","background-attachment":"scroll","background-type":"","background-media":"","overlay-type":"","overlay-color":"","overlay-opacity":"","overlay-gradient":""},"mobile":{"background-color":"","background-image":"","background-repeat":"repeat","background-position":"center center","background-size":"auto","background-attachment":"scroll","background-type":"","background-media":"","overlay-type":"","overlay-color":"","overlay-opacity":"","overlay-gradient":""}},"ast-content-background-meta":{"desktop":{"background-color":"var(--ast-global-color-5)","background-image":"","background-repeat":"repeat","background-position":"center center","background-size":"auto","background-attachment":"scroll","background-type":"","background-media":"","overlay-type":"","overlay-color":"","overlay-opacity":"","overlay-gradient":""},"tablet":{"background-color":"var(--ast-global-color-5)","background-image":"","background-repeat":"repeat","background-position":"center center","background-size":"auto","background-attachment":"scroll","background-type":"","background-media":"","overlay-type":"","overlay-color":"","overlay-opacity":"","overlay-gradient":""},"mobile":{"background-color":"var(--ast-global-color-5)","background-image":"","background-repeat":"repeat","background-position":"center center","background-size":"auto","background-attachment":"scroll","background-type":"","background-media":"","overlay-type":"","overlay-color":"","overlay-opacity":"","overlay-gradient":""}},"footnotes":""},"class_list":["post-26","page","type-page","status-publish","hentry"],"post_mailing_queue_ids":[],"_links":{"self":[{"href":"https:\/\/agora.xtec.cat\/ceipanxaneta\/wp-json\/wp\/v2\/pages\/26","targetHints":{"allow":["GET"]}}],"collection":[{"href":"https:\/\/agora.xtec.cat\/ceipanxaneta\/wp-json\/wp\/v2\/pages"}],"about":[{"href":"https:\/\/agora.xtec.cat\/ceipanxaneta\/wp-json\/wp\/v2\/types\/page"}],"author":[{"embeddable":true,"href":"https:\/\/agora.xtec.cat\/ceipanxaneta\/wp-json\/wp\/v2\/users\/1"}],"replies":[{"embeddable":true,"href":"https:\/\/agora.xtec.cat\/ceipanxaneta\/wp-json\/wp\/v2\/comments?post=26"}],"version-history":[{"count":6,"href":"https:\/\/agora.xtec.cat\/ceipanxaneta\/wp-json\/wp\/v2\/pages\/26\/revisions"}],"predecessor-version":[{"id":1808,"href":"https:\/\/agora.xtec.cat\/ceipanxaneta\/wp-json\/wp\/v2\/pages\/26\/revisions\/1808"}],"up":[{"embeddable":true,"href":"https:\/\/agora.xtec.cat\/ceipanxaneta\/wp-json\/wp\/v2\/pages\/22"}],"wp:attachment":[{"href":"https:\/\/agora.xtec.cat\/ceipanxaneta\/wp-json\/wp\/v2\/media?parent=26"}],"curies":[{"name":"wp","href":"https:\/\/api.w.org\/{rel}","templated":true}]}}

Història

<p>L’escola Anxaneta és una escola d’infantil i primària situada a una població costanera de 128.956<br />
habitants (dades IDESCAT 12/11/2023) a 100 metres de la platja i d&#8217;una riera amb una activitat<br />
agrícola destacable.</p>
<p>Es troba al Barri de l&#8217;Havana, al centre de Mataró, al  carrer Solís, 2 bis. El barri és eminentment familiar, de naturalesa residencial que, curiosament, té un caràcter més de Centre a vegades que el mateix centre històric de la ciutat.</p>
<p><img loading="lazy" decoding="async" class="wp-image-1533 aligncenter" src="https://agora.xtec.cat/ceipanxaneta/wp-content/uploads/usu2001/2025/02/antiga-escola-anxaneta2-1024x576.png" alt="" width="532" height="299" srcset="https://agora.xtec.cat/ceipanxaneta/wp-content/uploads/usu2001/2025/02/antiga-escola-anxaneta2-1024x576.png 1024w, https://agora.xtec.cat/ceipanxaneta/wp-content/uploads/usu2001/2025/02/antiga-escola-anxaneta2-300x169.png 300w, https://agora.xtec.cat/ceipanxaneta/wp-content/uploads/usu2001/2025/02/antiga-escola-anxaneta2-768x432.png 768w, https://agora.xtec.cat/ceipanxaneta/wp-content/uploads/usu2001/2025/02/antiga-escola-anxaneta2.png 1280w" sizes="auto, (max-width: 532px) 100vw, 532px" /></p>
<p style="text-align: right;"><em>Caserna de la Guàrdia Civil de La Habana. Font foto: Juan Grau</em></p>
<p><img loading="lazy" decoding="async" class="wp-image-1534 aligncenter" src="https://agora.xtec.cat/ceipanxaneta/wp-content/uploads/usu2001/2025/02/antiga-escola-anxaneta3-1024x576.png" alt="" width="808" height="454" srcset="https://agora.xtec.cat/ceipanxaneta/wp-content/uploads/usu2001/2025/02/antiga-escola-anxaneta3-1024x576.png 1024w, https://agora.xtec.cat/ceipanxaneta/wp-content/uploads/usu2001/2025/02/antiga-escola-anxaneta3-300x169.png 300w, https://agora.xtec.cat/ceipanxaneta/wp-content/uploads/usu2001/2025/02/antiga-escola-anxaneta3-768x432.png 768w, https://agora.xtec.cat/ceipanxaneta/wp-content/uploads/usu2001/2025/02/antiga-escola-anxaneta3.png 1280w" sizes="auto, (max-width: 808px) 100vw, 808px" /></p>
<p style="text-align: right;"><em>Escola anxaneta en obres. Una imatge de l&#8217;edifici de l&#8217;antic convent del Carme. Font imatge: A. Estallo.</em></p>
<p>Anxaneta va ser fundada el 4 d’octubre del 1965 fruit dels desig d&#8217;un grup de pares i mares d&#8217;oferir als seus fills un ensenyament  alternatiu al que imperava a altres escoles de l&#8217;època on la ràtio per aula era molt elevada, on es separava els nens de les nenes i on l&#8217;educació  es confonia en simple instrucció. És així com va sorgir una escola catalana, arrelada a la ciutat, coeducadora, de tarannà cooperatiu on  s&#8217;aplicava la pedagogia activa i renovadora, on es mirava més enllà de l&#8217;aprenentatge dels coneixements i es vetllava pel creixement integral  dels seus alumnes. L&#8217;escola es funda com a cooperativa de famílies que apostava per un ensenyament alternatiu al model d&#8217;escola tradicional.</p>
<p><img loading="lazy" decoding="async" class="wp-image-1529 aligncenter" src="https://agora.xtec.cat/ceipanxaneta/wp-content/uploads/usu2001/2025/02/50-anys-anxaneta-1024x576.png" alt="" width="1005" height="565" srcset="https://agora.xtec.cat/ceipanxaneta/wp-content/uploads/usu2001/2025/02/50-anys-anxaneta-1024x576.png 1024w, https://agora.xtec.cat/ceipanxaneta/wp-content/uploads/usu2001/2025/02/50-anys-anxaneta-300x169.png 300w, https://agora.xtec.cat/ceipanxaneta/wp-content/uploads/usu2001/2025/02/50-anys-anxaneta-768x432.png 768w, https://agora.xtec.cat/ceipanxaneta/wp-content/uploads/usu2001/2025/02/50-anys-anxaneta.png 1280w" sizes="auto, (max-width: 1005px) 100vw, 1005px" /></p>
<p style="text-align: right;"><em>Font imatge: Tot Mataró: L&#8217;Anxaneta, 50 anys d&#8217;identitat pròpia.</em></p>
<p><span style="font-family: inherit; font-size: 1em;">L&#8217;any 1987, per voluntat dels seus propietaris i accionistes l&#8217;escola va passar a la xarxa pública del Departament d&#8217;Ensenyament de la  Generalitat de Catalunya, anys després es va fusionar amb una altra escolà pública anomenada Ravalet. </span></p>
<p><img loading="lazy" decoding="async" class="wp-image-1530 aligncenter" src="https://agora.xtec.cat/ceipanxaneta/wp-content/uploads/usu2001/2025/02/antiga-escola-anxaneta-1024x576.png" alt="" width="505" height="284" srcset="https://agora.xtec.cat/ceipanxaneta/wp-content/uploads/usu2001/2025/02/antiga-escola-anxaneta-1024x576.png 1024w, https://agora.xtec.cat/ceipanxaneta/wp-content/uploads/usu2001/2025/02/antiga-escola-anxaneta-300x169.png 300w, https://agora.xtec.cat/ceipanxaneta/wp-content/uploads/usu2001/2025/02/antiga-escola-anxaneta-768x432.png 768w, https://agora.xtec.cat/ceipanxaneta/wp-content/uploads/usu2001/2025/02/antiga-escola-anxaneta.png 1280w" sizes="auto, (max-width: 505px) 100vw, 505px" /></p>
<p style="text-align: right;"><em>Antiga Escola Anxaneta, quan estava ubicada a l&#8217;edifici que actualment ocupa l&#8217;Escola Joan Coromines<img loading="lazy" decoding="async" class="wp-image-1535 aligncenter" src="https://agora.xtec.cat/ceipanxaneta/wp-content/uploads/usu2001/2025/02/antiga-escola-anxaneta4-1024x576.png" alt="" width="653" height="367" srcset="https://agora.xtec.cat/ceipanxaneta/wp-content/uploads/usu2001/2025/02/antiga-escola-anxaneta4-1024x576.png 1024w, https://agora.xtec.cat/ceipanxaneta/wp-content/uploads/usu2001/2025/02/antiga-escola-anxaneta4-300x169.png 300w, https://agora.xtec.cat/ceipanxaneta/wp-content/uploads/usu2001/2025/02/antiga-escola-anxaneta4-768x432.png 768w, https://agora.xtec.cat/ceipanxaneta/wp-content/uploads/usu2001/2025/02/antiga-escola-anxaneta4.png 1280w" sizes="auto, (max-width: 653px) 100vw, 653px" /></em></p>
<p style="text-align: right;"><em>Font imatge: Capgròs Mataró</em></p>
<p>Actualment, l&#8217;Escola Anxaneta és un centre de dues línies d&#8217;Educació Infantil i dues de Primària que pertany a la xarxa pública del  Departament d&#8217;Educació i Formació Professional, i es regeix per la seva normativa tant pel que fa a funcionament com a assignació del professorat.</p>
<p>L&#8217;escola Anxaneta és una escola de referència a la ciutat precisament per la seva història que l’ha definit i reconegut com una escola d’impuls pedagògic des dels seus inicis.</p>
<p>La matrícula del centre està molt subjecta a canvis degut a la mobilitat de l&#8217;alumnat de nova incorporació i disposa d&#8217;aula d’acollida.</p>
<p style="text-align: left;"><a href="https://agora.xtec.cat/ceipanxaneta/wp-content/uploads/usu2001/2024/03/20080520093002.jpg"><img loading="lazy" decoding="async" class="size-full wp-image-689 aligncenter" src="https://agora.xtec.cat/ceipanxaneta/wp-content/uploads/usu2001/2024/03/20080520093002.jpg" alt="" width="450" height="301" srcset="https://agora.xtec.cat/ceipanxaneta/wp-content/uploads/usu2001/2024/03/20080520093002.jpg 450w, https://agora.xtec.cat/ceipanxaneta/wp-content/uploads/usu2001/2024/03/20080520093002-300x201.jpg 300w" sizes="auto, (max-width: 450px) 100vw, 450px" /></a></p>
<p style="text-align: left;">El curs 2024-2025 tenim 411 alumnes del centre repartits entre les tres comunitats: petits (I3, I4 i I5), mitjans (1r, 2n i 3r) i grans (4t, 5è i 6è).</p>
<p>&nbsp;</p>

<p>L’escola Anxaneta és una escola d’infantil i primària situada a una població costanera de 128.956 habitants (dades IDESCAT 12/11/2023) a 100 metres de la platja i d&#8217;una riera amb una activitat agrícola destacable. Es troba al Barri de l&#8217;Havana, al centre de Mataró, al  carrer Solís, 2 bis. El barri és eminentment familiar, de naturalesa residencial [&hellip;]</p>
