{"id":1270,"date":"2024-11-19T09:56:29","date_gmt":"2024-11-19T08:56:29","guid":{"rendered":"https:\/\/agora.xtec.cat\/ceipanxaneta\/?page_id=1270"},"modified":"2026-01-22T13:18:38","modified_gmt":"2026-01-22T12:18:38","slug":"treball-cooperatiu","status":"publish","type":"page","link":"https:\/\/agora.xtec.cat\/ceipanxaneta\/treball-cooperatiu\/","title":{"rendered":"Treball cooperatiu"},"content":{"rendered":"<p style=\"text-align: justify;\">El treball cooperatiu respon a una concepci\u00f3 de l&#8217;educaci\u00f3 oberta, flexible i participativa que \u00e9s el nucli de les societats democr\u00e0tiques. L&#8217;aprenentatge cooperatiu proposa un enfocament de les situacions d&#8217;ensenyament-aprenentatge basades en les interaccions socials i pret\u00e9n que els alumnes es vinculin estretament entre ells, de manera que cada un sap que el seu esfor\u00e7 personal ajuda els companys a aconseguir l\u2019\u00e8xit tant a nivell grupal com individual.<\/p>\n<p style=\"text-align: justify;\">Avantatges del treball cooperatiu:<br \/>\n\u00b7 Permet la distribuci\u00f3 de l&#8217;alumnat en petits grups heterogenis de 4\/5 alumnes.<br \/>\n\u00b7 Pren com a objectiu que el grup arribi a assolir una meta comuna i, per aconseguir-la, l&#8217;\u00e8xit dels companys \u00e9s tan important com el propi \u00e8xit. Per tant, es busca que cadasc\u00fa rendeixi aportant el millor d&#8217;ell mateix per aconseguir els millors resultats grupals.<br \/>\n\u00b7 Tots els membres del grup comparteixen el lideratge perqu\u00e8 tots comparteixen la responsabilitat en les seves accions i en l&#8217;evoluci\u00f3 dels aprenentatges del grup.<br \/>\n\u00b7 Basada en la teoria del conflicte s\u00f2ciocognitiu i la reestructuraci\u00f3 cognitiva, l&#8217;aprenentatge es produeix pel desequilibri cognitiu que es d\u00f3na en entrar en contacte amb els punts de vista dels altres, en integrar-los i en reestructurar-los els propis esquemes de coneixement.<br \/>\n\u00b7 Implica interdepend\u00e8ncia positiva i responsabilitat individual.<br \/>\n\u00b7 S&#8217;ensenyen directament les habilitats socials que els membres del grup necessiten per treballar en col\u00b7laboraci\u00f3 mentre es posen en pr\u00e0ctica.<br \/>\n\u00b7 Comporta la millor assimilaci\u00f3 i aplicaci\u00f3 dels coneixements analitzats i interpretats en grup.<\/p>\n<p><img loading=\"lazy\" decoding=\"async\" class=\"alignnone size-large wp-image-1479\" src=\"https:\/\/agora.xtec.cat\/ceipanxaneta\/wp-content\/uploads\/usu2001\/2025\/01\/portada-1024x564.png\" alt=\"\" width=\"1024\" height=\"564\" srcset=\"https:\/\/agora.xtec.cat\/ceipanxaneta\/wp-content\/uploads\/usu2001\/2025\/01\/portada-1024x564.png 1024w, https:\/\/agora.xtec.cat\/ceipanxaneta\/wp-content\/uploads\/usu2001\/2025\/01\/portada-300x165.png 300w, https:\/\/agora.xtec.cat\/ceipanxaneta\/wp-content\/uploads\/usu2001\/2025\/01\/portada-768x423.png 768w, https:\/\/agora.xtec.cat\/ceipanxaneta\/wp-content\/uploads\/usu2001\/2025\/01\/portada-1536x846.png 1536w, https:\/\/agora.xtec.cat\/ceipanxaneta\/wp-content\/uploads\/usu2001\/2025\/01\/portada.png 1600w\" sizes=\"auto, (max-width: 1024px) 100vw, 1024px\" \/><\/p>\n","protected":false},"excerpt":{"rendered":"<p>El treball cooperatiu respon a una concepci\u00f3 de l&#8217;educaci\u00f3 oberta, flexible i participativa que \u00e9s el nucli de les societats democr\u00e0tiques. L&#8217;aprenentatge cooperatiu proposa un enfocament de les situacions d&#8217;ensenyament-aprenentatge basades en les interaccions socials i pret\u00e9n que els alumnes es vinculin estretament entre ells, de manera que cada un sap que el seu esfor\u00e7 [&hellip;]<\/p>\n","protected":false},"author":1,"featured_media":0,"parent":0,"menu_order":0,"comment_status":"closed","ping_status":"closed","template":"","meta":{"_bbp_topic_count":0,"_bbp_reply_count":0,"_bbp_total_topic_count":0,"_bbp_total_reply_count":0,"_bbp_voice_count":0,"_bbp_anonymous_reply_count":0,"_bbp_topic_count_hidden":0,"_bbp_reply_count_hidden":0,"_bbp_forum_subforum_count":0,"site-sidebar-layout":"default","site-content-layout":"","ast-site-content-layout":"default","site-content-style":"default","site-sidebar-style":"default","ast-global-header-display":"","ast-banner-title-visibility":"","ast-main-header-display":"","ast-hfb-above-header-display":"","ast-hfb-below-header-display":"","ast-hfb-mobile-header-display":"","site-post-title":"","ast-breadcrumbs-content":"","ast-featured-img":"","footer-sml-layout":"","theme-transparent-header-meta":"default","adv-header-id-meta":"","stick-header-meta":"","header-above-stick-meta":"","header-main-stick-meta":"","header-below-stick-meta":"","astra-migrate-meta-layouts":"set","ast-page-background-enabled":"default","ast-page-background-meta":{"desktop":{"background-color":"var(--ast-global-color-4)","background-image":"","background-repeat":"repeat","background-position":"center center","background-size":"auto","background-attachment":"scroll","background-type":"","background-media":"","overlay-type":"","overlay-color":"","overlay-opacity":"","overlay-gradient":""},"tablet":{"background-color":"","background-image":"","background-repeat":"repeat","background-position":"center center","background-size":"auto","background-attachment":"scroll","background-type":"","background-media":"","overlay-type":"","overlay-color":"","overlay-opacity":"","overlay-gradient":""},"mobile":{"background-color":"","background-image":"","background-repeat":"repeat","background-position":"center center","background-size":"auto","background-attachment":"scroll","background-type":"","background-media":"","overlay-type":"","overlay-color":"","overlay-opacity":"","overlay-gradient":""}},"ast-content-background-meta":{"desktop":{"background-color":"var(--ast-global-color-5)","background-image":"","background-repeat":"repeat","background-position":"center center","background-size":"auto","background-attachment":"scroll","background-type":"","background-media":"","overlay-type":"","overlay-color":"","overlay-opacity":"","overlay-gradient":""},"tablet":{"background-color":"var(--ast-global-color-5)","background-image":"","background-repeat":"repeat","background-position":"center center","background-size":"auto","background-attachment":"scroll","background-type":"","background-media":"","overlay-type":"","overlay-color":"","overlay-opacity":"","overlay-gradient":""},"mobile":{"background-color":"var(--ast-global-color-5)","background-image":"","background-repeat":"repeat","background-position":"center center","background-size":"auto","background-attachment":"scroll","background-type":"","background-media":"","overlay-type":"","overlay-color":"","overlay-opacity":"","overlay-gradient":""}},"footnotes":""},"class_list":["post-1270","page","type-page","status-publish","hentry"],"post_mailing_queue_ids":[],"_links":{"self":[{"href":"https:\/\/agora.xtec.cat\/ceipanxaneta\/wp-json\/wp\/v2\/pages\/1270","targetHints":{"allow":["GET"]}}],"collection":[{"href":"https:\/\/agora.xtec.cat\/ceipanxaneta\/wp-json\/wp\/v2\/pages"}],"about":[{"href":"https:\/\/agora.xtec.cat\/ceipanxaneta\/wp-json\/wp\/v2\/types\/page"}],"author":[{"embeddable":true,"href":"https:\/\/agora.xtec.cat\/ceipanxaneta\/wp-json\/wp\/v2\/users\/1"}],"replies":[{"embeddable":true,"href":"https:\/\/agora.xtec.cat\/ceipanxaneta\/wp-json\/wp\/v2\/comments?post=1270"}],"version-history":[{"count":4,"href":"https:\/\/agora.xtec.cat\/ceipanxaneta\/wp-json\/wp\/v2\/pages\/1270\/revisions"}],"predecessor-version":[{"id":1814,"href":"https:\/\/agora.xtec.cat\/ceipanxaneta\/wp-json\/wp\/v2\/pages\/1270\/revisions\/1814"}],"wp:attachment":[{"href":"https:\/\/agora.xtec.cat\/ceipanxaneta\/wp-json\/wp\/v2\/media?parent=1270"}],"curies":[{"name":"wp","href":"https:\/\/api.w.org\/{rel}","templated":true}]}}