{"id":1258,"date":"2024-11-19T09:54:24","date_gmt":"2024-11-19T08:54:24","guid":{"rendered":"https:\/\/agora.xtec.cat\/ceipanxaneta\/?page_id=1258"},"modified":"2025-01-20T14:00:24","modified_gmt":"2025-01-20T13:00:24","slug":"colonies","status":"publish","type":"page","link":"https:\/\/agora.xtec.cat\/ceipanxaneta\/colonies\/","title":{"rendered":"Col\u00f2nies"},"content":{"rendered":"<p style=\"text-align: justify;\">A l&#8217;escola Anxaneta fem col\u00f2nies escolars als nivells d&#8217; i5, 2n, 4t i 6\u00e8. Les col\u00f2nies escolars s\u00f3n iniciatives d\u2019activitats relacionades amb l\u2019entreteniment, per\u00f2 tamb\u00e9 ens mostren el potencial que tenen com a activitat pedag\u00f2gica, inclosa en l\u2019educaci\u00f3 no formal.\u00a0De fet, es diu que les col\u00f2nies escolars es van comen\u00e7ar a crear gr\u00e0cies al conjunt d\u2019idees desenvolupades pel fil\u00f2sof Rousseau i uns quants dels seus seguidors. Eren conscients de la rellev\u00e0ncia de l\u2019educaci\u00f3 fora de les aules i de l\u2019observaci\u00f3 directa de la natura, aix\u00ed com del desenvolupament f\u00edsic com a part fonamental del creixement integral de la persona.<\/p>\n<p style=\"text-align: justify;\">Alguns dels objectius de les nostres col\u00f2nies s\u00f3n:<\/p>\n<ul style=\"text-align: justify;\">\n<li style=\"list-style-type: none;\">\n<ul>\n<li>Aconseguir la\u00a0<strong>conviv\u00e8ncia de 24 hores al dia en grup<\/strong>. D\u2019aquesta manera, els alumnes contrasten l\u2019entorn en el qual es mouen habitualment amb el que conviuen durant l\u2019estada. Aix\u00f2 ajuda a crear i consolidar nous i diferents vincles interpersonals i con\u00e8ixer altres estils de vida.<\/li>\n<\/ul>\n<\/li>\n<\/ul>\n<ul style=\"text-align: justify;\">\n<li style=\"list-style-type: none;\">\n<ul>\n<li><strong>Reduir la depend\u00e8ncia emocional<\/strong>\u00a0i adaptar-se a un nou medi social. Allunyar-se de la zona de confort i de la bombolla familiar suposa, moltes vegades, una oportunitat per desfer-se de l\u2019aferrament emocional. Els nens i les nenes experimenten la necessitat de desenvolupar i actuar amb m\u00e9s autonomia.<\/li>\n<\/ul>\n<\/li>\n<\/ul>\n<ul style=\"text-align: justify;\">\n<li style=\"list-style-type: none;\">\n<ul>\n<li>Tenir\u00a0<strong>contacte directe amb l\u2019entorn natural<\/strong>. Les cases de col\u00f2nies estan envoltades de natura, perqu\u00e8 \u00e9s important apropar als infants als espais naturals i que coneguin la import\u00e0ncia de conservar el medi ambient. A m\u00e9s d\u2019aportar molts beneficis per a la salut de les persones en l\u2019\u00e0mbit f\u00edsic, emocional i psicol\u00f2gic.<\/li>\n<\/ul>\n<\/li>\n<\/ul>\n<ul>\n<li style=\"list-style-type: none;\">\n<ul style=\"text-align: justify;\">\n<li><strong>Cultivar el pensament cr\u00edtic<\/strong> perqu\u00e8 s\u00e0piguen valorar els encerts i aprendre de les equivocacions. Motivem als participants al fet que s\u2019esforcin f\u00edsicament i mentalment en cada una de les activitats que facin. Alhora, s&#8217;intenta potenciar l\u2019esperit aventurer, solidari i cooperatiu.<\/li>\n<\/ul>\n<\/li>\n<\/ul>\n<p><img loading=\"lazy\" decoding=\"async\" class=\"alignnone wp-image-1482 size-large\" src=\"https:\/\/agora.xtec.cat\/ceipanxaneta\/wp-content\/uploads\/usu2001\/2025\/01\/excursio-al-Taga-adolescentes-e1737378017792-1024x346.jpg\" alt=\"\" width=\"1024\" height=\"346\" srcset=\"https:\/\/agora.xtec.cat\/ceipanxaneta\/wp-content\/uploads\/usu2001\/2025\/01\/excursio-al-Taga-adolescentes-e1737378017792-1024x346.jpg 1024w, https:\/\/agora.xtec.cat\/ceipanxaneta\/wp-content\/uploads\/usu2001\/2025\/01\/excursio-al-Taga-adolescentes-e1737378017792-300x101.jpg 300w, https:\/\/agora.xtec.cat\/ceipanxaneta\/wp-content\/uploads\/usu2001\/2025\/01\/excursio-al-Taga-adolescentes-e1737378017792-768x260.jpg 768w, https:\/\/agora.xtec.cat\/ceipanxaneta\/wp-content\/uploads\/usu2001\/2025\/01\/excursio-al-Taga-adolescentes-e1737378017792.jpg 1080w\" sizes=\"auto, (max-width: 1024px) 100vw, 1024px\" \/><\/p>\n","protected":false},"excerpt":{"rendered":"<p>A l&#8217;escola Anxaneta fem col\u00f2nies escolars als nivells d&#8217; i5, 2n, 4t i 6\u00e8. Les col\u00f2nies escolars s\u00f3n iniciatives d\u2019activitats relacionades amb l\u2019entreteniment, per\u00f2 tamb\u00e9 ens mostren el potencial que tenen com a activitat pedag\u00f2gica, inclosa en l\u2019educaci\u00f3 no formal.\u00a0De fet, es diu que les col\u00f2nies escolars es van comen\u00e7ar a crear gr\u00e0cies al conjunt [&hellip;]<\/p>\n","protected":false},"author":1,"featured_media":0,"parent":0,"menu_order":0,"comment_status":"closed","ping_status":"closed","template":"","meta":{"_bbp_topic_count":0,"_bbp_reply_count":0,"_bbp_total_topic_count":0,"_bbp_total_reply_count":0,"_bbp_voice_count":0,"_bbp_anonymous_reply_count":0,"_bbp_topic_count_hidden":0,"_bbp_reply_count_hidden":0,"_bbp_forum_subforum_count":0,"site-sidebar-layout":"default","site-content-layout":"","ast-site-content-layout":"","site-content-style":"default","site-sidebar-style":"default","ast-global-header-display":"","ast-banner-title-visibility":"","ast-main-header-display":"","ast-hfb-above-header-display":"","ast-hfb-below-header-display":"","ast-hfb-mobile-header-display":"","site-post-title":"","ast-breadcrumbs-content":"","ast-featured-img":"","footer-sml-layout":"","theme-transparent-header-meta":"","adv-header-id-meta":"","stick-header-meta":"","header-above-stick-meta":"","header-main-stick-meta":"","header-below-stick-meta":"","astra-migrate-meta-layouts":"default","ast-page-background-enabled":"default","ast-page-background-meta":{"desktop":{"background-color":"var(--ast-global-color-4)","background-image":"","background-repeat":"repeat","background-position":"center center","background-size":"auto","background-attachment":"scroll","background-type":"","background-media":"","overlay-type":"","overlay-color":"","overlay-opacity":"","overlay-gradient":""},"tablet":{"background-color":"","background-image":"","background-repeat":"repeat","background-position":"center center","background-size":"auto","background-attachment":"scroll","background-type":"","background-media":"","overlay-type":"","overlay-color":"","overlay-opacity":"","overlay-gradient":""},"mobile":{"background-color":"","background-image":"","background-repeat":"repeat","background-position":"center center","background-size":"auto","background-attachment":"scroll","background-type":"","background-media":"","overlay-type":"","overlay-color":"","overlay-opacity":"","overlay-gradient":""}},"ast-content-background-meta":{"desktop":{"background-color":"var(--ast-global-color-5)","background-image":"","background-repeat":"repeat","background-position":"center center","background-size":"auto","background-attachment":"scroll","background-type":"","background-media":"","overlay-type":"","overlay-color":"","overlay-opacity":"","overlay-gradient":""},"tablet":{"background-color":"var(--ast-global-color-5)","background-image":"","background-repeat":"repeat","background-position":"center center","background-size":"auto","background-attachment":"scroll","background-type":"","background-media":"","overlay-type":"","overlay-color":"","overlay-opacity":"","overlay-gradient":""},"mobile":{"background-color":"var(--ast-global-color-5)","background-image":"","background-repeat":"repeat","background-position":"center center","background-size":"auto","background-attachment":"scroll","background-type":"","background-media":"","overlay-type":"","overlay-color":"","overlay-opacity":"","overlay-gradient":""}},"footnotes":""},"class_list":["post-1258","page","type-page","status-publish","hentry"],"post_mailing_queue_ids":[],"_links":{"self":[{"href":"https:\/\/agora.xtec.cat\/ceipanxaneta\/wp-json\/wp\/v2\/pages\/1258","targetHints":{"allow":["GET"]}}],"collection":[{"href":"https:\/\/agora.xtec.cat\/ceipanxaneta\/wp-json\/wp\/v2\/pages"}],"about":[{"href":"https:\/\/agora.xtec.cat\/ceipanxaneta\/wp-json\/wp\/v2\/types\/page"}],"author":[{"embeddable":true,"href":"https:\/\/agora.xtec.cat\/ceipanxaneta\/wp-json\/wp\/v2\/users\/1"}],"replies":[{"embeddable":true,"href":"https:\/\/agora.xtec.cat\/ceipanxaneta\/wp-json\/wp\/v2\/comments?post=1258"}],"version-history":[{"count":3,"href":"https:\/\/agora.xtec.cat\/ceipanxaneta\/wp-json\/wp\/v2\/pages\/1258\/revisions"}],"predecessor-version":[{"id":1483,"href":"https:\/\/agora.xtec.cat\/ceipanxaneta\/wp-json\/wp\/v2\/pages\/1258\/revisions\/1483"}],"wp:attachment":[{"href":"https:\/\/agora.xtec.cat\/ceipanxaneta\/wp-json\/wp\/v2\/media?parent=1258"}],"curies":[{"name":"wp","href":"https:\/\/api.w.org\/{rel}","templated":true}]}}

Colònies

<p style="text-align: justify;">A l&#8217;escola Anxaneta fem colònies escolars als nivells d&#8217; i5, 2n, 4t i 6è. Les colònies escolars són iniciatives d’activitats relacionades amb l’entreteniment, però també ens mostren el potencial que tenen com a activitat pedagògica, inclosa en l’educació no formal. De fet, es diu que les colònies escolars es van començar a crear gràcies al conjunt d’idees desenvolupades pel filòsof Rousseau i uns quants dels seus seguidors. Eren conscients de la rellevància de l’educació fora de les aules i de l’observació directa de la natura, així com del desenvolupament físic com a part fonamental del creixement integral de la persona.</p>
<p style="text-align: justify;">Alguns dels objectius de les nostres colònies són:</p>
<ul style="text-align: justify;">
<li style="list-style-type: none;">
<ul>
<li>Aconseguir la <strong>convivència de 24 hores al dia en grup</strong>. D’aquesta manera, els alumnes contrasten l’entorn en el qual es mouen habitualment amb el que conviuen durant l’estada. Això ajuda a crear i consolidar nous i diferents vincles interpersonals i conèixer altres estils de vida.</li>
</ul>
</li>
</ul>
<ul style="text-align: justify;">
<li style="list-style-type: none;">
<ul>
<li><strong>Reduir la dependència emocional</strong> i adaptar-se a un nou medi social. Allunyar-se de la zona de confort i de la bombolla familiar suposa, moltes vegades, una oportunitat per desfer-se de l’aferrament emocional. Els nens i les nenes experimenten la necessitat de desenvolupar i actuar amb més autonomia.</li>
</ul>
</li>
</ul>
<ul style="text-align: justify;">
<li style="list-style-type: none;">
<ul>
<li>Tenir <strong>contacte directe amb l’entorn natural</strong>. Les cases de colònies estan envoltades de natura, perquè és important apropar als infants als espais naturals i que coneguin la importància de conservar el medi ambient. A més d’aportar molts beneficis per a la salut de les persones en l’àmbit físic, emocional i psicològic.</li>
</ul>
</li>
</ul>
<ul>
<li style="list-style-type: none;">
<ul style="text-align: justify;">
<li><strong>Cultivar el pensament crític</strong> perquè sàpiguen valorar els encerts i aprendre de les equivocacions. Motivem als participants al fet que s’esforcin físicament i mentalment en cada una de les activitats que facin. Alhora, s&#8217;intenta potenciar l’esperit aventurer, solidari i cooperatiu.</li>
</ul>
</li>
</ul>
<p><img loading="lazy" decoding="async" class="alignnone wp-image-1482 size-large" src="https://agora.xtec.cat/ceipanxaneta/wp-content/uploads/usu2001/2025/01/excursio-al-Taga-adolescentes-e1737378017792-1024x346.jpg" alt="" width="1024" height="346" srcset="https://agora.xtec.cat/ceipanxaneta/wp-content/uploads/usu2001/2025/01/excursio-al-Taga-adolescentes-e1737378017792-1024x346.jpg 1024w, https://agora.xtec.cat/ceipanxaneta/wp-content/uploads/usu2001/2025/01/excursio-al-Taga-adolescentes-e1737378017792-300x101.jpg 300w, https://agora.xtec.cat/ceipanxaneta/wp-content/uploads/usu2001/2025/01/excursio-al-Taga-adolescentes-e1737378017792-768x260.jpg 768w, https://agora.xtec.cat/ceipanxaneta/wp-content/uploads/usu2001/2025/01/excursio-al-Taga-adolescentes-e1737378017792.jpg 1080w" sizes="auto, (max-width: 1024px) 100vw, 1024px" /></p>

<p>A l&#8217;escola Anxaneta fem colònies escolars als nivells d&#8217; i5, 2n, 4t i 6è. Les colònies escolars són iniciatives d’activitats relacionades amb l’entreteniment, però també ens mostren el potencial que tenen com a activitat pedagògica, inclosa en l’educació no formal. De fet, es diu que les colònies escolars es van començar a crear gràcies al conjunt [&hellip;]</p>
