{"id":1246,"date":"2024-11-19T09:52:25","date_gmt":"2024-11-19T08:52:25","guid":{"rendered":"https:\/\/agora.xtec.cat\/ceipanxaneta\/?page_id=1246"},"modified":"2025-01-16T16:24:51","modified_gmt":"2025-01-16T15:24:51","slug":"cor-de-lanxaneta","status":"publish","type":"page","link":"https:\/\/agora.xtec.cat\/ceipanxaneta\/cor-de-lanxaneta\/","title":{"rendered":"Cor de l\u2019Anxaneta"},"content":{"rendered":"<p style=\"text-align: justify;\"><span style=\"font-weight: 400;\">El cor de l\u2019Anxaneta \u00e9s una experi\u00e8ncia emmarcada en el projecte de direcci\u00f3 que defineix una de les l\u00ednies d&#8217;actuaci\u00f3: la construcci\u00f3 d&#8217;una escola\u00a0 \u201cm\u00e9s amable&#8221;. Creiem que el nostre m\u00f3n sovint transmet queixa i enfado i se\u2019ns oblida comunicar als altres all\u00f2 que ens fa sentir b\u00e9, all\u00f2 que compartim amb els altres i ens ajuden a ser millor persones.. Volem treballar amb la comunitat la necessitat que tenim com a humanitat de sentir-nos cuidats i la necessitat de canviar la nostra manera de relacionar-nos amb els altres. <img loading=\"lazy\" decoding=\"async\" class=\" wp-image-1403 alignright\" src=\"https:\/\/agora.xtec.cat\/ceipanxaneta\/wp-content\/uploads\/usu2001\/2025\/01\/el-cor.png\" alt=\"\" width=\"265\" height=\"342\" srcset=\"https:\/\/agora.xtec.cat\/ceipanxaneta\/wp-content\/uploads\/usu2001\/2025\/01\/el-cor.png 457w, https:\/\/agora.xtec.cat\/ceipanxaneta\/wp-content\/uploads\/usu2001\/2025\/01\/el-cor-233x300.png 233w\" sizes=\"auto, (max-width: 265px) 100vw, 265px\" \/><\/span><\/p>\n<p style=\"text-align: justify;\"><span style=\"font-weight: 400;\">Amb aquesta intenci\u00f3 tenim dos cors de fusta que passen de m\u00e0 en m\u00e0 espont\u00e0niament per tota la comunitat educativa. La persona que rep el cor l\u2019ha de passar a una altra persona de la comunitat a qui li vulgui agrair alguna cosa, o simplement perqu\u00e8 creu que necessita aquesta atenci\u00f3 m\u00e9s especial o perqu\u00e8 est\u00e0 passant un mal moment\u2026 Quan ja sap a qui donar-li , les dues persones han\u00a0 d\u2019anar al despatx de direcci\u00f3 i la direcci\u00f3 els hi fa una foto que es penjar\u00e0 en el hall de l\u2019entrada principal . Al llarg de tot el curs l\u2019escola s\u2019omple de fotos de \u201ctots els cors de l\u2019Anxaneta\u201d que formen part de la nostra comunitat, una comunitat que camina cap a una manera de relacionar-nos que ens faci m\u00e9s persones, m\u00e9s amables, m\u00e9s \u201cAnxaneta\u201d.<\/span><\/p>\n","protected":false},"excerpt":{"rendered":"<p>El cor de l\u2019Anxaneta \u00e9s una experi\u00e8ncia emmarcada en el projecte de direcci\u00f3 que defineix una de les l\u00ednies d&#8217;actuaci\u00f3: la construcci\u00f3 d&#8217;una escola\u00a0 \u201cm\u00e9s amable&#8221;. Creiem que el nostre m\u00f3n sovint transmet queixa i enfado i se\u2019ns oblida comunicar als altres all\u00f2 que ens fa sentir b\u00e9, all\u00f2 que compartim amb els altres i [&hellip;]<\/p>\n","protected":false},"author":1,"featured_media":0,"parent":0,"menu_order":0,"comment_status":"closed","ping_status":"closed","template":"","meta":{"_bbp_topic_count":0,"_bbp_reply_count":0,"_bbp_total_topic_count":0,"_bbp_total_reply_count":0,"_bbp_voice_count":0,"_bbp_anonymous_reply_count":0,"_bbp_topic_count_hidden":0,"_bbp_reply_count_hidden":0,"_bbp_forum_subforum_count":0,"site-sidebar-layout":"default","site-content-layout":"","ast-site-content-layout":"","site-content-style":"default","site-sidebar-style":"default","ast-global-header-display":"","ast-banner-title-visibility":"","ast-main-header-display":"","ast-hfb-above-header-display":"","ast-hfb-below-header-display":"","ast-hfb-mobile-header-display":"","site-post-title":"","ast-breadcrumbs-content":"","ast-featured-img":"","footer-sml-layout":"","theme-transparent-header-meta":"","adv-header-id-meta":"","stick-header-meta":"","header-above-stick-meta":"","header-main-stick-meta":"","header-below-stick-meta":"","astra-migrate-meta-layouts":"default","ast-page-background-enabled":"default","ast-page-background-meta":{"desktop":{"background-color":"var(--ast-global-color-4)","background-image":"","background-repeat":"repeat","background-position":"center center","background-size":"auto","background-attachment":"scroll","background-type":"","background-media":"","overlay-type":"","overlay-color":"","overlay-opacity":"","overlay-gradient":""},"tablet":{"background-color":"","background-image":"","background-repeat":"repeat","background-position":"center center","background-size":"auto","background-attachment":"scroll","background-type":"","background-media":"","overlay-type":"","overlay-color":"","overlay-opacity":"","overlay-gradient":""},"mobile":{"background-color":"","background-image":"","background-repeat":"repeat","background-position":"center center","background-size":"auto","background-attachment":"scroll","background-type":"","background-media":"","overlay-type":"","overlay-color":"","overlay-opacity":"","overlay-gradient":""}},"ast-content-background-meta":{"desktop":{"background-color":"var(--ast-global-color-5)","background-image":"","background-repeat":"repeat","background-position":"center center","background-size":"auto","background-attachment":"scroll","background-type":"","background-media":"","overlay-type":"","overlay-color":"","overlay-opacity":"","overlay-gradient":""},"tablet":{"background-color":"var(--ast-global-color-5)","background-image":"","background-repeat":"repeat","background-position":"center center","background-size":"auto","background-attachment":"scroll","background-type":"","background-media":"","overlay-type":"","overlay-color":"","overlay-opacity":"","overlay-gradient":""},"mobile":{"background-color":"var(--ast-global-color-5)","background-image":"","background-repeat":"repeat","background-position":"center center","background-size":"auto","background-attachment":"scroll","background-type":"","background-media":"","overlay-type":"","overlay-color":"","overlay-opacity":"","overlay-gradient":""}},"footnotes":""},"class_list":["post-1246","page","type-page","status-publish","hentry"],"post_mailing_queue_ids":[],"_links":{"self":[{"href":"https:\/\/agora.xtec.cat\/ceipanxaneta\/wp-json\/wp\/v2\/pages\/1246","targetHints":{"allow":["GET"]}}],"collection":[{"href":"https:\/\/agora.xtec.cat\/ceipanxaneta\/wp-json\/wp\/v2\/pages"}],"about":[{"href":"https:\/\/agora.xtec.cat\/ceipanxaneta\/wp-json\/wp\/v2\/types\/page"}],"author":[{"embeddable":true,"href":"https:\/\/agora.xtec.cat\/ceipanxaneta\/wp-json\/wp\/v2\/users\/1"}],"replies":[{"embeddable":true,"href":"https:\/\/agora.xtec.cat\/ceipanxaneta\/wp-json\/wp\/v2\/comments?post=1246"}],"version-history":[{"count":2,"href":"https:\/\/agora.xtec.cat\/ceipanxaneta\/wp-json\/wp\/v2\/pages\/1246\/revisions"}],"predecessor-version":[{"id":1404,"href":"https:\/\/agora.xtec.cat\/ceipanxaneta\/wp-json\/wp\/v2\/pages\/1246\/revisions\/1404"}],"wp:attachment":[{"href":"https:\/\/agora.xtec.cat\/ceipanxaneta\/wp-json\/wp\/v2\/media?parent=1246"}],"curies":[{"name":"wp","href":"https:\/\/api.w.org\/{rel}","templated":true}]}}