{"id":2087,"date":"2026-02-01T19:36:20","date_gmt":"2026-02-01T18:36:20","guid":{"rendered":"https:\/\/agora.xtec.cat\/ceipantonibrusi\/?page_id=2087"},"modified":"2026-02-01T19:49:29","modified_gmt":"2026-02-01T18:49:29","slug":"petits-talents-cientifics","status":"publish","type":"page","link":"https:\/\/agora.xtec.cat\/ceipantonibrusi\/petits-talents-cientifics\/","title":{"rendered":"Petits Talents Cient\u00edfics"},"content":{"rendered":"\n<p>A l\u2019Escola Antoni Brusi participem en el programa <a href=\"https:\/\/fcri.cat\/ca\/societat-educacio\/petits-talents-cientifics\/\">Petits Talents Cient\u00edfics<\/a>, una iniciativa educativa que promou l\u2019experimentaci\u00f3, la indagaci\u00f3 i la descoberta com a eixos de l\u2019aprenentatge de les ci\u00e8ncies.\u00a0<\/p>\n\n\n\n<p>Aquest projecte ens ofereix recursos i orientacions pedag\u00f2giques per portar a l\u2019aula metodologies actives i basades en la recerca. L\u2019alumnat apr\u00e8n a formular preguntes, observar fen\u00f2mens i explorar solucions a trav\u00e9s d\u2019experiments i activitats significatives, tal com es fa en la pr\u00e0ctica cient\u00edfica.&nbsp;<\/p>\n\n\n\n<p>La nostra participaci\u00f3 refor\u00e7a l\u2019aprenentatge competencial de les ci\u00e8ncies i afavoreix el desenvolupament del pensament cr\u00edtic, la curiositat i la investigaci\u00f3 en contextos reals i motivadors per als infants.<\/p>\n\n\n\n<p><\/p>\n","protected":false},"excerpt":{"rendered":"<p>A l\u2019Escola Antoni Brusi participem en el programa Petits Talents Cient\u00edfics, una iniciativa educativa que promou l\u2019experimentaci\u00f3, la indagaci\u00f3 i la descoberta com a eixos de l\u2019aprenentatge de les ci\u00e8ncies.\u00a0 Aquest projecte ens ofereix recursos i orientacions pedag\u00f2giques per portar a l\u2019aula metodologies actives i basades en la recerca. L\u2019alumnat apr\u00e8n a formular preguntes, observar [&hellip;]<\/p>\n","protected":false},"author":1,"featured_media":0,"parent":0,"menu_order":0,"comment_status":"closed","ping_status":"close","template":"","meta":{"_bbp_topic_count":0,"_bbp_reply_count":0,"_bbp_total_topic_count":0,"_bbp_total_reply_count":0,"_bbp_voice_count":0,"_bbp_anonymous_reply_count":0,"_bbp_topic_count_hidden":0,"_bbp_reply_count_hidden":0,"_bbp_forum_subforum_count":0,"site-sidebar-layout":"default","site-content-layout":"","ast-site-content-layout":"default","site-content-style":"default","site-sidebar-style":"default","ast-global-header-display":"","ast-banner-title-visibility":"","ast-main-header-display":"","ast-hfb-above-header-display":"","ast-hfb-below-header-display":"","ast-hfb-mobile-header-display":"","site-post-title":"","ast-breadcrumbs-content":"","ast-featured-img":"","footer-sml-layout":"","theme-transparent-header-meta":"","adv-header-id-meta":"","stick-header-meta":"","header-above-stick-meta":"","header-main-stick-meta":"","header-below-stick-meta":"","astra-migrate-meta-layouts":"set","ast-page-background-enabled":"default","ast-page-background-meta":{"desktop":{"background-color":"var(--ast-global-color-4)","background-image":"","background-repeat":"repeat","background-position":"center center","background-size":"auto","background-attachment":"scroll","background-type":"","background-media":"","overlay-type":"","overlay-color":"","overlay-opacity":"","overlay-gradient":""},"tablet":{"background-color":"","background-image":"","background-repeat":"repeat","background-position":"center center","background-size":"auto","background-attachment":"scroll","background-type":"","background-media":"","overlay-type":"","overlay-color":"","overlay-opacity":"","overlay-gradient":""},"mobile":{"background-color":"","background-image":"","background-repeat":"repeat","background-position":"center center","background-size":"auto","background-attachment":"scroll","background-type":"","background-media":"","overlay-type":"","overlay-color":"","overlay-opacity":"","overlay-gradient":""}},"ast-content-background-meta":{"desktop":{"background-color":"var(--ast-global-color-5)","background-image":"","background-repeat":"repeat","background-position":"center center","background-size":"auto","background-attachment":"scroll","background-type":"","background-media":"","overlay-type":"","overlay-color":"","overlay-opacity":"","overlay-gradient":""},"tablet":{"background-color":"var(--ast-global-color-5)","background-image":"","background-repeat":"repeat","background-position":"center center","background-size":"auto","background-attachment":"scroll","background-type":"","background-media":"","overlay-type":"","overlay-color":"","overlay-opacity":"","overlay-gradient":""},"mobile":{"background-color":"var(--ast-global-color-5)","background-image":"","background-repeat":"repeat","background-position":"center center","background-size":"auto","background-attachment":"scroll","background-type":"","background-media":"","overlay-type":"","overlay-color":"","overlay-opacity":"","overlay-gradient":""}},"footnotes":""},"class_list":["post-2087","page","type-page","status-publish","hentry"],"post_mailing_queue_ids":[],"_links":{"self":[{"href":"https:\/\/agora.xtec.cat\/ceipantonibrusi\/wp-json\/wp\/v2\/pages\/2087","targetHints":{"allow":["GET"]}}],"collection":[{"href":"https:\/\/agora.xtec.cat\/ceipantonibrusi\/wp-json\/wp\/v2\/pages"}],"about":[{"href":"https:\/\/agora.xtec.cat\/ceipantonibrusi\/wp-json\/wp\/v2\/types\/page"}],"author":[{"embeddable":true,"href":"https:\/\/agora.xtec.cat\/ceipantonibrusi\/wp-json\/wp\/v2\/users\/1"}],"replies":[{"embeddable":true,"href":"https:\/\/agora.xtec.cat\/ceipantonibrusi\/wp-json\/wp\/v2\/comments?post=2087"}],"version-history":[{"count":2,"href":"https:\/\/agora.xtec.cat\/ceipantonibrusi\/wp-json\/wp\/v2\/pages\/2087\/revisions"}],"predecessor-version":[{"id":2111,"href":"https:\/\/agora.xtec.cat\/ceipantonibrusi\/wp-json\/wp\/v2\/pages\/2087\/revisions\/2111"}],"wp:attachment":[{"href":"https:\/\/agora.xtec.cat\/ceipantonibrusi\/wp-json\/wp\/v2\/media?parent=2087"}],"curies":[{"name":"wp","href":"https:\/\/api.w.org\/{rel}","templated":true}]}}