{"id":2025,"date":"2026-01-21T10:52:17","date_gmt":"2026-01-21T09:52:17","guid":{"rendered":"https:\/\/agora.xtec.cat\/ceipantonibrusi\/?page_id=2025"},"modified":"2026-01-21T13:29:37","modified_gmt":"2026-01-21T12:29:37","slug":"portes-obertes","status":"publish","type":"page","link":"https:\/\/agora.xtec.cat\/ceipantonibrusi\/portes-obertes\/","title":{"rendered":"Portes obertes curs 26-27"},"content":{"rendered":"\n<p>A l\u2019Escola Antoni Brusi obrim les portes a les fam\u00edlies que vulgueu con\u00e8ixer l\u2019escola de prop, veure els espais i descobrir com acompanyem els infants en el seu aprenentatge i creixement.<\/p>\n\n\n\n<p>Les portes obertes s\u00f3n una oportunitat per passejar pel centre, parlar amb l\u2019equip docent i resoldre dubtes amb tranquil\u00b7litat.<\/p>\n\n\n\n<h3 class=\"wp-block-heading\"><strong>A qui s\u2019adrecen?<\/strong><\/h3>\n\n\n\n<p>Les jornades s\u2019adrecen principalment a fam\u00edlies d\u2019I3, per\u00f2 tamb\u00e9 a fam\u00edlies interessades en educaci\u00f3 prim\u00e0ria.<\/p>\n\n\n\n<h3 class=\"wp-block-heading\"><strong>Dates i horaris<\/strong><\/h3>\n\n\n\n<p>Dilluns 23 de febrer, de 15.30 a 17.00 h<br>Dijous 26 de febrer, de 9.30 a 11.00 h<\/p>\n\n\n\n<h3 class=\"wp-block-heading\"><strong>Com ser\u00e0 la visita?<\/strong><\/h3>\n\n\n\n<p>Durant la trobada farem un recorregut per l\u2019escola i compartirem una estona per explicar el projecte educatiu i respondre les vostres preguntes.<\/p>\n\n\n\n<div class=\"wp-block-buttons is-layout-flex wp-block-buttons-is-layout-flex\">\n<div class=\"wp-block-button\"><a class=\"wp-block-button__link wp-element-button\" href=\"https:\/\/docs.google.com\/forms\/d\/e\/1FAIpQLSeTc8-BglCUBgTQ3IuVDhnsTfAnC1aOFfgZEKCSJ2pfU3eulQ\/viewform?usp=header\"><strong><em>Inscripci\u00f3 a les portes obertes<\/em><\/strong><\/a><\/div>\n<\/div>\n\n\n\n<p>Us animem a venir i a con\u00e8ixer de primera m\u00e0 com \u00e9s l\u2019Escola Antoni Brusi i el projecte que compartim.<br><\/p>\n\n\n\n<p><\/p>\n","protected":false},"excerpt":{"rendered":"<p>A l\u2019Escola Antoni Brusi obrim les portes a les fam\u00edlies que vulgueu con\u00e8ixer l\u2019escola de prop, veure els espais i descobrir com acompanyem els infants en el seu aprenentatge i creixement. Les portes obertes s\u00f3n una oportunitat per passejar pel centre, parlar amb l\u2019equip docent i resoldre dubtes amb tranquil\u00b7litat. A qui s\u2019adrecen? Les jornades [&hellip;]<\/p>\n","protected":false},"author":1,"featured_media":0,"parent":0,"menu_order":0,"comment_status":"closed","ping_status":"close","template":"","meta":{"_bbp_topic_count":0,"_bbp_reply_count":0,"_bbp_total_topic_count":0,"_bbp_total_reply_count":0,"_bbp_voice_count":0,"_bbp_anonymous_reply_count":0,"_bbp_topic_count_hidden":0,"_bbp_reply_count_hidden":0,"_bbp_forum_subforum_count":0,"site-sidebar-layout":"default","site-content-layout":"","ast-site-content-layout":"default","site-content-style":"default","site-sidebar-style":"default","ast-global-header-display":"","ast-banner-title-visibility":"","ast-main-header-display":"","ast-hfb-above-header-display":"","ast-hfb-below-header-display":"","ast-hfb-mobile-header-display":"","site-post-title":"","ast-breadcrumbs-content":"","ast-featured-img":"","footer-sml-layout":"","theme-transparent-header-meta":"","adv-header-id-meta":"","stick-header-meta":"","header-above-stick-meta":"","header-main-stick-meta":"","header-below-stick-meta":"","astra-migrate-meta-layouts":"set","ast-page-background-enabled":"default","ast-page-background-meta":{"desktop":{"background-color":"var(--ast-global-color-4)","background-image":"","background-repeat":"repeat","background-position":"center center","background-size":"auto","background-attachment":"scroll","background-type":"","background-media":"","overlay-type":"","overlay-color":"","overlay-opacity":"","overlay-gradient":""},"tablet":{"background-color":"","background-image":"","background-repeat":"repeat","background-position":"center center","background-size":"auto","background-attachment":"scroll","background-type":"","background-media":"","overlay-type":"","overlay-color":"","overlay-opacity":"","overlay-gradient":""},"mobile":{"background-color":"","background-image":"","background-repeat":"repeat","background-position":"center center","background-size":"auto","background-attachment":"scroll","background-type":"","background-media":"","overlay-type":"","overlay-color":"","overlay-opacity":"","overlay-gradient":""}},"ast-content-background-meta":{"desktop":{"background-color":"var(--ast-global-color-5)","background-image":"","background-repeat":"repeat","background-position":"center center","background-size":"auto","background-attachment":"scroll","background-type":"","background-media":"","overlay-type":"","overlay-color":"","overlay-opacity":"","overlay-gradient":""},"tablet":{"background-color":"var(--ast-global-color-5)","background-image":"","background-repeat":"repeat","background-position":"center center","background-size":"auto","background-attachment":"scroll","background-type":"","background-media":"","overlay-type":"","overlay-color":"","overlay-opacity":"","overlay-gradient":""},"mobile":{"background-color":"var(--ast-global-color-5)","background-image":"","background-repeat":"repeat","background-position":"center center","background-size":"auto","background-attachment":"scroll","background-type":"","background-media":"","overlay-type":"","overlay-color":"","overlay-opacity":"","overlay-gradient":""}},"footnotes":""},"class_list":["post-2025","page","type-page","status-publish","hentry"],"post_mailing_queue_ids":[],"_links":{"self":[{"href":"https:\/\/agora.xtec.cat\/ceipantonibrusi\/wp-json\/wp\/v2\/pages\/2025","targetHints":{"allow":["GET"]}}],"collection":[{"href":"https:\/\/agora.xtec.cat\/ceipantonibrusi\/wp-json\/wp\/v2\/pages"}],"about":[{"href":"https:\/\/agora.xtec.cat\/ceipantonibrusi\/wp-json\/wp\/v2\/types\/page"}],"author":[{"embeddable":true,"href":"https:\/\/agora.xtec.cat\/ceipantonibrusi\/wp-json\/wp\/v2\/users\/1"}],"replies":[{"embeddable":true,"href":"https:\/\/agora.xtec.cat\/ceipantonibrusi\/wp-json\/wp\/v2\/comments?post=2025"}],"version-history":[{"count":4,"href":"https:\/\/agora.xtec.cat\/ceipantonibrusi\/wp-json\/wp\/v2\/pages\/2025\/revisions"}],"predecessor-version":[{"id":2037,"href":"https:\/\/agora.xtec.cat\/ceipantonibrusi\/wp-json\/wp\/v2\/pages\/2025\/revisions\/2037"}],"wp:attachment":[{"href":"https:\/\/agora.xtec.cat\/ceipantonibrusi\/wp-json\/wp\/v2\/media?parent=2025"}],"curies":[{"name":"wp","href":"https:\/\/api.w.org\/{rel}","templated":true}]}}