{"id":834,"date":"2016-04-19T11:49:57","date_gmt":"2016-04-19T10:49:57","guid":{"rendered":"http:\/\/agora.xtec.cat\/ceipangelsgarrigabcn\/intraweb\/mhserveisserveis-ampaacollida-mat\/"},"modified":"2020-11-11T15:30:51","modified_gmt":"2020-11-11T14:30:51","slug":"mhserveisserveis-ampaacollida-mat","status":"publish","type":"page","link":"https:\/\/agora.xtec.cat\/ceipangelsgarrigabcn\/mhampaserveis\/mhserveisserveis-ampaacollida-mat\/","title":{"rendered":"ACOLLIDA MAT\u00cd\/TARDA"},"content":{"rendered":"<p><img decoding=\"async\" src=\"\/ceipangelsgarrigabcn\/intranet\/file.php?file=menu\/serveis_ampa_ac.png\" alt=\"\" \/><\/p>\n<p><img decoding=\"async\" src=\"\/ceipangelsgarrigabcn\/intranet\/file.php?file=fotos\/Fotos%20continguts\/acollida.png\" alt=\"\" \/><\/p>\n<p><span style=\"font-size: medium;\"><span style=\"color: #3d3fff; font-family: verdana,arial,helvetica,sans-serif;\"><strong style=\"color: #1fb7ff;\"><span style=\"font-family: arial,helvetica,sans-serif;\">SERVEI D&#8217;ACOLLIDA MAT\u00cd\u00a0<\/span><\/strong><\/span><\/span><\/p>\n<p><!-- [if gte mso 9]><xml>\n<w:WordDocument>\n<w:View>Normal<\/w:View>\n<w:Zoom>0<\/w:Zoom>\n<w:HyphenationZone>21<\/w:HyphenationZone>\n<w:PunctuationKerning\/>\n<w:ValidateAgainstSchemas\/>\n<w:SaveIfXMLInvalid>false<\/w:SaveIfXMLInvalid>\n<w:IgnoreMixedContent>false<\/w:IgnoreMixedContent>\n<w:AlwaysShowPlaceholderText>false<\/w:AlwaysShowPlaceholderText>\n<w:Compatibility>\n<w:BreakWrappedTables\/>\n<w:SnapToGridInCell\/>\n<w:WrapTextWithPunct\/>\n<w:UseAsianBreakRules\/>\n<w:DontGrowAutofit\/>\n<\/w:Compatibility>\n<w:BrowserLevel>MicrosoftInternetExplorer4<\/w:BrowserLevel>\n<\/w:WordDocument>\n<\/xml><![endif]--><!-- [if gte mso 9]><xml>\n<w:LatentStyles DefLockedState=\"false\" LatentStyleCount=\"156\">\n<\/w:LatentStyles>\n<\/xml><![endif]--><!-- [if !mso]><object classid=\"clsid:38481807-CA0E-42D2-BF39-B33AF135CC4D\" id=ieooui><\/object>\n\n\n\n<style>\nst1:*{behavior:url(#ieooui) }<br \/><\/style>\n\n<![endif]--><!-- [if gte mso 10]>\n\n\n\n<style>\n \/* Style Definitions *\/<br \/>table.MsoNormalTable<br \/>{mso-style-name:\"Tabla normal\";<br \/>mso-tstyle-rowband-size:0;<br \/>mso-tstyle-colband-size:0;<br \/>mso-style-noshow:yes;<br \/>mso-style-parent:\"\";<br \/>mso-padding-alt:0cm 5.4pt 0cm 5.4pt;<br \/>mso-para-margin:0cm;<br \/>mso-para-margin-bottom:.0001pt;<br \/>mso-pagination:widow-orphan;<br \/>font-size:10.0pt;<br \/>font-family:\"Times New Roman\";<br \/>mso-ansi-language:#0400;<br \/>mso-fareast-language:#0400;<br \/>mso-bidi-language:#0400;}<br \/><\/style>\n\n<![endif]--><\/p>\n<p class=\"MsoNormal\" style=\"text-align: justify; line-height: 150%;\"><span style=\"font-size: small;\"><span lang=\"CA\" style=\"font-size: 10.0pt; line-height: 150%; font-family: Verdana;\">Oferim el servei d\u2019acolliment per els m\u00e9s matiners de 7h30 a 9 del mat\u00ed.<\/span><\/span><\/p>\n<p class=\"MsoNormal\" style=\"text-align: justify; line-height: 150%;\"><span style=\"font-size: small;\"><span lang=\"CA\" style=\"font-size: 10.0pt; line-height: 150%; font-family: Verdana;\">Aquest servei permet que les fam\u00edlies disposin d\u2019un horari m\u00e9s ampli per a la organitzaci\u00f3 familiar fent aix\u00ed que els nens i nenes acompanyats de monitors\/es puguin esmorzar i estar una estona a l\u2019escola abans que comenci l\u2019horari lectiu.<\/span><\/span><\/p>\n<p><span style=\"font-size: small;\"><span lang=\"CA\" style=\"font-size: 10pt; line-height: 115%; font-family: Verdana;\">Per aquesta estona disposem de recursos per poder estar jugant o mirant contes o fent feina.<\/span><\/span><\/p>\n<p><span style=\"font-size: medium;\"><span style=\"color: #3d3fff; font-family: verdana,arial,helvetica,sans-serif;\"><strong style=\"color: #1fb7ff;\"><span style=\"font-family: arial,helvetica,sans-serif;\">SERVEI D&#8217;ACOLLIDA TARDA\u00a0<\/span><\/strong><\/span><\/span><\/p>\n<p class=\"MsoNormal\" style=\"text-align: justify; line-height: 150%;\"><span style=\"font-size: small;\">\u00a0<span lang=\"CA\" style=\"font-size: 10.0pt; line-height: 150%; font-family: Verdana;\">Oferim el servei d\u2019acolliment de tardes de 16h30 a 18h. Aquest servei el dividim en dues franges hor\u00e0ries:<\/span><\/span><\/p>\n<p class=\"MsoNormal\" style=\"text-align: justify; line-height: 150%;\"><span style=\"font-size: small;\"><span lang=\"CA\" style=\"font-size: 10.0pt; line-height: 150%; font-family: Verdana; mso-fareast-font-family: 'Times New Roman'; mso-fareast-language: ES;\">* De 16h30 a 17h de dilluns a divendres. Durant aquesta estona, si porten berenar, berenem i juguem al pati o a l&#8217;aula.<br \/>\n<\/span><\/span><\/p>\n<p class=\"MsoNormal\" style=\"text-align: justify; line-height: 150%;\"><span style=\"font-size: small;\"><span lang=\"CA\" style=\"font-size: 10pt; line-height: 150%; font-family: Verdana;\">* De 17h a 18h de dilluns a dijous. La primera estona, si porten berenar, berenem i juguem al pati o a l&#8217;aula, despr\u00e9s podem fer una estona de contes, estudi, dibuix&#8230;<\/span><\/span><\/p>\n<div class=\"alignnone size-medium\"><\/div>\n","protected":false},"excerpt":{"rendered":"<p>SERVEI D&#8217;ACOLLIDA MAT\u00cd\u00a0<\/p>\n<p>Oferim el servei d\u2019acolliment per els m\u00e9s matiners de 7h30 a 9 del mat\u00ed.<br \/>\nAquest servei permet que les fam\u00edlies disposin d\u2019un horari m\u00e9s ampli per a la organitzaci\u00f3 familiar fent aix\u00ed que els nens i nenes acompanyats de monitors\/es puguin esmorzar i estar&hellip;  <a href=\"https:\/\/agora.xtec.cat\/ceipangelsgarrigabcn\/mhampaserveis\/mhserveisserveis-ampaacollida-mat\/\" title=\"Read ACOLLIDA MAT\u00cd\/TARDA\">Llegeix m\u00e9s\u00bb<\/a><\/p>\n","protected":false},"author":267,"featured_media":835,"parent":977,"menu_order":0,"comment_status":"closed","ping_status":"open","template":"page-templates\/side-menu.php","meta":{"_bbp_topic_count":0,"_bbp_reply_count":0,"_bbp_total_topic_count":0,"_bbp_total_reply_count":0,"_bbp_voice_count":0,"_bbp_anonymous_reply_count":0,"_bbp_topic_count_hidden":0,"_bbp_reply_count_hidden":0,"_bbp_forum_subforum_count":0,"footnotes":""},"class_list":["post-834","page","type-page","status-publish","has-post-thumbnail","hentry"],"post_mailing_queue_ids":[],"_links":{"self":[{"href":"https:\/\/agora.xtec.cat\/ceipangelsgarrigabcn\/wp-json\/wp\/v2\/pages\/834","targetHints":{"allow":["GET"]}}],"collection":[{"href":"https:\/\/agora.xtec.cat\/ceipangelsgarrigabcn\/wp-json\/wp\/v2\/pages"}],"about":[{"href":"https:\/\/agora.xtec.cat\/ceipangelsgarrigabcn\/wp-json\/wp\/v2\/types\/page"}],"author":[{"embeddable":true,"href":"https:\/\/agora.xtec.cat\/ceipangelsgarrigabcn\/wp-json\/wp\/v2\/users\/267"}],"replies":[{"embeddable":true,"href":"https:\/\/agora.xtec.cat\/ceipangelsgarrigabcn\/wp-json\/wp\/v2\/comments?post=834"}],"version-history":[{"count":3,"href":"https:\/\/agora.xtec.cat\/ceipangelsgarrigabcn\/wp-json\/wp\/v2\/pages\/834\/revisions"}],"predecessor-version":[{"id":6012,"href":"https:\/\/agora.xtec.cat\/ceipangelsgarrigabcn\/wp-json\/wp\/v2\/pages\/834\/revisions\/6012"}],"up":[{"embeddable":true,"href":"https:\/\/agora.xtec.cat\/ceipangelsgarrigabcn\/wp-json\/wp\/v2\/pages\/977"}],"wp:featuredmedia":[{"embeddable":true,"href":"https:\/\/agora.xtec.cat\/ceipangelsgarrigabcn\/wp-json\/wp\/v2\/media\/835"}],"wp:attachment":[{"href":"https:\/\/agora.xtec.cat\/ceipangelsgarrigabcn\/wp-json\/wp\/v2\/media?parent=834"}],"curies":[{"name":"wp","href":"https:\/\/api.w.org\/{rel}","templated":true}]}}

ACOLLIDA MATÍ/TARDA

<p><img decoding="async" src="/ceipangelsgarrigabcn/intranet/file.php?file=menu/serveis_ampa_ac.png" alt="" /></p>
<p><img decoding="async" src="/ceipangelsgarrigabcn/intranet/file.php?file=fotos/Fotos%20continguts/acollida.png" alt="" /></p>
<p><span style="font-size: medium;"><span style="color: #3d3fff; font-family: verdana,arial,helvetica,sans-serif;"><strong style="color: #1fb7ff;"><span style="font-family: arial,helvetica,sans-serif;">SERVEI D&#8217;ACOLLIDA MATÍ </span></strong></span></span></p>
<p><!-- [if gte mso 9]><xml>
<w:WordDocument>
<w:View>Normal</w:View>
<w:Zoom>0</w:Zoom>
<w:HyphenationZone>21</w:HyphenationZone>
<w:PunctuationKerning/>
<w:ValidateAgainstSchemas/>
<w:SaveIfXMLInvalid>false</w:SaveIfXMLInvalid>
<w:IgnoreMixedContent>false</w:IgnoreMixedContent>
<w:AlwaysShowPlaceholderText>false</w:AlwaysShowPlaceholderText>
<w:Compatibility>
<w:BreakWrappedTables/>
<w:SnapToGridInCell/>
<w:WrapTextWithPunct/>
<w:UseAsianBreakRules/>
<w:DontGrowAutofit/>
</w:Compatibility>
<w:BrowserLevel>MicrosoftInternetExplorer4</w:BrowserLevel>
</w:WordDocument>
</xml><![endif]--><!-- [if gte mso 9]><xml>
<w:LatentStyles DefLockedState="false" LatentStyleCount="156">
</w:LatentStyles>
</xml><![endif]--><!-- [if !mso]><object classid="clsid:38481807-CA0E-42D2-BF39-B33AF135CC4D" id=ieooui></object>



<style>
st1:*{behavior:url(#ieooui) }<br /></style>

<![endif]--><!-- [if gte mso 10]>



<style>
 /* Style Definitions */<br />table.MsoNormalTable<br />{mso-style-name:"Tabla normal";<br />mso-tstyle-rowband-size:0;<br />mso-tstyle-colband-size:0;<br />mso-style-noshow:yes;<br />mso-style-parent:"";<br />mso-padding-alt:0cm 5.4pt 0cm 5.4pt;<br />mso-para-margin:0cm;<br />mso-para-margin-bottom:.0001pt;<br />mso-pagination:widow-orphan;<br />font-size:10.0pt;<br />font-family:"Times New Roman";<br />mso-ansi-language:#0400;<br />mso-fareast-language:#0400;<br />mso-bidi-language:#0400;}<br /></style>

<![endif]--></p>
<p class="MsoNormal" style="text-align: justify; line-height: 150%;"><span style="font-size: small;"><span lang="CA" style="font-size: 10.0pt; line-height: 150%; font-family: Verdana;">Oferim el servei d’acolliment per els més matiners de 7h30 a 9 del matí.</span></span></p>
<p class="MsoNormal" style="text-align: justify; line-height: 150%;"><span style="font-size: small;"><span lang="CA" style="font-size: 10.0pt; line-height: 150%; font-family: Verdana;">Aquest servei permet que les famílies disposin d’un horari més ampli per a la organització familiar fent així que els nens i nenes acompanyats de monitors/es puguin esmorzar i estar una estona a l’escola abans que comenci l’horari lectiu.</span></span></p>
<p><span style="font-size: small;"><span lang="CA" style="font-size: 10pt; line-height: 115%; font-family: Verdana;">Per aquesta estona disposem de recursos per poder estar jugant o mirant contes o fent feina.</span></span></p>
<p><span style="font-size: medium;"><span style="color: #3d3fff; font-family: verdana,arial,helvetica,sans-serif;"><strong style="color: #1fb7ff;"><span style="font-family: arial,helvetica,sans-serif;">SERVEI D&#8217;ACOLLIDA TARDA </span></strong></span></span></p>
<p class="MsoNormal" style="text-align: justify; line-height: 150%;"><span style="font-size: small;"> <span lang="CA" style="font-size: 10.0pt; line-height: 150%; font-family: Verdana;">Oferim el servei d’acolliment de tardes de 16h30 a 18h. Aquest servei el dividim en dues franges horàries:</span></span></p>
<p class="MsoNormal" style="text-align: justify; line-height: 150%;"><span style="font-size: small;"><span lang="CA" style="font-size: 10.0pt; line-height: 150%; font-family: Verdana; mso-fareast-font-family: 'Times New Roman'; mso-fareast-language: ES;">* De 16h30 a 17h de dilluns a divendres. Durant aquesta estona, si porten berenar, berenem i juguem al pati o a l&#8217;aula.<br />
</span></span></p>
<p class="MsoNormal" style="text-align: justify; line-height: 150%;"><span style="font-size: small;"><span lang="CA" style="font-size: 10pt; line-height: 150%; font-family: Verdana;">* De 17h a 18h de dilluns a dijous. La primera estona, si porten berenar, berenem i juguem al pati o a l&#8217;aula, després podem fer una estona de contes, estudi, dibuix&#8230;</span></span></p>
<div class="alignnone size-medium"></div>

<p>SERVEI D&#8217;ACOLLIDA MATÍ </p>
<p>Oferim el servei d’acolliment per els més matiners de 7h30 a 9 del matí.<br />
Aquest servei permet que les famílies disposin d’un horari més ampli per a la organització familiar fent així que els nens i nenes acompanyats de monitors/es puguin esmorzar i estar&hellip;  <a href="https://agora.xtec.cat/ceipangelsgarrigabcn/mhampaserveis/mhserveisserveis-ampaacollida-mat/" title="Read ACOLLIDA MATÍ/TARDA">Llegeix més»</a></p>
