{"id":528,"date":"2016-04-19T11:49:20","date_gmt":"2016-04-19T10:49:20","guid":{"rendered":"http:\/\/agora.xtec.cat\/ceipangelsgarrigabcn\/intraweb\/hist\/"},"modified":"2024-04-26T12:02:30","modified_gmt":"2024-04-26T10:02:30","slug":"hist","status":"publish","type":"page","link":"https:\/\/agora.xtec.cat\/ceipangelsgarrigabcn\/escola-angels-garriga\/hist\/","title":{"rendered":"HIST\u00d2RIA DE l&#8217;ESCOLA"},"content":{"rendered":"<div class=\"alignnone size-medium\"><img decoding=\"async\" src=\"http:\/\/agora.xtec.cat\/ceipangelsgarrigabcn\/wp-content\/uploads\/usu799\/2016\/04\/qsom_hist.png\" alt=\"\" \/><\/div>\n<p><span style=\"font-family: verdana,arial,helvetica,sans-serif; font-size: small;\"> L&#8217;escola <strong>\u00c0ngels Garriga<\/strong> \u00e9s una escola p\u00fablica i catalana, d&#8217;una sola l\u00ednia, amb un equip de mestres estable i cohesionat.<\/span><\/p>\n<p><span style=\"font-family: verdana,arial,helvetica,sans-serif; font-size: small;\"> Va ser fundada el curs 1969-70 per un grup de pares, mares, i mestres que vol\u00edem una escola catalana, coeducativa, laica i democr\u00e0tica; una escola de qualitat i innovadora que desitj\u00e0vem que fos per a tothom.<br \/>\n<\/span><\/p>\n<p align=\"justify\"><span style=\"font-family: verdana,arial,helvetica,sans-serif; font-size: small;\">Juntament amb altres escoles vam crear el Col.lectiu d&#8217;Escoles Per a l&#8217;Escola P\u00fablica Catalana (CEPEPC).<\/span><\/p>\n<p><span style=\"font-family: verdana,arial,helvetica,sans-serif; font-size: small;\">L&#8217;any 1987, despr\u00e9s d&#8217;uns anys de lluita, vam entrar a la Xarxa d&#8217;Escoles P\u00fabliques de Catalunya des d&#8217;on seguim la nostra tasca, que es fonamenta en els seg\u00fcents principis: <\/span><span style=\"font-family: verdana,arial,helvetica,sans-serif; font-size: small;\"><br \/>\n<\/span><\/p>\n<ul>\n<li><span style=\"font-family: verdana,arial,helvetica,sans-serif; font-size: small;\">L&#8217;escola \u00e9s el lloc on el nen i la nena entren a formar part d&#8217;un col.lectiu i on millor poden fer l&#8217;aprenentatge de la conviv\u00e8ncia i la solidaritat, de la participaci\u00f3 en la vida dels grups i de la societat. <\/span><\/li>\n<li><span style=\"font-family: verdana,arial,helvetica,sans-serif; font-size: small;\">Procurem a l&#8217;escola un clima acollidor, positiu i agradable que faciliti que els nois i noies es trobin b\u00e9 i que ajudi el seu equilibri emocional i autoestima. <\/span><\/li>\n<li><span style=\"font-family: verdana,arial,helvetica,sans-serif; font-size: small;\">Pretenem desenvolupar harm\u00f2nicament els diferents aspectes de la persona: els aprenentatges intel.lectuals, art\u00edstics, espacials, manuals&#8230;i la formaci\u00f3 de caire \u00e8tic. <\/span><\/li>\n<li><span style=\"font-family: verdana,arial,helvetica,sans-serif; font-size: small;\">Volem preparar-los tamb\u00e9 per al m\u00f3n de la ci\u00e8ncia i les noves tecnologies, per aix\u00f2 introdu\u00efm des del Parvulari l&#8217;\u00fas de mitjans tecnol\u00f2gics. <\/span><\/li>\n<li><span style=\"font-family: verdana,arial,helvetica,sans-serif; font-size: small;\">Us convidem a formar part de la nostra escola, un col.lectiu obert i actiu on tots els membres -pares, mares, alumnes, i mestres- participen, es relacionen i es comuniquen.<\/span><span style=\"font-family: verdana,arial,helvetica,sans-serif; font-size: small;\">\u00a0\u00a0<\/span><\/li>\n<\/ul>\n<p align=\"justify\"><span style=\"font-family: verdana,arial,helvetica,sans-serif; font-size: small;\"><strong>Ens trobareu\u00a0<\/strong>al<strong> <span style=\"color: #5200ff;\">c\/ Gallecs N\u00ba 22<\/span><\/strong> al barri de la Font d&#8217;en Fargues (Horta) de Barcelona i el nostre tel\u00e8fon \u00e9s el <strong style=\"color: #5200ff;\">93-420.58.01.<\/strong><\/span><\/p>\n<p align=\"justify\"><span style=\"font-family: verdana,arial,helvetica,sans-serif; font-size: small;\"><strong>Maria \u00c0ngels Garriga i Mart\u00edn<\/strong>, a vegades coneguda amb el cognom del marit, com a <strong>\u00c0ngels Garriga de Mata<\/strong>, per\u00f2 m\u00e9s sovint nom\u00e9s com a <strong>\u00c0ngels Garriga<\/strong>, (Sant Vicen\u00e7 de Calders 1898 &#8211; Barcelona 1967) fou una pedagoga, mestra i escriptora catalana. <\/span><\/p>\n","protected":false},"excerpt":{"rendered":"<p> L&#8217;escola \u00c0ngels Garriga \u00e9s una escola p\u00fablica i catalana, d&#8217;una sola l\u00ednia, amb un equip de mestres estable i cohesionat.<br \/>\n Va ser fundada el curs 1969-70 per un grup de pares, mares, i mestres que vol\u00edem una escola catalana, coeducativa, laica i democr\u00e0tica; una&hellip;  <a href=\"https:\/\/agora.xtec.cat\/ceipangelsgarrigabcn\/escola-angels-garriga\/hist\/\" title=\"Read HIST\u00d2RIA DE l&#8217;ESCOLA\">Llegeix m\u00e9s\u00bb<\/a><\/p>\n","protected":false},"author":267,"featured_media":529,"parent":7837,"menu_order":1,"comment_status":"closed","ping_status":"open","template":"page-templates\/side-menu.php","meta":{"_bbp_topic_count":0,"_bbp_reply_count":0,"_bbp_total_topic_count":0,"_bbp_total_reply_count":0,"_bbp_voice_count":0,"_bbp_anonymous_reply_count":0,"_bbp_topic_count_hidden":0,"_bbp_reply_count_hidden":0,"_bbp_forum_subforum_count":0,"footnotes":""},"class_list":["post-528","page","type-page","status-publish","has-post-thumbnail","hentry"],"post_mailing_queue_ids":[],"_links":{"self":[{"href":"https:\/\/agora.xtec.cat\/ceipangelsgarrigabcn\/wp-json\/wp\/v2\/pages\/528","targetHints":{"allow":["GET"]}}],"collection":[{"href":"https:\/\/agora.xtec.cat\/ceipangelsgarrigabcn\/wp-json\/wp\/v2\/pages"}],"about":[{"href":"https:\/\/agora.xtec.cat\/ceipangelsgarrigabcn\/wp-json\/wp\/v2\/types\/page"}],"author":[{"embeddable":true,"href":"https:\/\/agora.xtec.cat\/ceipangelsgarrigabcn\/wp-json\/wp\/v2\/users\/267"}],"replies":[{"embeddable":true,"href":"https:\/\/agora.xtec.cat\/ceipangelsgarrigabcn\/wp-json\/wp\/v2\/comments?post=528"}],"version-history":[{"count":3,"href":"https:\/\/agora.xtec.cat\/ceipangelsgarrigabcn\/wp-json\/wp\/v2\/pages\/528\/revisions"}],"predecessor-version":[{"id":3022,"href":"https:\/\/agora.xtec.cat\/ceipangelsgarrigabcn\/wp-json\/wp\/v2\/pages\/528\/revisions\/3022"}],"up":[{"embeddable":true,"href":"https:\/\/agora.xtec.cat\/ceipangelsgarrigabcn\/wp-json\/wp\/v2\/pages\/7837"}],"wp:featuredmedia":[{"embeddable":true,"href":"https:\/\/agora.xtec.cat\/ceipangelsgarrigabcn\/wp-json\/wp\/v2\/media\/529"}],"wp:attachment":[{"href":"https:\/\/agora.xtec.cat\/ceipangelsgarrigabcn\/wp-json\/wp\/v2\/media?parent=528"}],"curies":[{"name":"wp","href":"https:\/\/api.w.org\/{rel}","templated":true}]}}