{"id":1171,"date":"2016-06-13T18:34:10","date_gmt":"2016-06-13T17:34:10","guid":{"rendered":"http:\/\/agora.xtec.cat\/ceipangelsgarrigabcn\/?page_id=1171"},"modified":"2019-03-29T13:08:01","modified_gmt":"2019-03-29T12:08:01","slug":"junta","status":"publish","type":"page","link":"https:\/\/agora.xtec.cat\/ceipangelsgarrigabcn\/mhcom-ens-organitzemampa\/comensorganitzem\/junta\/","title":{"rendered":"JUNTA"},"content":{"rendered":"<p>La Junta de l&#8217;AFA, \u00e9s un conjunt de pares i mares que representa els interessos de tots els pares i mares en qualsevol tema relacionat amb l&#8217;estada dels nens i nenes a l&#8217;escola.<\/p>\n<p>A m\u00e9s, es proposa promoure i donar suport a iniciatives de l&#8217;escola i de serveis a les fam\u00edlies en horari no escolar.<\/p>\n<div align=\"justify\"><\/div>\n<p align=\"justify\">Les principals activitats de la Junta son:<\/p>\n<div align=\"justify\">\n<ul>\n<li>Gestiona, coordina i contracta els serveis extraescolars contractats amb la Cooperativa Escolar Guinard\u00f3. Teniu m\u00e9s informaci\u00f3 de la Cooperativa al men\u00fa Serveis&gt;Serveis de L&#8217;AFA.<\/li>\n<li>Promou i coordina activitats directament i a trav\u00e9s de comissions de treball.<\/li>\n<li>Recull i canalitza les inquietuds o iniciatives dels pares i mares cap a l&#8217;escola a trav\u00e9s de les institucions escolars, Consell, reuni\u00f3 de Coordinadora, figura dels delegats de curs, comissions de treball, etc.<\/li>\n<li>Gestiona la part econ\u00f2mica de les activitats extraexcolars i algunes escolars, a trav\u00e9s de les quotes, subvencions i ajudes a projectes.<\/li>\n<li>Promou espais de coordinaci\u00f3 per a resoldre i compartir inquietuds, problemes o iniciatives.<\/li>\n<\/ul>\n<p>Per posar-vos en contacte amb la Junta, podeu enviar un correu a <em><a href=\"mailto:juntaAFA@angelsgarriga.net\" target=\"_blank\" rel=\"noopener\">juntaAFA@angelsgarriga.net<\/a><\/em><\/p>\n<\/div>\n","protected":false},"excerpt":{"rendered":"<p>La Junta de l&#8217;AFA, \u00e9s un conjunt de pares i mares que representa els interessos de tots els pares i mares en qualsevol tema relacionat amb l&#8217;estada dels nens i nenes a l&#8217;escola.<br \/>\nA m\u00e9s, es proposa promoure i donar suport a iniciatives de l&#8217;escola i&hellip;  <a href=\"https:\/\/agora.xtec.cat\/ceipangelsgarrigabcn\/mhcom-ens-organitzemampa\/comensorganitzem\/junta\/\" title=\"Read JUNTA\">Llegeix m\u00e9s\u00bb<\/a><\/p>\n","protected":false},"author":267,"featured_media":0,"parent":1092,"menu_order":1,"comment_status":"closed","ping_status":"closed","template":"page-templates\/side-menu.php","meta":{"_bbp_topic_count":0,"_bbp_reply_count":0,"_bbp_total_topic_count":0,"_bbp_total_reply_count":0,"_bbp_voice_count":0,"_bbp_anonymous_reply_count":0,"_bbp_topic_count_hidden":0,"_bbp_reply_count_hidden":0,"_bbp_forum_subforum_count":0,"footnotes":""},"class_list":["post-1171","page","type-page","status-publish","hentry"],"post_mailing_queue_ids":[],"_links":{"self":[{"href":"https:\/\/agora.xtec.cat\/ceipangelsgarrigabcn\/wp-json\/wp\/v2\/pages\/1171","targetHints":{"allow":["GET"]}}],"collection":[{"href":"https:\/\/agora.xtec.cat\/ceipangelsgarrigabcn\/wp-json\/wp\/v2\/pages"}],"about":[{"href":"https:\/\/agora.xtec.cat\/ceipangelsgarrigabcn\/wp-json\/wp\/v2\/types\/page"}],"author":[{"embeddable":true,"href":"https:\/\/agora.xtec.cat\/ceipangelsgarrigabcn\/wp-json\/wp\/v2\/users\/267"}],"replies":[{"embeddable":true,"href":"https:\/\/agora.xtec.cat\/ceipangelsgarrigabcn\/wp-json\/wp\/v2\/comments?post=1171"}],"version-history":[{"count":3,"href":"https:\/\/agora.xtec.cat\/ceipangelsgarrigabcn\/wp-json\/wp\/v2\/pages\/1171\/revisions"}],"predecessor-version":[{"id":4426,"href":"https:\/\/agora.xtec.cat\/ceipangelsgarrigabcn\/wp-json\/wp\/v2\/pages\/1171\/revisions\/4426"}],"up":[{"embeddable":true,"href":"https:\/\/agora.xtec.cat\/ceipangelsgarrigabcn\/wp-json\/wp\/v2\/pages\/1092"}],"wp:attachment":[{"href":"https:\/\/agora.xtec.cat\/ceipangelsgarrigabcn\/wp-json\/wp\/v2\/media?parent=1171"}],"curies":[{"name":"wp","href":"https:\/\/api.w.org\/{rel}","templated":true}]}}