{"id":1092,"date":"2016-06-07T09:32:08","date_gmt":"2016-06-07T08:32:08","guid":{"rendered":"http:\/\/agora.xtec.cat\/ceipangelsgarrigabcn\/?page_id=1092"},"modified":"2019-06-16T21:40:05","modified_gmt":"2019-06-16T19:40:05","slug":"comensorganitzem","status":"publish","type":"page","link":"https:\/\/agora.xtec.cat\/ceipangelsgarrigabcn\/mhcom-ens-organitzemampa\/comensorganitzem\/","title":{"rendered":"COM ENS ORGANITZEM?"},"content":{"rendered":"<p>Mitjan\u00e7ant les comissions i grups de treball l&#8217;AFA pot gestionar-se de forma efica\u00e7. Trobareu m\u00e9s informaci\u00f3 clicant sobre els diferents grups de treball i comissions que trobareu al men\u00fa de la part esquerra.<\/p>\n","protected":false},"excerpt":{"rendered":"<p>Mitjan\u00e7ant les comissions i grups de treball l&#8217;AFA pot gestionar-se de forma efica\u00e7. Trobareu m\u00e9s informaci\u00f3 clicant sobre els diferents grups de treball i comissions que trobareu al men\u00fa de la part esquerra.<\/p>\n","protected":false},"author":267,"featured_media":0,"parent":602,"menu_order":3,"comment_status":"closed","ping_status":"closed","template":"page-templates\/side-menu.php","meta":{"_bbp_topic_count":0,"_bbp_reply_count":0,"_bbp_total_topic_count":0,"_bbp_total_reply_count":0,"_bbp_voice_count":0,"_bbp_anonymous_reply_count":0,"_bbp_topic_count_hidden":0,"_bbp_reply_count_hidden":0,"_bbp_forum_subforum_count":0,"footnotes":""},"class_list":["post-1092","page","type-page","status-publish","hentry"],"post_mailing_queue_ids":[],"_links":{"self":[{"href":"https:\/\/agora.xtec.cat\/ceipangelsgarrigabcn\/wp-json\/wp\/v2\/pages\/1092","targetHints":{"allow":["GET"]}}],"collection":[{"href":"https:\/\/agora.xtec.cat\/ceipangelsgarrigabcn\/wp-json\/wp\/v2\/pages"}],"about":[{"href":"https:\/\/agora.xtec.cat\/ceipangelsgarrigabcn\/wp-json\/wp\/v2\/types\/page"}],"author":[{"embeddable":true,"href":"https:\/\/agora.xtec.cat\/ceipangelsgarrigabcn\/wp-json\/wp\/v2\/users\/267"}],"replies":[{"embeddable":true,"href":"https:\/\/agora.xtec.cat\/ceipangelsgarrigabcn\/wp-json\/wp\/v2\/comments?post=1092"}],"version-history":[{"count":3,"href":"https:\/\/agora.xtec.cat\/ceipangelsgarrigabcn\/wp-json\/wp\/v2\/pages\/1092\/revisions"}],"predecessor-version":[{"id":4669,"href":"https:\/\/agora.xtec.cat\/ceipangelsgarrigabcn\/wp-json\/wp\/v2\/pages\/1092\/revisions\/4669"}],"up":[{"embeddable":true,"href":"https:\/\/agora.xtec.cat\/ceipangelsgarrigabcn\/wp-json\/wp\/v2\/pages\/602"}],"wp:attachment":[{"href":"https:\/\/agora.xtec.cat\/ceipangelsgarrigabcn\/wp-json\/wp\/v2\/media?parent=1092"}],"curies":[{"name":"wp","href":"https:\/\/api.w.org\/{rel}","templated":true}]}}