{"id":24,"date":"2014-09-18T12:23:15","date_gmt":"2014-09-18T11:23:15","guid":{"rendered":"http:\/\/agora.xtec.cat\/ceipangelaroca\/?page_id=24"},"modified":"2024-01-28T19:10:36","modified_gmt":"2024-01-28T18:10:36","slug":"on-som","status":"publish","type":"page","link":"https:\/\/agora.xtec.cat\/ceipangelaroca\/la-nostra-escola\/on-som\/","title":{"rendered":"On som"},"content":{"rendered":"<p style=\"color: #666666;\"><span class=\"Estilo2\">Cicle dels Mitjans (3r), Cicle dels Grans (4t, 5\u00e8 i 6\u00e8),Secretaria i Direcci\u00f3<br \/>\n<\/span>Crta. de Sant Climent, 9<br \/>\n08840 Viladecans<br \/>\n<em>Tel\u00e8fon<\/em>: 93 637 12 75<\/p>\n<p><iframe loading=\"lazy\" style=\"border: 0;\" src=\"https:\/\/www.google.com\/maps\/embed?pb=!1m14!1m8!1m3!1d1498.2558639981705!2d2.0161672401533477!3d41.319484578885074!3m2!1i1024!2i768!4f13.1!3m3!1m2!1s0x0%3A0xe68e2412cb211ad3!2sEscola+%C3%80ngela+Roca+Il!5e0!3m2!1ses!2ses!4v1515694249002\" width=\"400\" height=\"300\" frameborder=\"0\" allowfullscreen=\"allowfullscreen\"><\/iframe><\/p>\n<p>&nbsp;<\/p>\n","protected":false},"excerpt":{"rendered":"<p>Cicle dels Mitjans (3r), Cicle dels Grans (4t, 5\u00e8 i 6\u00e8),Secretaria i Direcci\u00f3<br \/>\nCrta. de Sant Climent, 9<br \/>\n08840 Viladecans<br \/>\nTel\u00e8fon: 93 637 12 75<\/p>\n<p>&nbsp;<\/p>\n","protected":false},"author":1,"featured_media":0,"parent":584,"menu_order":10,"comment_status":"closed","ping_status":"closed","template":"page-templates\/side-menu.php","meta":{"_bbp_topic_count":0,"_bbp_reply_count":0,"_bbp_total_topic_count":0,"_bbp_total_reply_count":0,"_bbp_voice_count":0,"_bbp_anonymous_reply_count":0,"_bbp_topic_count_hidden":0,"_bbp_reply_count_hidden":0,"_bbp_forum_subforum_count":0,"footnotes":""},"class_list":["post-24","page","type-page","status-publish","hentry"],"post_mailing_queue_ids":[],"_links":{"self":[{"href":"https:\/\/agora.xtec.cat\/ceipangelaroca\/wp-json\/wp\/v2\/pages\/24","targetHints":{"allow":["GET"]}}],"collection":[{"href":"https:\/\/agora.xtec.cat\/ceipangelaroca\/wp-json\/wp\/v2\/pages"}],"about":[{"href":"https:\/\/agora.xtec.cat\/ceipangelaroca\/wp-json\/wp\/v2\/types\/page"}],"author":[{"embeddable":true,"href":"https:\/\/agora.xtec.cat\/ceipangelaroca\/wp-json\/wp\/v2\/users\/1"}],"replies":[{"embeddable":true,"href":"https:\/\/agora.xtec.cat\/ceipangelaroca\/wp-json\/wp\/v2\/comments?post=24"}],"version-history":[{"count":5,"href":"https:\/\/agora.xtec.cat\/ceipangelaroca\/wp-json\/wp\/v2\/pages\/24\/revisions"}],"predecessor-version":[{"id":3285,"href":"https:\/\/agora.xtec.cat\/ceipangelaroca\/wp-json\/wp\/v2\/pages\/24\/revisions\/3285"}],"up":[{"embeddable":true,"href":"https:\/\/agora.xtec.cat\/ceipangelaroca\/wp-json\/wp\/v2\/pages\/584"}],"wp:attachment":[{"href":"https:\/\/agora.xtec.cat\/ceipangelaroca\/wp-json\/wp\/v2\/media?parent=24"}],"curies":[{"name":"wp","href":"https:\/\/api.w.org\/{rel}","templated":true}]}}