{"id":1264,"date":"2020-02-10T13:19:38","date_gmt":"2020-02-10T12:19:38","guid":{"rendered":"http:\/\/agora.xtec.cat\/ceipangelaroca\/?page_id=1264"},"modified":"2024-02-23T10:34:08","modified_gmt":"2024-02-23T09:34:08","slug":"lets-english-com-aprenem-angles-a-lescola","status":"publish","type":"page","link":"https:\/\/agora.xtec.cat\/ceipangelaroca\/projecte-educatiu\/lets-english-com-aprenem-angles-a-lescola\/","title":{"rendered":"Let&#8217;s learn English! Com aprenem angl\u00e8s a l&#8217;escola"},"content":{"rendered":"<p>A l\u2019escola \u00c0ngela Roca fomentem l\u2019aprenentatge de l\u2019angl\u00e8s des de diferents \u00e0mbits, a fi de millorar les habilitats comunicatives del nostre alumnat.<\/p>\n<h5><em><strong>Angl\u00e8s des de la primera etapa d<\/strong><strong>\u2019<\/strong><strong>infantil<\/strong><\/em><\/h5>\n<p>A l\u2019escola, l\u2019alumnat comen\u00e7a a tenir contacte amb la llengua anglesa des d\u2019I3, on es realitzen dues sessions de 45 minuts setmanals en grups redu\u00efts i s\u2019apr\u00e8n de forma natural a trav\u00e9s de can\u00e7ons, jocs i contes. Durant tota l\u2019etapa d\u2019infantil (I3, I4 i I5) es fan desdoblaments per poder aprofitar el m\u00e0xim de les sessions. Com ho fem? Les situacions proposades per a l\u2019aprenentatge de la llengua integren moviment, m\u00fasica, repetici\u00f3 i elements l\u00fadics per tal de fomentar, sobretot, l\u2019oralitat de la llengua.<\/p>\n<p style=\"text-align: center;\">\r\n\t<div class=\"slideshow_container slideshow_container_style-light\" style=\"height: 300px; \" data-slideshow-id=\"3256\" data-style-name=\"style-light\" data-style-version=\"2.3.1\" >\r\n\r\n\t\t\t\t\t<div class=\"slideshow_loading_icon\"><\/div>\r\n\t\t\r\n\t\t<div class=\"slideshow_content\" style=\"display: none;\">\r\n\r\n\t\t\t<div class=\"slideshow_view\">\t<div style=\"clear: both;\"><\/div><\/div><div class=\"slideshow_view\">\t<div style=\"clear: both;\"><\/div><\/div><div class=\"slideshow_view\">\t<div style=\"clear: both;\"><\/div><\/div><div class=\"slideshow_view\">\t<div style=\"clear: both;\"><\/div><\/div><div class=\"slideshow_view\">\t<div style=\"clear: both;\"><\/div><\/div><div class=\"slideshow_view\">\t<div style=\"clear: both;\"><\/div><\/div>\r\n\t\t<\/div>\r\n\r\n\t\t<div class=\"slideshow_controlPanel slideshow_transparent\" style=\"display: none;\"><ul><li class=\"slideshow_togglePlay\" data-play-text=\"Visualitza\" data-pause-text=\"Pausa\"><\/li><\/ul><\/div>\r\n\r\n\t\t<div class=\"slideshow_button slideshow_previous slideshow_transparent\" role=\"button\" data-previous-text=\"Anterior\" style=\"display: none;\"><\/div>\r\n\t\t<div class=\"slideshow_button slideshow_next slideshow_transparent\" role=\"button\" data-next-text=\"Seg\u00fcent\" style=\"display: none;\"><\/div>\r\n\r\n\t\t<div class=\"slideshow_pagination\" style=\"display: none;\" data-go-to-text=\"V\u00e9s a la diapositiva\"><div class=\"slideshow_pagination_center\"><\/div><\/div>\r\n\r\n\t\t<!-- WordPress Slideshow Version 2.3.1 -->\r\n\r\n\t\t\t<\/div>\r\n\r\n<\/p>\n<h5><\/h5>\n<h5><strong><i>English in Primary Education<\/i><\/strong><\/h5>\n<p>Durant tota l\u2019etapa de prim\u00e0ria, l\u2019alumnat adquireix l\u2019angl\u00e8s com a segona llengua de forma gradual, tot tenint en compte el seu moment evolutiu. Al cicle inicial, es promou principalment l\u2019adquisici\u00f3 de la llengua de forma oral, mitjan\u00e7ant jocs i can\u00e7ons. A partir de cicle mitj\u00e0, l\u2019escriptura comen\u00e7a a tenir m\u00e9s pres\u00e8ncia, de manera que a cicle superior s\u00f3n capa\u00e7os de comunicar-se tant oralment com de forma escrita. Com ho fem? Els jocs, les feines en grup i el treball per estacions durant les sessions de Sharing to Learn ens ajuden molt a consolidar les diferents estructures gramaticals i el vocabulari necessari de forma motivadora.<\/p>\n<p><a href=\"https:\/\/agora.xtec.cat\/ceipangelaroca\/wp-content\/uploads\/usu1498\/2024\/02\/IMG_20240222_170847.jpg\"><img loading=\"lazy\" decoding=\"async\" class=\"aligncenter size-medium wp-image-3527\" src=\"https:\/\/agora.xtec.cat\/ceipangelaroca\/wp-content\/uploads\/usu1498\/2024\/02\/IMG_20240222_170847-300x284.jpg\" alt=\"\" width=\"300\" height=\"284\" \/><\/a><img loading=\"lazy\" decoding=\"async\" class=\"aligncenter size-medium wp-image-3528\" src=\"https:\/\/agora.xtec.cat\/ceipangelaroca\/wp-content\/uploads\/usu1498\/2024\/02\/IMG_20240222_170810-300x227.jpg\" alt=\"\" width=\"300\" height=\"227\" \/><\/p>\n<p>&nbsp;<\/p>\n<h5 style=\"font-weight: 400;\"><strong><i>Let&#8217;s talk!<\/i><\/strong><\/h5>\n<p>L\u2019objectiu final d\u2019una llengua \u00e9s comunicar-se. Per aquest motiu, a sis\u00e8 desdoblem una sessi\u00f3 a la setmana, on la meitat del grup treballa de manera m\u00e9s oral, l\u00fadica i manipulativa, mentre que l\u2019altra se centra en treballar la part escrita amb una atenci\u00f3 m\u00e9s personalitzada.<\/p>\n<p><a href=\"https:\/\/agora.xtec.cat\/ceipangelaroca\/wp-content\/uploads\/usu1498\/2024\/02\/IMG_20240222_171534.jpg\"><img loading=\"lazy\" decoding=\"async\" class=\"aligncenter size-medium wp-image-3531\" src=\"https:\/\/agora.xtec.cat\/ceipangelaroca\/wp-content\/uploads\/usu1498\/2024\/02\/IMG_20240222_171534-300x106.jpg\" alt=\"\" width=\"300\" height=\"106\" \/><\/a><\/p>\n<h5><\/h5>\n<h5><strong><em>Sharing to learn<\/em><\/strong><\/h5>\n<p style=\"font-weight: 400;\">L\u2019objectiu principal\u00a0 del projecte <em><a href=\"https:\/\/agora.xtec.cat\/escolaantonitapies\/wp-content\/uploads\/usu574\/2018\/11\/Sharing-to-learn.-Descripci%C3%B3-de-l_experi%C3%A8ncia_2018-2019.pdf\">Sharing to learn<\/a><\/em> \u00e9s afavorir l\u2019expressi\u00f3 oral en llengua anglesa, per tal de facilitar a l\u2019alumnat l\u2019acc\u00e9s a entorns pluriling\u00fces i pluriculturals. A la nostra escola intervenen alumnes de l\u2019Institut Torre Roja, que ajuden a dinamitzar aquestes sessions, tot donant suport i oferint propostes molt engrescadores a l\u2019alumnat de 4t i 5\u00e8.<\/p>\n<p><a href=\"https:\/\/agora.xtec.cat\/ceipangelaroca\/wp-content\/uploads\/usu1498\/2024\/02\/IMG_20240222_170719.jpg\"><img loading=\"lazy\" decoding=\"async\" class=\"aligncenter size-medium wp-image-3530\" src=\"https:\/\/agora.xtec.cat\/ceipangelaroca\/wp-content\/uploads\/usu1498\/2024\/02\/IMG_20240222_170719-300x290.jpg\" alt=\"\" width=\"300\" height=\"290\" \/><\/a><\/p>\n<p><a href=\"https:\/\/agora.xtec.cat\/ceipangelaroca\/wp-content\/uploads\/usu1498\/2024\/02\/IMG_20240222_170741.jpg\"><img loading=\"lazy\" decoding=\"async\" class=\"aligncenter size-medium wp-image-3529\" src=\"https:\/\/agora.xtec.cat\/ceipangelaroca\/wp-content\/uploads\/usu1498\/2024\/02\/IMG_20240222_170741-284x300.jpg\" alt=\"\" width=\"284\" height=\"300\" \/><\/a><\/p>\n<p>&nbsp;<\/p>\n<h5 style=\"font-weight: 400;\"><em><strong>English Day<\/strong><\/em><\/h5>\n<p style=\"font-weight: 400;\">Aix\u00ed mateix, participem en el\u00a0 &#8220;<a href=\"https:\/\/youtu.be\/A5dGkAbUN04\"><em>English Day<\/em><\/a>&#8220;, una jornada l\u00fadica que reuneix l\u2019alumnat de 6\u00e8 de diferents centres educatius de Viladecans, on es duen a terme activitats en llengua anglesa amb jocs organitzats pel professorat i dinamitzats per l\u2019alumnat de secund\u00e0ria. Es tracta, aix\u00ed doncs, d\u2019un espai impulsat pels especialistes d\u2019angl\u00e8s, a trav\u00e9s del qual es reforcen tots els sabers adquirits de forma estimulant.<\/p>\n","protected":false},"excerpt":{"rendered":"<p>A l\u2019escola \u00c0ngela Roca fomentem l\u2019aprenentatge de l\u2019angl\u00e8s des de diferents \u00e0mbits, a fi de millorar les habilitats comunicatives del nostre alumnat.<br \/>\nAngl\u00e8s des de la primera etapa d\u2019infantil<br \/>\nA l\u2019escola, l\u2019alumnat comen\u00e7a a tenir contacte amb la llengua anglesa des d\u2019I3, on es realitzen dues sessions&hellip;  <a href=\"https:\/\/agora.xtec.cat\/ceipangelaroca\/projecte-educatiu\/lets-english-com-aprenem-angles-a-lescola\/\" title=\"Read Let&#8217;s learn English! Com aprenem angl\u00e8s a l&#8217;escola\">Llegeix m\u00e9s\u00bb<\/a><\/p>\n","protected":false},"author":1,"featured_media":0,"parent":64,"menu_order":60,"comment_status":"closed","ping_status":"closed","template":"page-templates\/side-menu.php","meta":{"_bbp_topic_count":0,"_bbp_reply_count":0,"_bbp_total_topic_count":0,"_bbp_total_reply_count":0,"_bbp_voice_count":0,"_bbp_anonymous_reply_count":0,"_bbp_topic_count_hidden":0,"_bbp_reply_count_hidden":0,"_bbp_forum_subforum_count":0,"footnotes":""},"class_list":["post-1264","page","type-page","status-publish","hentry"],"post_mailing_queue_ids":[],"_links":{"self":[{"href":"https:\/\/agora.xtec.cat\/ceipangelaroca\/wp-json\/wp\/v2\/pages\/1264","targetHints":{"allow":["GET"]}}],"collection":[{"href":"https:\/\/agora.xtec.cat\/ceipangelaroca\/wp-json\/wp\/v2\/pages"}],"about":[{"href":"https:\/\/agora.xtec.cat\/ceipangelaroca\/wp-json\/wp\/v2\/types\/page"}],"author":[{"embeddable":true,"href":"https:\/\/agora.xtec.cat\/ceipangelaroca\/wp-json\/wp\/v2\/users\/1"}],"replies":[{"embeddable":true,"href":"https:\/\/agora.xtec.cat\/ceipangelaroca\/wp-json\/wp\/v2\/comments?post=1264"}],"version-history":[{"count":9,"href":"https:\/\/agora.xtec.cat\/ceipangelaroca\/wp-json\/wp\/v2\/pages\/1264\/revisions"}],"predecessor-version":[{"id":3252,"href":"https:\/\/agora.xtec.cat\/ceipangelaroca\/wp-json\/wp\/v2\/pages\/1264\/revisions\/3252"}],"up":[{"embeddable":true,"href":"https:\/\/agora.xtec.cat\/ceipangelaroca\/wp-json\/wp\/v2\/pages\/64"}],"wp:attachment":[{"href":"https:\/\/agora.xtec.cat\/ceipangelaroca\/wp-json\/wp\/v2\/media?parent=1264"}],"curies":[{"name":"wp","href":"https:\/\/api.w.org\/{rel}","templated":true}]}}