{"id":3326,"date":"2024-02-15T19:20:21","date_gmt":"2024-02-15T18:20:21","guid":{"rendered":"https:\/\/agora.xtec.cat\/ceipamistat\/?page_id=3326"},"modified":"2024-03-11T13:19:40","modified_gmt":"2024-03-11T12:19:40","slug":"ciutats-sostenibles","status":"publish","type":"page","link":"https:\/\/agora.xtec.cat\/ceipamistat\/treball-per-projectes\/ciutats-sostenibles\/","title":{"rendered":"Ciutats sostenibles"},"content":{"rendered":"<div class=\"ast-oembed-container \" style=\"height: 100%;\"><iframe loading=\"lazy\" title=\"impuls ciutat ODS11\" width=\"500\" height=\"281\" src=\"https:\/\/www.youtube.com\/embed\/xBpImM7icKY?feature=oembed\" frameborder=\"0\" allow=\"accelerometer; autoplay; clipboard-write; encrypted-media; gyroscope; picture-in-picture; web-share\" referrerpolicy=\"strict-origin-when-cross-origin\" allowfullscreen><\/iframe><\/div>\n<p>A partir d&#8217;aquest impuls i un treball previ de les m\u00e0quines, cada classe ha pensat una m\u00e0quina per aquesta ciutat del futur. Despr\u00e9s ha constru\u00eft la maqueta d&#8217;un enginy per explicar com funcionaria.<\/p>\n<table style=\"border-collapse: collapse; width: 100%; height: 374px;\">\n<tbody>\n<tr style=\"height: 119px;\">\n<td style=\"width: 16.6667%; height: 119px;\"><a href=\"https:\/\/drive.google.com\/file\/d\/1fD9oQmHzBVxdstXLOjd91E1WRBm02tKP\/view?usp=drive_link\"><img loading=\"lazy\" decoding=\"async\" class=\"alignleft size-large wp-image-3363\" src=\"https:\/\/agora.xtec.cat\/ceipamistat\/wp-content\/uploads\/usu1593\/2024\/03\/I3A-1024x576.png\" alt=\"\" width=\"1024\" height=\"576\" srcset=\"https:\/\/agora.xtec.cat\/ceipamistat\/wp-content\/uploads\/usu1593\/2024\/03\/I3A-1024x576.png 1024w, https:\/\/agora.xtec.cat\/ceipamistat\/wp-content\/uploads\/usu1593\/2024\/03\/I3A-300x169.png 300w, https:\/\/agora.xtec.cat\/ceipamistat\/wp-content\/uploads\/usu1593\/2024\/03\/I3A-768x432.png 768w, https:\/\/agora.xtec.cat\/ceipamistat\/wp-content\/uploads\/usu1593\/2024\/03\/I3A-1536x864.png 1536w, https:\/\/agora.xtec.cat\/ceipamistat\/wp-content\/uploads\/usu1593\/2024\/03\/I3A.png 1600w\" sizes=\"auto, (max-width: 1024px) 100vw, 1024px\" \/><\/a><\/td>\n<td style=\"width: 16.6667%; height: 119px;\"><a href=\"https:\/\/drive.google.com\/file\/d\/18YZCD7--xpTyBRrJX5Rf6L0G2NAHofJ5\/view?usp=drive_link\"><img loading=\"lazy\" decoding=\"async\" class=\"alignleft size-large wp-image-3364\" src=\"https:\/\/agora.xtec.cat\/ceipamistat\/wp-content\/uploads\/usu1593\/2024\/03\/I3B-1024x576.png\" alt=\"\" width=\"1024\" height=\"576\" srcset=\"https:\/\/agora.xtec.cat\/ceipamistat\/wp-content\/uploads\/usu1593\/2024\/03\/I3B-1024x576.png 1024w, https:\/\/agora.xtec.cat\/ceipamistat\/wp-content\/uploads\/usu1593\/2024\/03\/I3B-300x169.png 300w, https:\/\/agora.xtec.cat\/ceipamistat\/wp-content\/uploads\/usu1593\/2024\/03\/I3B-768x432.png 768w, https:\/\/agora.xtec.cat\/ceipamistat\/wp-content\/uploads\/usu1593\/2024\/03\/I3B-1536x864.png 1536w, https:\/\/agora.xtec.cat\/ceipamistat\/wp-content\/uploads\/usu1593\/2024\/03\/I3B.png 1600w\" sizes=\"auto, (max-width: 1024px) 100vw, 1024px\" \/><\/a><\/td>\n<td style=\"width: 16.6667%; height: 119px;\"><a href=\"https:\/\/drive.google.com\/file\/d\/1gkjkfg4u7hVbDIdEQnjnbrJELDHGTCBK\/view?usp=drive_link\"><img loading=\"lazy\" decoding=\"async\" class=\"alignleft size-large wp-image-3365\" src=\"https:\/\/agora.xtec.cat\/ceipamistat\/wp-content\/uploads\/usu1593\/2024\/03\/I4-1024x576.png\" alt=\"\" width=\"1024\" height=\"576\" srcset=\"https:\/\/agora.xtec.cat\/ceipamistat\/wp-content\/uploads\/usu1593\/2024\/03\/I4-1024x576.png 1024w, https:\/\/agora.xtec.cat\/ceipamistat\/wp-content\/uploads\/usu1593\/2024\/03\/I4-300x169.png 300w, https:\/\/agora.xtec.cat\/ceipamistat\/wp-content\/uploads\/usu1593\/2024\/03\/I4-768x432.png 768w, https:\/\/agora.xtec.cat\/ceipamistat\/wp-content\/uploads\/usu1593\/2024\/03\/I4-1536x864.png 1536w, https:\/\/agora.xtec.cat\/ceipamistat\/wp-content\/uploads\/usu1593\/2024\/03\/I4.png 1600w\" sizes=\"auto, (max-width: 1024px) 100vw, 1024px\" \/><\/a><\/td>\n<td style=\"width: 16.6667%; height: 119px;\"><a href=\"https:\/\/drive.google.com\/file\/d\/1tjuySfSzDK65_e7vgcypojD__NFBsxaJ\/view?usp=drive_link\"><img loading=\"lazy\" decoding=\"async\" class=\"alignleft size-large wp-image-3366\" src=\"https:\/\/agora.xtec.cat\/ceipamistat\/wp-content\/uploads\/usu1593\/2024\/03\/i5A-1024x576.png\" alt=\"\" width=\"1024\" height=\"576\" srcset=\"https:\/\/agora.xtec.cat\/ceipamistat\/wp-content\/uploads\/usu1593\/2024\/03\/i5A-1024x576.png 1024w, https:\/\/agora.xtec.cat\/ceipamistat\/wp-content\/uploads\/usu1593\/2024\/03\/i5A-300x169.png 300w, https:\/\/agora.xtec.cat\/ceipamistat\/wp-content\/uploads\/usu1593\/2024\/03\/i5A-768x432.png 768w, https:\/\/agora.xtec.cat\/ceipamistat\/wp-content\/uploads\/usu1593\/2024\/03\/i5A-1536x864.png 1536w, https:\/\/agora.xtec.cat\/ceipamistat\/wp-content\/uploads\/usu1593\/2024\/03\/i5A.png 1600w\" sizes=\"auto, (max-width: 1024px) 100vw, 1024px\" \/><\/a><\/td>\n<td style=\"width: 16.6667%; height: 119px;\"><a href=\"https:\/\/drive.google.com\/file\/d\/1JNMyiejQEQq-KQxYEnHhIokSGJbHKytP\/view?usp=drive_link\"><img loading=\"lazy\" decoding=\"async\" class=\"alignleft size-large wp-image-3367\" src=\"https:\/\/agora.xtec.cat\/ceipamistat\/wp-content\/uploads\/usu1593\/2024\/03\/I5B-1024x576.png\" alt=\"\" width=\"1024\" height=\"576\" srcset=\"https:\/\/agora.xtec.cat\/ceipamistat\/wp-content\/uploads\/usu1593\/2024\/03\/I5B-1024x576.png 1024w, https:\/\/agora.xtec.cat\/ceipamistat\/wp-content\/uploads\/usu1593\/2024\/03\/I5B-300x169.png 300w, https:\/\/agora.xtec.cat\/ceipamistat\/wp-content\/uploads\/usu1593\/2024\/03\/I5B-768x432.png 768w, https:\/\/agora.xtec.cat\/ceipamistat\/wp-content\/uploads\/usu1593\/2024\/03\/I5B-1536x864.png 1536w, https:\/\/agora.xtec.cat\/ceipamistat\/wp-content\/uploads\/usu1593\/2024\/03\/I5B.png 1600w\" sizes=\"auto, (max-width: 1024px) 100vw, 1024px\" \/><\/a><\/td>\n<td style=\"width: 16.6667%; height: 119px;\"><\/td>\n<\/tr>\n<tr style=\"height: 128px;\">\n<td style=\"width: 16.6667%; height: 128px;\"><a href=\"https:\/\/drive.google.com\/file\/d\/1qq85Xh0RhX5fkLLbH0pdguk08MGIOCCL\/view?usp=drive_link\"><img loading=\"lazy\" decoding=\"async\" class=\"alignleft size-full wp-image-3353\" src=\"https:\/\/agora.xtec.cat\/ceipamistat\/wp-content\/uploads\/usu1593\/2024\/03\/1a-ciutat.png\" alt=\"\" width=\"991\" height=\"606\" srcset=\"https:\/\/agora.xtec.cat\/ceipamistat\/wp-content\/uploads\/usu1593\/2024\/03\/1a-ciutat.png 991w, https:\/\/agora.xtec.cat\/ceipamistat\/wp-content\/uploads\/usu1593\/2024\/03\/1a-ciutat-300x183.png 300w, https:\/\/agora.xtec.cat\/ceipamistat\/wp-content\/uploads\/usu1593\/2024\/03\/1a-ciutat-768x470.png 768w\" sizes=\"auto, (max-width: 991px) 100vw, 991px\" \/><\/a><\/td>\n<td style=\"width: 16.6667%; height: 128px;\"><a href=\"https:\/\/drive.google.com\/file\/d\/1foPBa3CXwXklto4RrldlkkSUhSIopZ-Y\/view?usp=drive_link\"><img loading=\"lazy\" decoding=\"async\" class=\"alignleft size-full wp-image-3354\" src=\"https:\/\/agora.xtec.cat\/ceipamistat\/wp-content\/uploads\/usu1593\/2024\/03\/1b-ciutat.png\" alt=\"\" width=\"983\" height=\"606\" srcset=\"https:\/\/agora.xtec.cat\/ceipamistat\/wp-content\/uploads\/usu1593\/2024\/03\/1b-ciutat.png 983w, https:\/\/agora.xtec.cat\/ceipamistat\/wp-content\/uploads\/usu1593\/2024\/03\/1b-ciutat-300x185.png 300w, https:\/\/agora.xtec.cat\/ceipamistat\/wp-content\/uploads\/usu1593\/2024\/03\/1b-ciutat-768x473.png 768w\" sizes=\"auto, (max-width: 983px) 100vw, 983px\" \/><\/a><\/td>\n<td style=\"width: 16.6667%; height: 128px;\"><a href=\"https:\/\/drive.google.com\/file\/d\/1PpTTYN7rFpp32KQ5chBo5JdJNR3U97FY\/view?usp=drive_link\"><img loading=\"lazy\" decoding=\"async\" class=\"alignleft size-full wp-image-3355\" src=\"https:\/\/agora.xtec.cat\/ceipamistat\/wp-content\/uploads\/usu1593\/2024\/03\/2a-ciutat.png\" alt=\"\" width=\"989\" height=\"606\" srcset=\"https:\/\/agora.xtec.cat\/ceipamistat\/wp-content\/uploads\/usu1593\/2024\/03\/2a-ciutat.png 989w, https:\/\/agora.xtec.cat\/ceipamistat\/wp-content\/uploads\/usu1593\/2024\/03\/2a-ciutat-300x184.png 300w, https:\/\/agora.xtec.cat\/ceipamistat\/wp-content\/uploads\/usu1593\/2024\/03\/2a-ciutat-768x471.png 768w\" sizes=\"auto, (max-width: 989px) 100vw, 989px\" \/><\/a><\/td>\n<td style=\"width: 16.6667%; height: 128px;\"><a href=\"https:\/\/drive.google.com\/file\/d\/1UFrVlgZwO_0nE_dLLq60w2aabOB09DnD\/view?usp=drive_link\"><img loading=\"lazy\" decoding=\"async\" class=\"alignleft size-large wp-image-3350\" src=\"https:\/\/agora.xtec.cat\/ceipamistat\/wp-content\/uploads\/usu1593\/2024\/03\/2n-ciutat-1024x576.png\" alt=\"\" width=\"1024\" height=\"576\" srcset=\"https:\/\/agora.xtec.cat\/ceipamistat\/wp-content\/uploads\/usu1593\/2024\/03\/2n-ciutat-1024x576.png 1024w, https:\/\/agora.xtec.cat\/ceipamistat\/wp-content\/uploads\/usu1593\/2024\/03\/2n-ciutat-300x169.png 300w, https:\/\/agora.xtec.cat\/ceipamistat\/wp-content\/uploads\/usu1593\/2024\/03\/2n-ciutat-768x432.png 768w, https:\/\/agora.xtec.cat\/ceipamistat\/wp-content\/uploads\/usu1593\/2024\/03\/2n-ciutat-1536x864.png 1536w, https:\/\/agora.xtec.cat\/ceipamistat\/wp-content\/uploads\/usu1593\/2024\/03\/2n-ciutat.png 1600w\" sizes=\"auto, (max-width: 1024px) 100vw, 1024px\" \/><\/a><\/td>\n<td style=\"width: 16.6667%; height: 128px;\"><a href=\"https:\/\/drive.google.com\/file\/d\/1X0EzN1IdlqPhtkxuEDcvOaAJwxkJfF-h\/view?usp=drive_link\"><img loading=\"lazy\" decoding=\"async\" class=\"alignleft size-full wp-image-3356\" src=\"https:\/\/agora.xtec.cat\/ceipamistat\/wp-content\/uploads\/usu1593\/2024\/03\/3a-ciutat.png\" alt=\"\" width=\"995\" height=\"606\" srcset=\"https:\/\/agora.xtec.cat\/ceipamistat\/wp-content\/uploads\/usu1593\/2024\/03\/3a-ciutat.png 995w, https:\/\/agora.xtec.cat\/ceipamistat\/wp-content\/uploads\/usu1593\/2024\/03\/3a-ciutat-300x183.png 300w, https:\/\/agora.xtec.cat\/ceipamistat\/wp-content\/uploads\/usu1593\/2024\/03\/3a-ciutat-768x468.png 768w\" sizes=\"auto, (max-width: 995px) 100vw, 995px\" \/><\/a><\/td>\n<td style=\"width: 16.6667%; height: 128px;\"><a href=\"https:\/\/drive.google.com\/file\/d\/1fYLXvdg0iBYq6-DMe0PQRogqGhiCejCv\/view?usp=drive_link\"><img loading=\"lazy\" decoding=\"async\" class=\"alignleft wp-image-3352 size-large\" src=\"https:\/\/agora.xtec.cat\/ceipamistat\/wp-content\/uploads\/usu1593\/2024\/03\/3b-ciutat-1024x576.png\" alt=\"\" width=\"1024\" height=\"576\" srcset=\"https:\/\/agora.xtec.cat\/ceipamistat\/wp-content\/uploads\/usu1593\/2024\/03\/3b-ciutat-1024x576.png 1024w, https:\/\/agora.xtec.cat\/ceipamistat\/wp-content\/uploads\/usu1593\/2024\/03\/3b-ciutat-300x169.png 300w, https:\/\/agora.xtec.cat\/ceipamistat\/wp-content\/uploads\/usu1593\/2024\/03\/3b-ciutat-768x432.png 768w, https:\/\/agora.xtec.cat\/ceipamistat\/wp-content\/uploads\/usu1593\/2024\/03\/3b-ciutat-1536x864.png 1536w, https:\/\/agora.xtec.cat\/ceipamistat\/wp-content\/uploads\/usu1593\/2024\/03\/3b-ciutat.png 1600w\" sizes=\"auto, (max-width: 1024px) 100vw, 1024px\" \/><\/a><\/td>\n<\/tr>\n<tr style=\"height: 127px;\">\n<td style=\"width: 16.6667%; height: 127px;\"><a href=\"https:\/\/drive.google.com\/file\/d\/1c1GrmmqrDt9mSu5OaLdTQQgkR2abURue\/view?usp=drive_link\"><img loading=\"lazy\" decoding=\"async\" class=\"alignleft size-full wp-image-3357\" src=\"https:\/\/agora.xtec.cat\/ceipamistat\/wp-content\/uploads\/usu1593\/2024\/03\/4a-ciutat.png\" alt=\"\" width=\"997\" height=\"606\" srcset=\"https:\/\/agora.xtec.cat\/ceipamistat\/wp-content\/uploads\/usu1593\/2024\/03\/4a-ciutat.png 997w, https:\/\/agora.xtec.cat\/ceipamistat\/wp-content\/uploads\/usu1593\/2024\/03\/4a-ciutat-300x182.png 300w, https:\/\/agora.xtec.cat\/ceipamistat\/wp-content\/uploads\/usu1593\/2024\/03\/4a-ciutat-768x467.png 768w\" sizes=\"auto, (max-width: 997px) 100vw, 997px\" \/><\/a><\/td>\n<td style=\"width: 16.6667%; height: 127px;\"><a href=\"https:\/\/drive.google.com\/file\/d\/16REL-qBYhnCEkm_0QGUOjF2FCg6hD7QG\/view?usp=drive_link\"><img loading=\"lazy\" decoding=\"async\" class=\"alignleft size-full wp-image-3358\" src=\"https:\/\/agora.xtec.cat\/ceipamistat\/wp-content\/uploads\/usu1593\/2024\/03\/4b-ciutat.png\" alt=\"\" width=\"999\" height=\"606\" srcset=\"https:\/\/agora.xtec.cat\/ceipamistat\/wp-content\/uploads\/usu1593\/2024\/03\/4b-ciutat.png 999w, https:\/\/agora.xtec.cat\/ceipamistat\/wp-content\/uploads\/usu1593\/2024\/03\/4b-ciutat-300x182.png 300w, https:\/\/agora.xtec.cat\/ceipamistat\/wp-content\/uploads\/usu1593\/2024\/03\/4b-ciutat-768x466.png 768w\" sizes=\"auto, (max-width: 999px) 100vw, 999px\" \/><\/a><\/td>\n<td style=\"width: 16.6667%; height: 127px;\"><a href=\"https:\/\/drive.google.com\/file\/d\/1nyTuZ3dhFoov688XeGIByoZ_ppZjeP9K\/view?usp=drive_link\"><img loading=\"lazy\" decoding=\"async\" class=\"alignleft size-full wp-image-3359\" src=\"https:\/\/agora.xtec.cat\/ceipamistat\/wp-content\/uploads\/usu1593\/2024\/03\/5a-ciutat.png\" alt=\"\" width=\"991\" height=\"606\" srcset=\"https:\/\/agora.xtec.cat\/ceipamistat\/wp-content\/uploads\/usu1593\/2024\/03\/5a-ciutat.png 991w, https:\/\/agora.xtec.cat\/ceipamistat\/wp-content\/uploads\/usu1593\/2024\/03\/5a-ciutat-300x183.png 300w, https:\/\/agora.xtec.cat\/ceipamistat\/wp-content\/uploads\/usu1593\/2024\/03\/5a-ciutat-768x470.png 768w\" sizes=\"auto, (max-width: 991px) 100vw, 991px\" \/><\/a><\/td>\n<td style=\"width: 16.6667%; height: 127px;\"><a href=\"https:\/\/drive.google.com\/file\/d\/1tHV5-IzDc8HD-Z4tu8mVpofQrjM1CFDu\/view?usp=drive_link\"><img loading=\"lazy\" decoding=\"async\" class=\"alignleft size-large wp-image-3360\" src=\"https:\/\/agora.xtec.cat\/ceipamistat\/wp-content\/uploads\/usu1593\/2024\/03\/5b-ciutat-1024x576.png\" alt=\"\" width=\"1024\" height=\"576\" srcset=\"https:\/\/agora.xtec.cat\/ceipamistat\/wp-content\/uploads\/usu1593\/2024\/03\/5b-ciutat-1024x576.png 1024w, https:\/\/agora.xtec.cat\/ceipamistat\/wp-content\/uploads\/usu1593\/2024\/03\/5b-ciutat-300x169.png 300w, https:\/\/agora.xtec.cat\/ceipamistat\/wp-content\/uploads\/usu1593\/2024\/03\/5b-ciutat-768x432.png 768w, https:\/\/agora.xtec.cat\/ceipamistat\/wp-content\/uploads\/usu1593\/2024\/03\/5b-ciutat-1536x864.png 1536w, https:\/\/agora.xtec.cat\/ceipamistat\/wp-content\/uploads\/usu1593\/2024\/03\/5b-ciutat.png 1600w\" sizes=\"auto, (max-width: 1024px) 100vw, 1024px\" \/><\/a><\/td>\n<td style=\"width: 16.6667%; height: 127px;\"><a href=\"https:\/\/drive.google.com\/file\/d\/1y5v2wT4jbrGYWYT_5tW3sSqlJ7Gu1Tp_\/view?usp=drive_link\"><img loading=\"lazy\" decoding=\"async\" class=\"alignleft size-large wp-image-3361\" src=\"https:\/\/agora.xtec.cat\/ceipamistat\/wp-content\/uploads\/usu1593\/2024\/03\/6a-ciutat-1024x576.png\" alt=\"\" width=\"1024\" height=\"576\" srcset=\"https:\/\/agora.xtec.cat\/ceipamistat\/wp-content\/uploads\/usu1593\/2024\/03\/6a-ciutat-1024x576.png 1024w, https:\/\/agora.xtec.cat\/ceipamistat\/wp-content\/uploads\/usu1593\/2024\/03\/6a-ciutat-300x169.png 300w, https:\/\/agora.xtec.cat\/ceipamistat\/wp-content\/uploads\/usu1593\/2024\/03\/6a-ciutat-768x432.png 768w, https:\/\/agora.xtec.cat\/ceipamistat\/wp-content\/uploads\/usu1593\/2024\/03\/6a-ciutat-1536x864.png 1536w, https:\/\/agora.xtec.cat\/ceipamistat\/wp-content\/uploads\/usu1593\/2024\/03\/6a-ciutat.png 1600w\" sizes=\"auto, (max-width: 1024px) 100vw, 1024px\" \/><\/a><\/td>\n<td style=\"width: 16.6667%; height: 127px;\"><a href=\"https:\/\/drive.google.com\/file\/d\/1EOiczsyYVhRDHp6DW4Qk38KNZX0jT9gf\/view?usp=drive_link\"><img loading=\"lazy\" decoding=\"async\" class=\"alignleft size-large wp-image-3362\" src=\"https:\/\/agora.xtec.cat\/ceipamistat\/wp-content\/uploads\/usu1593\/2024\/03\/6b-ciutat-1024x576.png\" alt=\"\" width=\"1024\" height=\"576\" srcset=\"https:\/\/agora.xtec.cat\/ceipamistat\/wp-content\/uploads\/usu1593\/2024\/03\/6b-ciutat-1024x576.png 1024w, https:\/\/agora.xtec.cat\/ceipamistat\/wp-content\/uploads\/usu1593\/2024\/03\/6b-ciutat-300x169.png 300w, https:\/\/agora.xtec.cat\/ceipamistat\/wp-content\/uploads\/usu1593\/2024\/03\/6b-ciutat-768x432.png 768w, https:\/\/agora.xtec.cat\/ceipamistat\/wp-content\/uploads\/usu1593\/2024\/03\/6b-ciutat-1536x864.png 1536w, https:\/\/agora.xtec.cat\/ceipamistat\/wp-content\/uploads\/usu1593\/2024\/03\/6b-ciutat.png 1600w\" sizes=\"auto, (max-width: 1024px) 100vw, 1024px\" \/><\/a><\/td>\n<\/tr>\n<\/tbody>\n<\/table>\n<p>&nbsp;<\/p>\n<p>&nbsp;<\/p>\n","protected":false},"excerpt":{"rendered":"<p>A partir d&#8217;aquest impuls i un treball previ de les m\u00e0quines, cada classe ha pensat una m\u00e0quina per aquesta ciutat del futur. Despr\u00e9s ha constru\u00eft la maqueta d&#8217;un enginy per explicar com funcionaria. &nbsp; &nbsp;<\/p>\n","protected":false},"author":1,"featured_media":0,"parent":567,"menu_order":65,"comment_status":"closed","ping_status":"closed","template":"","meta":{"_bbp_topic_count":0,"_bbp_reply_count":0,"_bbp_total_topic_count":0,"_bbp_total_reply_count":0,"_bbp_voice_count":0,"_bbp_anonymous_reply_count":0,"_bbp_topic_count_hidden":0,"_bbp_reply_count_hidden":0,"_bbp_forum_subforum_count":0,"site-sidebar-layout":"default","site-content-layout":"","ast-site-content-layout":"","site-content-style":"default","site-sidebar-style":"default","ast-global-header-display":"","ast-banner-title-visibility":"","ast-main-header-display":"","ast-hfb-above-header-display":"","ast-hfb-below-header-display":"","ast-hfb-mobile-header-display":"","site-post-title":"","ast-breadcrumbs-content":"","ast-featured-img":"","footer-sml-layout":"","theme-transparent-header-meta":"","adv-header-id-meta":"","stick-header-meta":"","header-above-stick-meta":"","header-main-stick-meta":"","header-below-stick-meta":"","astra-migrate-meta-layouts":"default","ast-page-background-enabled":"default","ast-page-background-meta":{"desktop":{"background-color":"var(--ast-global-color-4)","background-image":"","background-repeat":"repeat","background-position":"center center","background-size":"auto","background-attachment":"scroll","background-type":"","background-media":"","overlay-type":"","overlay-color":"","overlay-opacity":"","overlay-gradient":""},"tablet":{"background-color":"","background-image":"","background-repeat":"repeat","background-position":"center center","background-size":"auto","background-attachment":"scroll","background-type":"","background-media":"","overlay-type":"","overlay-color":"","overlay-opacity":"","overlay-gradient":""},"mobile":{"background-color":"","background-image":"","background-repeat":"repeat","background-position":"center center","background-size":"auto","background-attachment":"scroll","background-type":"","background-media":"","overlay-type":"","overlay-color":"","overlay-opacity":"","overlay-gradient":""}},"ast-content-background-meta":{"desktop":{"background-color":"var(--ast-global-color-5)","background-image":"","background-repeat":"repeat","background-position":"center center","background-size":"auto","background-attachment":"scroll","background-type":"","background-media":"","overlay-type":"","overlay-color":"","overlay-opacity":"","overlay-gradient":""},"tablet":{"background-color":"var(--ast-global-color-5)","background-image":"","background-repeat":"repeat","background-position":"center center","background-size":"auto","background-attachment":"scroll","background-type":"","background-media":"","overlay-type":"","overlay-color":"","overlay-opacity":"","overlay-gradient":""},"mobile":{"background-color":"var(--ast-global-color-5)","background-image":"","background-repeat":"repeat","background-position":"center center","background-size":"auto","background-attachment":"scroll","background-type":"","background-media":"","overlay-type":"","overlay-color":"","overlay-opacity":"","overlay-gradient":""}},"footnotes":""},"class_list":["post-3326","page","type-page","status-publish","hentry"],"post_mailing_queue_ids":[],"_links":{"self":[{"href":"https:\/\/agora.xtec.cat\/ceipamistat\/wp-json\/wp\/v2\/pages\/3326","targetHints":{"allow":["GET"]}}],"collection":[{"href":"https:\/\/agora.xtec.cat\/ceipamistat\/wp-json\/wp\/v2\/pages"}],"about":[{"href":"https:\/\/agora.xtec.cat\/ceipamistat\/wp-json\/wp\/v2\/types\/page"}],"author":[{"embeddable":true,"href":"https:\/\/agora.xtec.cat\/ceipamistat\/wp-json\/wp\/v2\/users\/1"}],"replies":[{"embeddable":true,"href":"https:\/\/agora.xtec.cat\/ceipamistat\/wp-json\/wp\/v2\/comments?post=3326"}],"version-history":[{"count":2,"href":"https:\/\/agora.xtec.cat\/ceipamistat\/wp-json\/wp\/v2\/pages\/3326\/revisions"}],"predecessor-version":[{"id":3368,"href":"https:\/\/agora.xtec.cat\/ceipamistat\/wp-json\/wp\/v2\/pages\/3326\/revisions\/3368"}],"up":[{"embeddable":true,"href":"https:\/\/agora.xtec.cat\/ceipamistat\/wp-json\/wp\/v2\/pages\/567"}],"wp:attachment":[{"href":"https:\/\/agora.xtec.cat\/ceipamistat\/wp-json\/wp\/v2\/media?parent=3326"}],"curies":[{"name":"wp","href":"https:\/\/api.w.org\/{rel}","templated":true}]}}