{"id":2462,"date":"2022-02-17T17:41:00","date_gmt":"2022-02-17T16:41:00","guid":{"rendered":"https:\/\/agora.xtec.cat\/ceipamistat\/?page_id=2462"},"modified":"2024-02-15T19:50:14","modified_gmt":"2024-02-15T18:50:14","slug":"espai-del-migdia","status":"publish","type":"page","link":"https:\/\/agora.xtec.cat\/ceipamistat\/infantil-a-lamistat\/espai-del-migdia\/","title":{"rendered":"Espai del migdia"},"content":{"rendered":"<p>L\u2019estona del migdia \u00e9s un moment important per als infants que es queden a dinar a l\u2019escola. Menjar no<br \/>\nsols contribueix a fer que les criatures creixin fisiol\u00f2gicament, sin\u00f3 que tamb\u00e9 les fa cr\u00e9ixer en l\u2019\u00e0mbit<br \/>\nL\u2019infant ha de viure l\u2019estona del dinar en companyia, amb tranquil\u00b7litat, amb la seguretat que l\u2019adult<br \/>\no els adults que l\u2019acompanyen atendran les seves necessitats i que es podr\u00e0 relacionar amb aquests adults i amb els companys lliurement i amb cordialitat<\/p>\n<p>Les estones dels \u00e0pats s\u00f3n ocasions riques i naturals per a la socialitzaci\u00f3, on es transmeten moltes tradicions i pautes educatives b\u00e0siques; si, a m\u00e9s, tenim en compte l\u2019estona de despr\u00e9s dels \u00e0pats, podem assegurar que l\u2019espai del migdia \u00e9s un moment de molta vida social.<br \/>\nA l&#8217;espai del migdia donem import\u00e0ncia a la continu\u00eftat de la l\u00ednia metodol\u00f2gica de l&#8217;escola.<\/p>\n<p>Mireu el v\u00eddeo i entreu a l&#8217;espai del migdia.<\/p>\n<p><iframe loading=\"lazy\" src=\"\/\/www.youtube.com\/embed\/mKVlqzZBdvM\" width=\"560\" height=\"314\" allowfullscreen=\"allowfullscreen\"><\/iframe><\/p>\n<p><a href=\"https:\/\/afaamistat.cat\/index.php\/migdia\/\"><span style=\"color: #99cc00;\"><strong>Els men\u00fas els trobareu a la pestanya de l&#8217;AFA o clicant aqu\u00ed mateix.<\/strong><\/span><\/a><\/p>\n<p>&nbsp;<\/p>\n","protected":false},"excerpt":{"rendered":"<p>L\u2019estona del migdia \u00e9s un moment important per als infants que es queden a dinar a l\u2019escola. Menjar no sols contribueix a fer que les criatures creixin fisiol\u00f2gicament, sin\u00f3 que tamb\u00e9 les fa cr\u00e9ixer en l\u2019\u00e0mbit L\u2019infant ha de viure l\u2019estona del dinar en companyia, amb tranquil\u00b7litat, amb la seguretat que l\u2019adult o els adults [&hellip;]<\/p>\n","protected":false},"author":1,"featured_media":0,"parent":3055,"menu_order":30,"comment_status":"closed","ping_status":"closed","template":"page-templates\/side-menu.php","meta":{"_bbp_topic_count":0,"_bbp_reply_count":0,"_bbp_total_topic_count":0,"_bbp_total_reply_count":0,"_bbp_voice_count":0,"_bbp_anonymous_reply_count":0,"_bbp_topic_count_hidden":0,"_bbp_reply_count_hidden":0,"_bbp_forum_subforum_count":0,"site-sidebar-layout":"default","site-content-layout":"","ast-site-content-layout":"","site-content-style":"default","site-sidebar-style":"default","ast-global-header-display":"","ast-banner-title-visibility":"","ast-main-header-display":"","ast-hfb-above-header-display":"","ast-hfb-below-header-display":"","ast-hfb-mobile-header-display":"","site-post-title":"","ast-breadcrumbs-content":"","ast-featured-img":"","footer-sml-layout":"","theme-transparent-header-meta":"","adv-header-id-meta":"","stick-header-meta":"","header-above-stick-meta":"","header-main-stick-meta":"","header-below-stick-meta":"","astra-migrate-meta-layouts":"default","ast-page-background-enabled":"default","ast-page-background-meta":{"desktop":{"background-color":"var(--ast-global-color-4)","background-image":"","background-repeat":"repeat","background-position":"center center","background-size":"auto","background-attachment":"scroll","background-type":"","background-media":"","overlay-type":"","overlay-color":"","overlay-opacity":"","overlay-gradient":""},"tablet":{"background-color":"","background-image":"","background-repeat":"repeat","background-position":"center center","background-size":"auto","background-attachment":"scroll","background-type":"","background-media":"","overlay-type":"","overlay-color":"","overlay-opacity":"","overlay-gradient":""},"mobile":{"background-color":"","background-image":"","background-repeat":"repeat","background-position":"center center","background-size":"auto","background-attachment":"scroll","background-type":"","background-media":"","overlay-type":"","overlay-color":"","overlay-opacity":"","overlay-gradient":""}},"ast-content-background-meta":{"desktop":{"background-color":"var(--ast-global-color-5)","background-image":"","background-repeat":"repeat","background-position":"center center","background-size":"auto","background-attachment":"scroll","background-type":"","background-media":"","overlay-type":"","overlay-color":"","overlay-opacity":"","overlay-gradient":""},"tablet":{"background-color":"var(--ast-global-color-5)","background-image":"","background-repeat":"repeat","background-position":"center center","background-size":"auto","background-attachment":"scroll","background-type":"","background-media":"","overlay-type":"","overlay-color":"","overlay-opacity":"","overlay-gradient":""},"mobile":{"background-color":"var(--ast-global-color-5)","background-image":"","background-repeat":"repeat","background-position":"center center","background-size":"auto","background-attachment":"scroll","background-type":"","background-media":"","overlay-type":"","overlay-color":"","overlay-opacity":"","overlay-gradient":""}},"footnotes":""},"class_list":["post-2462","page","type-page","status-publish","hentry"],"post_mailing_queue_ids":[],"_links":{"self":[{"href":"https:\/\/agora.xtec.cat\/ceipamistat\/wp-json\/wp\/v2\/pages\/2462","targetHints":{"allow":["GET"]}}],"collection":[{"href":"https:\/\/agora.xtec.cat\/ceipamistat\/wp-json\/wp\/v2\/pages"}],"about":[{"href":"https:\/\/agora.xtec.cat\/ceipamistat\/wp-json\/wp\/v2\/types\/page"}],"author":[{"embeddable":true,"href":"https:\/\/agora.xtec.cat\/ceipamistat\/wp-json\/wp\/v2\/users\/1"}],"replies":[{"embeddable":true,"href":"https:\/\/agora.xtec.cat\/ceipamistat\/wp-json\/wp\/v2\/comments?post=2462"}],"version-history":[{"count":5,"href":"https:\/\/agora.xtec.cat\/ceipamistat\/wp-json\/wp\/v2\/pages\/2462\/revisions"}],"predecessor-version":[{"id":3334,"href":"https:\/\/agora.xtec.cat\/ceipamistat\/wp-json\/wp\/v2\/pages\/2462\/revisions\/3334"}],"up":[{"embeddable":true,"href":"https:\/\/agora.xtec.cat\/ceipamistat\/wp-json\/wp\/v2\/pages\/3055"}],"wp:attachment":[{"href":"https:\/\/agora.xtec.cat\/ceipamistat\/wp-json\/wp\/v2\/media?parent=2462"}],"curies":[{"name":"wp","href":"https:\/\/api.w.org\/{rel}","templated":true}]}}