{"id":3038,"date":"2025-07-11T17:02:05","date_gmt":"2025-07-11T15:02:05","guid":{"rendered":"https:\/\/agora.xtec.cat\/ceipamat-verdu\/?page_id=3038"},"modified":"2025-07-11T17:19:48","modified_gmt":"2025-07-11T15:19:48","slug":"ambient-de-joc-simbolic","status":"publish","type":"page","link":"https:\/\/agora.xtec.cat\/ceipamat-verdu\/ambient-de-joc-simbolic\/","title":{"rendered":"Ambient de joc simb\u00f2lic"},"content":{"rendered":"<p>Les nenes i els nens a trav\u00e9s del joc es van formant una imatge del m\u00f3n que els envolta. Concretament, el joc simb\u00f2lic \u00e9s molt important perqu\u00e8 els ajuda a desenvolupar l&#8217;empatia, a posar-se en el lloc dels altres, amplien el seu llenguatge, desenvolupen habilitats socials.<\/p>\n<p>Quan els infants juguen a la caseta, a la botiga, a l&#8217;hospital&#8230; imiten situacions de la vida quotidiana, d&#8217;aquesta manera van entenent el m\u00f3n que els envolta, juguen a ser pares, metges, cuiners, mec\u00e0nics&#8230; representen situacions, personatges i objectes reals o imaginaris, enriquint el seu vocabulari, la seva imaginaci\u00f3 i la seva creativitat.<br \/>\nEl joc simb\u00f2lic els ajuda a canalitzar les seves preocupacions, a gestionar les seves emocions i, per tant, guanyen en confian\u00e7a i autoestima.<\/p>\n<p><strong>Objectius:<\/strong><\/p>\n<ol>\n<li>Desenvolupar la imaginaci\u00f3 i la creativitat.<\/li>\n<li>Potenciar habilitats socials i de comunicaci\u00f3.<\/li>\n<li>Enriquir el vocabulari i el llenguatge.<\/li>\n<li>Aprendre a compartir i respectar els objectes i espais.<\/li>\n<li>Aprendre a relacionar-se amb nens I nenes d&#8217;altres edats.<\/li>\n<li>Comen\u00e7ar a prendre consci\u00e8ncia de la pr\u00f2pia autoavaluaci\u00f3.<\/li>\n<\/ol>\n<p><a href=\"https:\/\/agora.xtec.cat\/ceipamat-verdu\/wp-content\/uploads\/usu2365\/2025\/02\/joc-simbolic.jpg\"><img loading=\"lazy\" decoding=\"async\" class=\"size-full wp-image-2537 aligncenter\" src=\"https:\/\/agora.xtec.cat\/ceipamat-verdu\/wp-content\/uploads\/usu2365\/2025\/02\/joc-simbolic.jpg\" alt=\"\" width=\"1024\" height=\"556\" srcset=\"https:\/\/agora.xtec.cat\/ceipamat-verdu\/wp-content\/uploads\/usu2365\/2025\/02\/joc-simbolic.jpg 1024w, https:\/\/agora.xtec.cat\/ceipamat-verdu\/wp-content\/uploads\/usu2365\/2025\/02\/joc-simbolic-300x163.jpg 300w, https:\/\/agora.xtec.cat\/ceipamat-verdu\/wp-content\/uploads\/usu2365\/2025\/02\/joc-simbolic-768x417.jpg 768w\" sizes=\"auto, (max-width: 1024px) 100vw, 1024px\" \/><\/a><\/p>\n","protected":false},"excerpt":{"rendered":"<p>Les nenes i els nens a trav\u00e9s del joc es van formant una imatge del m\u00f3n que els envolta. Concretament, el joc simb\u00f2lic \u00e9s molt important perqu\u00e8 els ajuda a desenvolupar l&#8217;empatia, a posar-se en el lloc dels altres, amplien el seu llenguatge, desenvolupen habilitats socials. Quan els infants juguen a la caseta, a la [&hellip;]<\/p>\n","protected":false},"author":7,"featured_media":0,"parent":0,"menu_order":0,"comment_status":"closed","ping_status":"closed","template":"","meta":{"_bbp_topic_count":0,"_bbp_reply_count":0,"_bbp_total_topic_count":0,"_bbp_total_reply_count":0,"_bbp_voice_count":0,"_bbp_anonymous_reply_count":0,"_bbp_topic_count_hidden":0,"_bbp_reply_count_hidden":0,"_bbp_forum_subforum_count":0,"site-sidebar-layout":"no-sidebar","site-content-layout":"","ast-site-content-layout":"default","site-content-style":"default","site-sidebar-style":"default","ast-global-header-display":"","ast-banner-title-visibility":"","ast-main-header-display":"","ast-hfb-above-header-display":"","ast-hfb-below-header-display":"","ast-hfb-mobile-header-display":"","site-post-title":"","ast-breadcrumbs-content":"","ast-featured-img":"","footer-sml-layout":"","theme-transparent-header-meta":"default","adv-header-id-meta":"","stick-header-meta":"","header-above-stick-meta":"","header-main-stick-meta":"","header-below-stick-meta":"","astra-migrate-meta-layouts":"set","ast-page-background-enabled":"default","ast-page-background-meta":{"desktop":{"background-color":"var(--ast-global-color-4)","background-image":"","background-repeat":"repeat","background-position":"center center","background-size":"auto","background-attachment":"scroll","background-type":"","background-media":"","overlay-type":"","overlay-color":"","overlay-opacity":"","overlay-gradient":""},"tablet":{"background-color":"","background-image":"","background-repeat":"repeat","background-position":"center center","background-size":"auto","background-attachment":"scroll","background-type":"","background-media":"","overlay-type":"","overlay-color":"","overlay-opacity":"","overlay-gradient":""},"mobile":{"background-color":"","background-image":"","background-repeat":"repeat","background-position":"center center","background-size":"auto","background-attachment":"scroll","background-type":"","background-media":"","overlay-type":"","overlay-color":"","overlay-opacity":"","overlay-gradient":""}},"ast-content-background-meta":{"desktop":{"background-color":"var(--ast-global-color-5)","background-image":"","background-repeat":"repeat","background-position":"center center","background-size":"auto","background-attachment":"scroll","background-type":"","background-media":"","overlay-type":"","overlay-color":"","overlay-opacity":"","overlay-gradient":""},"tablet":{"background-color":"var(--ast-global-color-5)","background-image":"","background-repeat":"repeat","background-position":"center center","background-size":"auto","background-attachment":"scroll","background-type":"","background-media":"","overlay-type":"","overlay-color":"","overlay-opacity":"","overlay-gradient":""},"mobile":{"background-color":"var(--ast-global-color-5)","background-image":"","background-repeat":"repeat","background-position":"center center","background-size":"auto","background-attachment":"scroll","background-type":"","background-media":"","overlay-type":"","overlay-color":"","overlay-opacity":"","overlay-gradient":""}},"footnotes":""},"class_list":["post-3038","page","type-page","status-publish","hentry"],"post_mailing_queue_ids":[],"_links":{"self":[{"href":"https:\/\/agora.xtec.cat\/ceipamat-verdu\/wp-json\/wp\/v2\/pages\/3038","targetHints":{"allow":["GET"]}}],"collection":[{"href":"https:\/\/agora.xtec.cat\/ceipamat-verdu\/wp-json\/wp\/v2\/pages"}],"about":[{"href":"https:\/\/agora.xtec.cat\/ceipamat-verdu\/wp-json\/wp\/v2\/types\/page"}],"author":[{"embeddable":true,"href":"https:\/\/agora.xtec.cat\/ceipamat-verdu\/wp-json\/wp\/v2\/users\/7"}],"replies":[{"embeddable":true,"href":"https:\/\/agora.xtec.cat\/ceipamat-verdu\/wp-json\/wp\/v2\/comments?post=3038"}],"version-history":[{"count":1,"href":"https:\/\/agora.xtec.cat\/ceipamat-verdu\/wp-json\/wp\/v2\/pages\/3038\/revisions"}],"predecessor-version":[{"id":3039,"href":"https:\/\/agora.xtec.cat\/ceipamat-verdu\/wp-json\/wp\/v2\/pages\/3038\/revisions\/3039"}],"wp:attachment":[{"href":"https:\/\/agora.xtec.cat\/ceipamat-verdu\/wp-json\/wp\/v2\/media?parent=3038"}],"curies":[{"name":"wp","href":"https:\/\/api.w.org\/{rel}","templated":true}]}}