{"id":3026,"date":"2025-07-11T16:56:21","date_gmt":"2025-07-11T14:56:21","guid":{"rendered":"https:\/\/agora.xtec.cat\/ceipamat-verdu\/?page_id=3026"},"modified":"2026-03-01T13:39:02","modified_gmt":"2026-03-01T12:39:02","slug":"ambient-de-llum-i-foscor","status":"publish","type":"page","link":"https:\/\/agora.xtec.cat\/ceipamat-verdu\/ambient-de-llum-i-foscor\/","title":{"rendered":"Ambient de llum i foscor"},"content":{"rendered":"<p>L\u2019ambient de LLUM i FOSCOR \u00e9s un espai m\u00e0gic on els infants descobreixen els efectes de la llum i poden experimentar, imaginar, crear, inventar, classificar o raonar mitjan\u00e7ant diferents elements i materials dins d\u2019un marc especial on la combinaci\u00f3 de llum i foscor representa un element molt atractiu per desenvolupar activitats d\u2019experimentaci\u00f3 i d\u2019expressi\u00f3 art\u00edstica.<\/p>\n<p>L\u2019espai general est\u00e0 dividit en diferents microespais on la llum i la foscor s\u00f3n protagonistes i on els infants poden realitzar diferents propostes.<\/p>\n<p>La taula de llum \u00e9s una proposta perqu\u00e8 els infants puguin construir, confeccionar noms i paraules, classificar, realitzar propostes matem\u00e0tiques, fer collarets, resseguir camins,\u2026amb diferents materials transl\u00facids i\/o transparents. Una cova on els infants podran jugar amb objectes i materials fosforescents i amb la llum ultraviolada; tot un m\u00f3n m\u00e0gic que ajudar\u00e0 a no tenir por a la foscor sin\u00f3 tot al contrari, a gaudir d\u2019ella.<\/p>\n<p>Un espai de creaci\u00f3 art\u00edstica amb pintures, retoladors i colors fluorescents on podran imaginar i crear composicions.<\/p>\n<p>Espai d\u2019ombres amb un focus de llum on poden experimentar amb les ombres mentre juguen amb el seu pro<a href=\"https:\/\/agora.xtec.cat\/ceipamat-verdu\/wp-content\/uploads\/usu2365\/2026\/02\/IMG_8824.jpeg\"><img loading=\"lazy\" decoding=\"async\" class=\"alignright wp-image-3884 \" src=\"https:\/\/agora.xtec.cat\/ceipamat-verdu\/wp-content\/uploads\/usu2365\/2026\/02\/IMG_8824-768x1024.jpeg\" alt=\"\" width=\"287\" height=\"383\" srcset=\"https:\/\/agora.xtec.cat\/ceipamat-verdu\/wp-content\/uploads\/usu2365\/2026\/02\/IMG_8824-768x1024.jpeg 768w, https:\/\/agora.xtec.cat\/ceipamat-verdu\/wp-content\/uploads\/usu2365\/2026\/02\/IMG_8824-225x300.jpeg 225w, https:\/\/agora.xtec.cat\/ceipamat-verdu\/wp-content\/uploads\/usu2365\/2026\/02\/IMG_8824.jpeg 1058w\" sizes=\"auto, (max-width: 287px) 100vw, 287px\" \/><\/a>pi cos, fulls de colors transparents i titelles.<\/p>\n<p><strong>Objectius<\/strong><\/p>\n<ol>\n<li>Experimentar amb les qualitats i possibilitats de la llum i el color a trav\u00e9s dels sentits.<\/li>\n<li><span style=\"font-size: 16px;\">Manipular i descobrir diversos aspectes dels objectes en interacci\u00f3 amb la llum.<\/span><span style=\"font-size: 16px;\">\u00a0<\/span><\/li>\n<li><span style=\"font-size: 16px;\">Desenvolupar el llenguatge, la capacitat de representaci\u00f3 i la creativitat.<\/span><\/li>\n<li><span style=\"font-size: 16px;\">Mostrar curiositat i iniciativa.<\/span><\/li>\n<li><span style=\"font-size: 16px;\">Gaudir de les diferents propostes i jocs.<\/span><\/li>\n<\/ol>\n","protected":false},"excerpt":{"rendered":"<p>L\u2019ambient de LLUM i FOSCOR \u00e9s un espai m\u00e0gic on els infants descobreixen els efectes de la llum i poden experimentar, imaginar, crear, inventar, classificar o raonar mitjan\u00e7ant diferents elements i materials dins d\u2019un marc especial on la combinaci\u00f3 de llum i foscor representa un element molt atractiu per desenvolupar activitats d\u2019experimentaci\u00f3 i d\u2019expressi\u00f3 art\u00edstica. [&hellip;]<\/p>\n","protected":false},"author":7,"featured_media":0,"parent":0,"menu_order":0,"comment_status":"closed","ping_status":"closed","template":"","meta":{"_bbp_topic_count":0,"_bbp_reply_count":0,"_bbp_total_topic_count":0,"_bbp_total_reply_count":0,"_bbp_voice_count":0,"_bbp_anonymous_reply_count":0,"_bbp_topic_count_hidden":0,"_bbp_reply_count_hidden":0,"_bbp_forum_subforum_count":0,"site-sidebar-layout":"no-sidebar","site-content-layout":"","ast-site-content-layout":"default","site-content-style":"default","site-sidebar-style":"default","ast-global-header-display":"","ast-banner-title-visibility":"","ast-main-header-display":"","ast-hfb-above-header-display":"","ast-hfb-below-header-display":"","ast-hfb-mobile-header-display":"","site-post-title":"","ast-breadcrumbs-content":"","ast-featured-img":"","footer-sml-layout":"","theme-transparent-header-meta":"default","adv-header-id-meta":"","stick-header-meta":"","header-above-stick-meta":"","header-main-stick-meta":"","header-below-stick-meta":"","astra-migrate-meta-layouts":"set","ast-page-background-enabled":"default","ast-page-background-meta":{"desktop":{"background-color":"var(--ast-global-color-4)","background-image":"","background-repeat":"repeat","background-position":"center center","background-size":"auto","background-attachment":"scroll","background-type":"","background-media":"","overlay-type":"","overlay-color":"","overlay-opacity":"","overlay-gradient":""},"tablet":{"background-color":"","background-image":"","background-repeat":"repeat","background-position":"center center","background-size":"auto","background-attachment":"scroll","background-type":"","background-media":"","overlay-type":"","overlay-color":"","overlay-opacity":"","overlay-gradient":""},"mobile":{"background-color":"","background-image":"","background-repeat":"repeat","background-position":"center center","background-size":"auto","background-attachment":"scroll","background-type":"","background-media":"","overlay-type":"","overlay-color":"","overlay-opacity":"","overlay-gradient":""}},"ast-content-background-meta":{"desktop":{"background-color":"var(--ast-global-color-5)","background-image":"","background-repeat":"repeat","background-position":"center center","background-size":"auto","background-attachment":"scroll","background-type":"","background-media":"","overlay-type":"","overlay-color":"","overlay-opacity":"","overlay-gradient":""},"tablet":{"background-color":"var(--ast-global-color-5)","background-image":"","background-repeat":"repeat","background-position":"center center","background-size":"auto","background-attachment":"scroll","background-type":"","background-media":"","overlay-type":"","overlay-color":"","overlay-opacity":"","overlay-gradient":""},"mobile":{"background-color":"var(--ast-global-color-5)","background-image":"","background-repeat":"repeat","background-position":"center center","background-size":"auto","background-attachment":"scroll","background-type":"","background-media":"","overlay-type":"","overlay-color":"","overlay-opacity":"","overlay-gradient":""}},"footnotes":""},"class_list":["post-3026","page","type-page","status-publish","hentry"],"post_mailing_queue_ids":[],"_links":{"self":[{"href":"https:\/\/agora.xtec.cat\/ceipamat-verdu\/wp-json\/wp\/v2\/pages\/3026","targetHints":{"allow":["GET"]}}],"collection":[{"href":"https:\/\/agora.xtec.cat\/ceipamat-verdu\/wp-json\/wp\/v2\/pages"}],"about":[{"href":"https:\/\/agora.xtec.cat\/ceipamat-verdu\/wp-json\/wp\/v2\/types\/page"}],"author":[{"embeddable":true,"href":"https:\/\/agora.xtec.cat\/ceipamat-verdu\/wp-json\/wp\/v2\/users\/7"}],"replies":[{"embeddable":true,"href":"https:\/\/agora.xtec.cat\/ceipamat-verdu\/wp-json\/wp\/v2\/comments?post=3026"}],"version-history":[{"count":2,"href":"https:\/\/agora.xtec.cat\/ceipamat-verdu\/wp-json\/wp\/v2\/pages\/3026\/revisions"}],"predecessor-version":[{"id":3914,"href":"https:\/\/agora.xtec.cat\/ceipamat-verdu\/wp-json\/wp\/v2\/pages\/3026\/revisions\/3914"}],"wp:attachment":[{"href":"https:\/\/agora.xtec.cat\/ceipamat-verdu\/wp-json\/wp\/v2\/media?parent=3026"}],"curies":[{"name":"wp","href":"https:\/\/api.w.org\/{rel}","templated":true}]}}