{"id":3023,"date":"2025-07-11T16:53:05","date_gmt":"2025-07-11T14:53:05","guid":{"rendered":"https:\/\/agora.xtec.cat\/ceipamat-verdu\/?page_id=3023"},"modified":"2025-07-11T17:23:26","modified_gmt":"2025-07-11T15:23:26","slug":"ambient-artistic","status":"publish","type":"page","link":"https:\/\/agora.xtec.cat\/ceipamat-verdu\/ambient-artistic\/","title":{"rendered":"Ambient artistic"},"content":{"rendered":"<p>L\u2019art \u00e9s un llenguatge que fa que l\u2019infant s\u2019expressi lliurement a trav\u00e9s de diferents elements, la creativitat i la imaginaci\u00f3 hi tenen un paper molt important.<\/p>\n<p>L\u2019ambient art\u00edstic \u00e9s un espai en el qual els infants tenen l\u2019oportunitat de descobrir, experimentar, manipular, sentir, imaginar, gaudir, expressar, crear,\u2026 mitjan\u00e7ant una gran varietat de materials, t\u00e8cniques, destreses, habilitats\u2026 on desenvolupar les seves capacitats expressives, representatives i art\u00edstiques i expressar el que senten; es deixen anar sense que ning\u00fa pugui jutjar el resultat final de la seva obra d\u2019art.<\/p>\n<p>Els nens i nenes podran experimentar i crear les seves pr\u00f2pies produccions de manera lliure, utilitzant tots els estris i materials que ofereix aquest ambient. De manera peri\u00f2dica, es canviaran alguns materials i s\u2019oferiran d\u2019altres per tal de que puguin tenir m\u00e9s ventall de possibilitats. (Treballar el volum, sobre superf\u00edcies planes, diferents mides, textures, materials&#8230;).<\/p>\n<p>Objectius:<a href=\"https:\/\/agora.xtec.cat\/ceipamat-verdu\/wp-content\/uploads\/usu2365\/2025\/02\/IMG_20250127_153649-2-scaled.jpg\"><img loading=\"lazy\" decoding=\"async\" class=\" wp-image-2565 alignleft\" src=\"https:\/\/agora.xtec.cat\/ceipamat-verdu\/wp-content\/uploads\/usu2365\/2025\/02\/IMG_20250127_153649-2-300x139.jpg\" alt=\"\" width=\"502\" height=\"233\" srcset=\"https:\/\/agora.xtec.cat\/ceipamat-verdu\/wp-content\/uploads\/usu2365\/2025\/02\/IMG_20250127_153649-2-300x139.jpg 300w, https:\/\/agora.xtec.cat\/ceipamat-verdu\/wp-content\/uploads\/usu2365\/2025\/02\/IMG_20250127_153649-2-1024x473.jpg 1024w, https:\/\/agora.xtec.cat\/ceipamat-verdu\/wp-content\/uploads\/usu2365\/2025\/02\/IMG_20250127_153649-2-768x355.jpg 768w, https:\/\/agora.xtec.cat\/ceipamat-verdu\/wp-content\/uploads\/usu2365\/2025\/02\/IMG_20250127_153649-2-1536x710.jpg 1536w, https:\/\/agora.xtec.cat\/ceipamat-verdu\/wp-content\/uploads\/usu2365\/2025\/02\/IMG_20250127_153649-2-2048x946.jpg 2048w\" sizes=\"auto, (max-width: 502px) 100vw, 502px\" \/><\/a><\/p>\n<p>1. Descobrir i gaudir fent \u00fas dels diferents materials i les seves possibilitats art\u00edstiques.<br \/>\n2. Desenvolupar la imaginaci\u00f3 i la creativitat a partir de la manipulaci\u00f3 dels diferents elements.<br \/>\n3. Fomentar el gust per l\u2019est\u00e8tica.<br \/>\n4. Potenciar la psicomotricitat fina.<br \/>\n5. Descobrir el gust per la combinaci\u00f3 de colors i formes.<br \/>\n6. Fomentar l\u2019inter\u00e8s pel m\u00f3n art\u00edstic.<\/p>\n<p>&nbsp;<\/p>\n","protected":false},"excerpt":{"rendered":"<p>L\u2019art \u00e9s un llenguatge que fa que l\u2019infant s\u2019expressi lliurement a trav\u00e9s de diferents elements, la creativitat i la imaginaci\u00f3 hi tenen un paper molt important. L\u2019ambient art\u00edstic \u00e9s un espai en el qual els infants tenen l\u2019oportunitat de descobrir, experimentar, manipular, sentir, imaginar, gaudir, expressar, crear,\u2026 mitjan\u00e7ant una gran varietat de materials, t\u00e8cniques, destreses, [&hellip;]<\/p>\n","protected":false},"author":7,"featured_media":0,"parent":0,"menu_order":0,"comment_status":"closed","ping_status":"closed","template":"","meta":{"_bbp_topic_count":0,"_bbp_reply_count":0,"_bbp_total_topic_count":0,"_bbp_total_reply_count":0,"_bbp_voice_count":0,"_bbp_anonymous_reply_count":0,"_bbp_topic_count_hidden":0,"_bbp_reply_count_hidden":0,"_bbp_forum_subforum_count":0,"site-sidebar-layout":"no-sidebar","site-content-layout":"","ast-site-content-layout":"default","site-content-style":"default","site-sidebar-style":"default","ast-global-header-display":"","ast-banner-title-visibility":"","ast-main-header-display":"","ast-hfb-above-header-display":"","ast-hfb-below-header-display":"","ast-hfb-mobile-header-display":"","site-post-title":"","ast-breadcrumbs-content":"","ast-featured-img":"","footer-sml-layout":"","theme-transparent-header-meta":"default","adv-header-id-meta":"","stick-header-meta":"","header-above-stick-meta":"","header-main-stick-meta":"","header-below-stick-meta":"","astra-migrate-meta-layouts":"set","ast-page-background-enabled":"default","ast-page-background-meta":{"desktop":{"background-color":"var(--ast-global-color-4)","background-image":"","background-repeat":"repeat","background-position":"center center","background-size":"auto","background-attachment":"scroll","background-type":"","background-media":"","overlay-type":"","overlay-color":"","overlay-opacity":"","overlay-gradient":""},"tablet":{"background-color":"","background-image":"","background-repeat":"repeat","background-position":"center center","background-size":"auto","background-attachment":"scroll","background-type":"","background-media":"","overlay-type":"","overlay-color":"","overlay-opacity":"","overlay-gradient":""},"mobile":{"background-color":"","background-image":"","background-repeat":"repeat","background-position":"center center","background-size":"auto","background-attachment":"scroll","background-type":"","background-media":"","overlay-type":"","overlay-color":"","overlay-opacity":"","overlay-gradient":""}},"ast-content-background-meta":{"desktop":{"background-color":"var(--ast-global-color-5)","background-image":"","background-repeat":"repeat","background-position":"center center","background-size":"auto","background-attachment":"scroll","background-type":"","background-media":"","overlay-type":"","overlay-color":"","overlay-opacity":"","overlay-gradient":""},"tablet":{"background-color":"var(--ast-global-color-5)","background-image":"","background-repeat":"repeat","background-position":"center center","background-size":"auto","background-attachment":"scroll","background-type":"","background-media":"","overlay-type":"","overlay-color":"","overlay-opacity":"","overlay-gradient":""},"mobile":{"background-color":"var(--ast-global-color-5)","background-image":"","background-repeat":"repeat","background-position":"center center","background-size":"auto","background-attachment":"scroll","background-type":"","background-media":"","overlay-type":"","overlay-color":"","overlay-opacity":"","overlay-gradient":""}},"footnotes":""},"class_list":["post-3023","page","type-page","status-publish","hentry"],"post_mailing_queue_ids":[],"_links":{"self":[{"href":"https:\/\/agora.xtec.cat\/ceipamat-verdu\/wp-json\/wp\/v2\/pages\/3023","targetHints":{"allow":["GET"]}}],"collection":[{"href":"https:\/\/agora.xtec.cat\/ceipamat-verdu\/wp-json\/wp\/v2\/pages"}],"about":[{"href":"https:\/\/agora.xtec.cat\/ceipamat-verdu\/wp-json\/wp\/v2\/types\/page"}],"author":[{"embeddable":true,"href":"https:\/\/agora.xtec.cat\/ceipamat-verdu\/wp-json\/wp\/v2\/users\/7"}],"replies":[{"embeddable":true,"href":"https:\/\/agora.xtec.cat\/ceipamat-verdu\/wp-json\/wp\/v2\/comments?post=3023"}],"version-history":[{"count":1,"href":"https:\/\/agora.xtec.cat\/ceipamat-verdu\/wp-json\/wp\/v2\/pages\/3023\/revisions"}],"predecessor-version":[{"id":3025,"href":"https:\/\/agora.xtec.cat\/ceipamat-verdu\/wp-json\/wp\/v2\/pages\/3023\/revisions\/3025"}],"wp:attachment":[{"href":"https:\/\/agora.xtec.cat\/ceipamat-verdu\/wp-json\/wp\/v2\/media?parent=3023"}],"curies":[{"name":"wp","href":"https:\/\/api.w.org\/{rel}","templated":true}]}}