{"id":28,"date":"2014-09-18T12:29:35","date_gmt":"2014-09-18T11:29:35","guid":{"rendered":"http:\/\/agora.xtec.cat\/ceipamat-verdu\/?page_id=28"},"modified":"2025-10-29T18:58:14","modified_gmt":"2025-10-29T17:58:14","slug":"consell-escolar","status":"publish","type":"page","link":"https:\/\/agora.xtec.cat\/ceipamat-verdu\/lescola\/consell-escolar\/","title":{"rendered":"Consell escolar"},"content":{"rendered":"<p>El <strong>Consell Escolar<\/strong> del centre \u00e9s l\u2019\u00f2rgan col\u00b7legiat de participaci\u00f3 dels diferents sectors de la comunitat escolar en el govern del centre.<\/p>\n<p>En el consell escolar hi ha representats tots els col\u00b7lectius que intervenen en la comunitat educativa: direcci\u00f3, professorat, alumnes, fam\u00edlies, personal d\u2019administraci\u00f3 i serveis i representant de l\u2019administraci\u00f3 local.<\/p>\n<p>La funci\u00f3 principal del consell escolar \u00e9s participar en la presa de decisions en relaci\u00f3 amb aquells temes importants per al funcionament i l\u2019organitzaci\u00f3 del centre: el projecte educatiu, la programaci\u00f3 general, la gesti\u00f3 econ\u00f2mica, etc.<\/p>\n<p>Els membres del consell escolar s\u00f3n elegits per un per\u00edode de quatre anys, per\u00f2 cada dos anys es renoven la meitat dels seus membres.<\/p>\n<p><strong>COMPOSICI\u00d3:<\/strong><\/p>\n<table style=\"border-collapse: collapse; width: 100%; height: 215px;\">\n<tbody>\n<tr style=\"height: 32px; background-color: #1f9184;\">\n<td style=\"width: 16.8333%; height: 32px; text-align: center;\"><strong>Sector E. DIRECTIU<\/strong><\/td>\n<td style=\"width: 15.8333%; height: 32px; text-align: center;\"><strong>Sector MESTRES<\/strong><\/td>\n<td style=\"width: 19.8333%; height: 32px; text-align: center;\"><strong>Sector FAM\u00cdLIES<\/strong><\/td>\n<td style=\"width: 13.3333%; height: 32px; text-align: center;\"><strong>Sector PAS\u00a0<\/strong><\/td>\n<td style=\"width: 16.4167%; height: 32px; text-align: center;\"><strong>Sector PAE<\/strong><\/td>\n<td style=\"width: 17.75%; text-align: center; height: 32px;\"><strong>Sector AJUNTAMENT<\/strong><\/td>\n<\/tr>\n<tr style=\"height: 32px;\">\n<td style=\"width: 16.8333%; height: 32px; text-align: center;\">Juanjo Luj\u00e1n<\/td>\n<td style=\"width: 15.8333%; height: 32px; text-align: center;\">Jordi Mateu (2023)<\/td>\n<td style=\"width: 19.8333%; height: 32px; text-align: center;\">S\u00f2nia Pons (AFI)\u00a0<\/td>\n<td style=\"width: 13.3333%; height: 32px; text-align: center;\">Raul Caba\u00f1ero (23)<\/td>\n<td style=\"width: 16.4167%; height: 32px; text-align: center;\">Vanessa Cabrejas (23)<\/td>\n<td style=\"width: 17.75%; text-align: center; height: 32px;\">Laura Sol\u00eds<\/td>\n<\/tr>\n<tr style=\"height: 32px;\">\n<td style=\"width: 16.8333%; height: 32px; text-align: center;\">Encarna Garc\u00eda<\/td>\n<td style=\"width: 15.8333%; height: 32px; text-align: center;\">Anna Santana (2023)<\/td>\n<td style=\"width: 19.8333%; height: 32px; text-align: center;\">Laura Hern\u00e1ndez (2021)*<\/td>\n<td style=\"width: 13.3333%; height: 32px;\">\u00a0<\/td>\n<td style=\"width: 16.4167%; height: 32px;\">\u00a0<\/td>\n<td style=\"width: 17.75%; height: 32px;\">\u00a0<\/td>\n<\/tr>\n<tr style=\"height: 32px;\">\n<td style=\"width: 16.8333%; height: 32px; text-align: center;\">Judit L\u00f3pez<\/td>\n<td style=\"width: 15.8333%; height: 32px; text-align: center;\">Ros\u00f3 Gelabert (2023)<\/td>\n<td style=\"width: 19.8333%; height: 32px; text-align: center;\">Sanae Yaakoubi (2023) *<\/td>\n<td style=\"width: 13.3333%; height: 32px;\">\u00a0<\/td>\n<td style=\"width: 16.4167%; height: 32px;\">\u00a0<\/td>\n<td style=\"width: 17.75%; height: 32px;\">\u00a0<\/td>\n<\/tr>\n<tr style=\"height: 32px;\">\n<td style=\"width: 16.8333%; height: 32px; text-align: center;\">\u00a0<\/td>\n<td style=\"width: 15.8333%; height: 32px; text-align: center;\">Carlos del Valle (2021)*<\/td>\n<td style=\"width: 19.8333%; height: 32px; text-align: center;\">Montserrat Petit (2023) *\u00a0\u00a0<\/td>\n<td style=\"width: 13.3333%; height: 32px;\">\u00a0<\/td>\n<td style=\"width: 16.4167%; height: 32px;\">\u00a0<\/td>\n<td style=\"width: 17.75%; height: 32px;\">\u00a0<\/td>\n<\/tr>\n<tr style=\"height: 32px;\">\n<td style=\"width: 16.8333%; height: 32px; text-align: center;\">\u00a0<\/td>\n<td style=\"width: 15.8333%; height: 32px; text-align: center;\">Pepi Chaves (2023)<\/td>\n<td style=\"width: 19.8333%; height: 32px; text-align: center;\">Laura Cordoba (2023)<\/td>\n<td style=\"width: 13.3333%; height: 32px;\">\u00a0<\/td>\n<td style=\"width: 16.4167%; height: 32px;\">\u00a0<\/td>\n<td style=\"width: 17.75%; height: 32px;\">\u00a0<\/td>\n<\/tr>\n<tr style=\"height: 23px;\">\n<td style=\"width: 16.8333%; text-align: center; height: 23px;\">\u00a0<\/td>\n<td style=\"width: 15.8333%; text-align: center; height: 23px;\">Paqui Moreno (2023)*<\/td>\n<td style=\"width: 19.8333%; text-align: center; height: 23px;\">Montserrat Andreo (2023)<\/td>\n<td style=\"width: 13.3333%; height: 23px;\">\u00a0<\/td>\n<td style=\"width: 16.4167%; height: 23px;\">\u00a0<\/td>\n<td style=\"width: 17.75%; height: 23px;\">\u00a0<\/td>\n<\/tr>\n<\/tbody>\n<\/table>\n\n\n<p><\/p>\n\n\n\n<p><strong>* S&#8217;han de renovar perqu\u00e8 compleixen mandat (4 anys) o perqu\u00e8 no s\u00f3n al centre.<\/strong><\/p>\n\n\n\n<p><\/p>\n","protected":false},"excerpt":{"rendered":"<p>El Consell Escolar del centre \u00e9s l\u2019\u00f2rgan col\u00b7legiat de participaci\u00f3 dels diferents sectors de la comunitat escolar en el govern del centre. En el consell escolar hi ha representats tots els col\u00b7lectius que intervenen en la comunitat educativa: direcci\u00f3, professorat, alumnes, fam\u00edlies, personal d\u2019administraci\u00f3 i serveis i representant de l\u2019administraci\u00f3 local. La funci\u00f3 principal del [&hellip;]<\/p>\n","protected":false},"author":1,"featured_media":0,"parent":22,"menu_order":50,"comment_status":"closed","ping_status":"closed","template":"","meta":{"_bbp_topic_count":0,"_bbp_reply_count":0,"_bbp_total_topic_count":0,"_bbp_total_reply_count":0,"_bbp_voice_count":0,"_bbp_anonymous_reply_count":0,"_bbp_topic_count_hidden":0,"_bbp_reply_count_hidden":0,"_bbp_forum_subforum_count":0,"site-sidebar-layout":"default","site-content-layout":"","ast-site-content-layout":"default","site-content-style":"default","site-sidebar-style":"default","ast-global-header-display":"","ast-banner-title-visibility":"","ast-main-header-display":"","ast-hfb-above-header-display":"","ast-hfb-below-header-display":"","ast-hfb-mobile-header-display":"","site-post-title":"","ast-breadcrumbs-content":"","ast-featured-img":"","footer-sml-layout":"","theme-transparent-header-meta":"","adv-header-id-meta":"","stick-header-meta":"","header-above-stick-meta":"","header-main-stick-meta":"","header-below-stick-meta":"","astra-migrate-meta-layouts":"set","ast-page-background-enabled":"default","ast-page-background-meta":{"desktop":{"background-color":"var(--ast-global-color-4)","background-image":"","background-repeat":"repeat","background-position":"center center","background-size":"auto","background-attachment":"scroll","background-type":"","background-media":"","overlay-type":"","overlay-color":"","overlay-opacity":"","overlay-gradient":""},"tablet":{"background-color":"","background-image":"","background-repeat":"repeat","background-position":"center center","background-size":"auto","background-attachment":"scroll","background-type":"","background-media":"","overlay-type":"","overlay-color":"","overlay-opacity":"","overlay-gradient":""},"mobile":{"background-color":"","background-image":"","background-repeat":"repeat","background-position":"center center","background-size":"auto","background-attachment":"scroll","background-type":"","background-media":"","overlay-type":"","overlay-color":"","overlay-opacity":"","overlay-gradient":""}},"ast-content-background-meta":{"desktop":{"background-color":"var(--ast-global-color-5)","background-image":"","background-repeat":"repeat","background-position":"center center","background-size":"auto","background-attachment":"scroll","background-type":"","background-media":"","overlay-type":"","overlay-color":"","overlay-opacity":"","overlay-gradient":""},"tablet":{"background-color":"var(--ast-global-color-5)","background-image":"","background-repeat":"repeat","background-position":"center center","background-size":"auto","background-attachment":"scroll","background-type":"","background-media":"","overlay-type":"","overlay-color":"","overlay-opacity":"","overlay-gradient":""},"mobile":{"background-color":"var(--ast-global-color-5)","background-image":"","background-repeat":"repeat","background-position":"center center","background-size":"auto","background-attachment":"scroll","background-type":"","background-media":"","overlay-type":"","overlay-color":"","overlay-opacity":"","overlay-gradient":""}},"footnotes":""},"class_list":["post-28","page","type-page","status-publish","hentry"],"post_mailing_queue_ids":[],"_links":{"self":[{"href":"https:\/\/agora.xtec.cat\/ceipamat-verdu\/wp-json\/wp\/v2\/pages\/28","targetHints":{"allow":["GET"]}}],"collection":[{"href":"https:\/\/agora.xtec.cat\/ceipamat-verdu\/wp-json\/wp\/v2\/pages"}],"about":[{"href":"https:\/\/agora.xtec.cat\/ceipamat-verdu\/wp-json\/wp\/v2\/types\/page"}],"author":[{"embeddable":true,"href":"https:\/\/agora.xtec.cat\/ceipamat-verdu\/wp-json\/wp\/v2\/users\/1"}],"replies":[{"embeddable":true,"href":"https:\/\/agora.xtec.cat\/ceipamat-verdu\/wp-json\/wp\/v2\/comments?post=28"}],"version-history":[{"count":6,"href":"https:\/\/agora.xtec.cat\/ceipamat-verdu\/wp-json\/wp\/v2\/pages\/28\/revisions"}],"predecessor-version":[{"id":3439,"href":"https:\/\/agora.xtec.cat\/ceipamat-verdu\/wp-json\/wp\/v2\/pages\/28\/revisions\/3439"}],"up":[{"embeddable":true,"href":"https:\/\/agora.xtec.cat\/ceipamat-verdu\/wp-json\/wp\/v2\/pages\/22"}],"wp:attachment":[{"href":"https:\/\/agora.xtec.cat\/ceipamat-verdu\/wp-json\/wp\/v2\/media?parent=28"}],"curies":[{"name":"wp","href":"https:\/\/api.w.org\/{rel}","templated":true}]}}