{"id":26,"date":"2014-09-18T12:24:32","date_gmt":"2014-09-18T11:24:32","guid":{"rendered":"http:\/\/agora.xtec.cat\/ceipamat-verdu\/?page_id=26"},"modified":"2023-10-01T16:13:36","modified_gmt":"2023-10-01T14:13:36","slug":"historia","status":"publish","type":"page","link":"https:\/\/agora.xtec.cat\/ceipamat-verdu\/lescola\/historia\/","title":{"rendered":"La nostra hist\u00f2ria"},"content":{"rendered":"<p style=\"text-align: justify;\">L\u2019escola Amat Verd\u00fa de Sant Boi de Llobregat \u00e9s la hist\u00f2ria de dues fam\u00edlies que ara fa m\u00e9s de 53 anys van cedir els terrenys d\u2019un entorn privilegiat per a la construcci\u00f3 d\u2019edificis escolars que permetessin l\u2019acc\u00e9s a l\u2019educaci\u00f3 de nens i nenes de la ciutat.<\/p>\n<p class=\"font_8\" style=\"text-align: justify;\">El matrimoni entre Modest Amat i Josepa Verd\u00fa ha donat nom des de la fundaci\u00f3 fins als nostres dies a l\u2019escola Amat-Verd\u00fa, al costat de la Muntanyeta. Als anys cinquanta, Modest Amat va respondre a una petici\u00f3 de l\u2019Ajuntament per ajudar a construir un grup escolar p\u00fablic amb una aportaci\u00f3 de 250.000 pessetes de l\u2019\u00e8poca (\u00e9s a dir, molts diners) i un pr\u00e9stec de 500.000 pessetes en condicions molt favorables. Aquesta col\u00b7laboraci\u00f3 va fer-lo mereixedor del t\u00edtol de Fill Predilecte de la Vila.<\/p>\n<p class=\"font_8\" style=\"text-align: justify;\">El nou centre educatiu es va inagurar l&#8217;any 1966, amb la secci\u00f3 de nois batejada amb el nom del fundador i la de noies, amb la de la seva dona. \u00a0L\u2019escola inicalment era un centre de 3 l\u00ednies passant a ser de dues les \u00faltimes dues d\u00e8cades. Sense cap mena de dubte, \u00e9s un dels centres importants dins l\u2019oferta educativa santboiana, tant per grand\u00e0ria com pels espais dels quals disposa.<\/p>\n<p class=\"font_8\" style=\"text-align: justify;\">A la decada dels 90, va tenir lloc l&#8217;ampliaci\u00f3 del recinte escolar amb la inaguraci\u00f3 d&#8217;un nou edifici d&#8217;una sola planta i amb amplis patis per l&#8217;educaci\u00f3 infantil.<\/p>\n<p class=\"font_8\" style=\"text-align: justify;\">L&#8217;any 2010 l&#8217;escola va fer 50 anys. Per celebrar-ho es van fer una s\u00e8rie d&#8217;actes on hi van ser convidats els familiars dels fundadors de l&#8217;escola, autoritats municipals i representants del Departament d&#8217;Educaci\u00f3. Es va descobrir una placa commemorativa, es va fer una exposici\u00f3 de fotografies i objectes relacionats amb l&#8217;escola al llarg dels 50 anys i es va presentar la can\u00e7\u00f3 commemorativa dels 50 anys.<\/p>\n","protected":false},"excerpt":{"rendered":"<p>L\u2019escola Amat Verd\u00fa de Sant Boi de Llobregat \u00e9s la hist\u00f2ria de dues fam\u00edlies que ara fa m\u00e9s de 53 anys van cedir els terrenys d\u2019un entorn privilegiat per a la construcci\u00f3 d\u2019edificis escolars que permetessin l\u2019acc\u00e9s a l\u2019educaci\u00f3 de nens i nenes de la ciutat. El matrimoni entre Modest Amat i Josepa Verd\u00fa ha [&hellip;]<\/p>\n","protected":false},"author":1,"featured_media":0,"parent":22,"menu_order":20,"comment_status":"closed","ping_status":"closed","template":"page-templates\/side-menu.php","meta":{"_bbp_topic_count":0,"_bbp_reply_count":0,"_bbp_total_topic_count":0,"_bbp_total_reply_count":0,"_bbp_voice_count":0,"_bbp_anonymous_reply_count":0,"_bbp_topic_count_hidden":0,"_bbp_reply_count_hidden":0,"_bbp_forum_subforum_count":0,"site-sidebar-layout":"default","site-content-layout":"","ast-site-content-layout":"","site-content-style":"default","site-sidebar-style":"default","ast-global-header-display":"","ast-banner-title-visibility":"","ast-main-header-display":"","ast-hfb-above-header-display":"","ast-hfb-below-header-display":"","ast-hfb-mobile-header-display":"","site-post-title":"","ast-breadcrumbs-content":"","ast-featured-img":"","footer-sml-layout":"","theme-transparent-header-meta":"","adv-header-id-meta":"","stick-header-meta":"","header-above-stick-meta":"","header-main-stick-meta":"","header-below-stick-meta":"","astra-migrate-meta-layouts":"default","ast-page-background-enabled":"default","ast-page-background-meta":{"desktop":{"background-color":"var(--ast-global-color-4)","background-image":"","background-repeat":"repeat","background-position":"center center","background-size":"auto","background-attachment":"scroll","background-type":"","background-media":"","overlay-type":"","overlay-color":"","overlay-opacity":"","overlay-gradient":""},"tablet":{"background-color":"","background-image":"","background-repeat":"repeat","background-position":"center center","background-size":"auto","background-attachment":"scroll","background-type":"","background-media":"","overlay-type":"","overlay-color":"","overlay-opacity":"","overlay-gradient":""},"mobile":{"background-color":"","background-image":"","background-repeat":"repeat","background-position":"center center","background-size":"auto","background-attachment":"scroll","background-type":"","background-media":"","overlay-type":"","overlay-color":"","overlay-opacity":"","overlay-gradient":""}},"ast-content-background-meta":{"desktop":{"background-color":"var(--ast-global-color-5)","background-image":"","background-repeat":"repeat","background-position":"center center","background-size":"auto","background-attachment":"scroll","background-type":"","background-media":"","overlay-type":"","overlay-color":"","overlay-opacity":"","overlay-gradient":""},"tablet":{"background-color":"var(--ast-global-color-5)","background-image":"","background-repeat":"repeat","background-position":"center center","background-size":"auto","background-attachment":"scroll","background-type":"","background-media":"","overlay-type":"","overlay-color":"","overlay-opacity":"","overlay-gradient":""},"mobile":{"background-color":"var(--ast-global-color-5)","background-image":"","background-repeat":"repeat","background-position":"center center","background-size":"auto","background-attachment":"scroll","background-type":"","background-media":"","overlay-type":"","overlay-color":"","overlay-opacity":"","overlay-gradient":""}},"footnotes":""},"class_list":["post-26","page","type-page","status-publish","hentry"],"post_mailing_queue_ids":[],"_links":{"self":[{"href":"https:\/\/agora.xtec.cat\/ceipamat-verdu\/wp-json\/wp\/v2\/pages\/26","targetHints":{"allow":["GET"]}}],"collection":[{"href":"https:\/\/agora.xtec.cat\/ceipamat-verdu\/wp-json\/wp\/v2\/pages"}],"about":[{"href":"https:\/\/agora.xtec.cat\/ceipamat-verdu\/wp-json\/wp\/v2\/types\/page"}],"author":[{"embeddable":true,"href":"https:\/\/agora.xtec.cat\/ceipamat-verdu\/wp-json\/wp\/v2\/users\/1"}],"replies":[{"embeddable":true,"href":"https:\/\/agora.xtec.cat\/ceipamat-verdu\/wp-json\/wp\/v2\/comments?post=26"}],"version-history":[{"count":5,"href":"https:\/\/agora.xtec.cat\/ceipamat-verdu\/wp-json\/wp\/v2\/pages\/26\/revisions"}],"predecessor-version":[{"id":527,"href":"https:\/\/agora.xtec.cat\/ceipamat-verdu\/wp-json\/wp\/v2\/pages\/26\/revisions\/527"}],"up":[{"embeddable":true,"href":"https:\/\/agora.xtec.cat\/ceipamat-verdu\/wp-json\/wp\/v2\/pages\/22"}],"wp:attachment":[{"href":"https:\/\/agora.xtec.cat\/ceipamat-verdu\/wp-json\/wp\/v2\/media?parent=26"}],"curies":[{"name":"wp","href":"https:\/\/api.w.org\/{rel}","templated":true}]}}