{"id":26,"date":"2014-09-18T12:24:32","date_gmt":"2014-09-18T11:24:32","guid":{"rendered":"http:\/\/agora.xtec.cat\/ceipalfredmata\/?page_id=26"},"modified":"2026-07-18T18:50:26","modified_gmt":"2026-07-18T16:50:26","slug":"historia","status":"publish","type":"page","link":"https:\/\/agora.xtec.cat\/ceipalfredmata\/lescola\/historia\/","title":{"rendered":"Hist\u00f2ria"},"content":{"rendered":"<h1 style=\"text-align: left;\">Un segle d&#8217;hist\u00f2ria, un futur ple de vida<\/h1>\n<p class=\"isSelectedEnd\" style=\"text-align: left;\">L&#8217;Escola Alfred Mata\u00a0forma part de la hist\u00f2ria i de la mem\u00f2ria col\u00b7lectiva de Puig-reig.<\/p>\n<p class=\"isSelectedEnd\" style=\"text-align: left;\">L&#8217;edifici es va construir l&#8217;any 1926 gr\u00e0cies a l&#8217;impuls d&#8217;Alfred Mata i Juli\u00e0, propietari de la Col\u00f2nia Casas, i a la col\u00b7laboraci\u00f3 de l&#8217;Ajuntament de Puig-reig, que van unir esfor\u00e7os per fer realitat un projecte que esdevindria un referent educatiu per al municipi. Avui dia no es coneix amb certesa qui en va ser l&#8217;arquitecte o el mestre d&#8217;obres, per\u00f2 el seu llegat continua viu en cada rac\u00f3 d&#8217;aquest edifici centenari.<\/p>\n<p class=\"isSelectedEnd\" style=\"text-align: left;\">Al llarg de cent anys, l&#8217;escola ha estat testimoni de profunds canvis socials, culturals i pedag\u00f2gics. Ha vist passar generacions d&#8217;infants, mestres i fam\u00edlies que, amb les seves viv\u00e8ncies, han anat escrivint la seva hist\u00f2ria. S&#8217;ha adaptat als nous temps sense perdre mai la seva ess\u00e8ncia: ser un espai d&#8217;aprenentatge, de conviv\u00e8ncia, de respecte i de creixement personal.<\/p>\n<p class=\"isSelectedEnd\" style=\"text-align: left;\">L&#8217;11 de juliol de 2026, l&#8217;edifici de l&#8217;Escola Alfred Mata celebra el seu centenari. Cent anys obrint les portes cada mat\u00ed per acollir il\u00b7lusions, descobertes, amistats i somnis. Cent anys educant persones.<\/p>\n<p><a href=\"https:\/\/agora.xtec.cat\/ceipalfredmata\/wp-content\/uploads\/usu329\/2026\/07\/images.jpg\"><img loading=\"lazy\" decoding=\"async\" class=\"alignleft size-full wp-image-7077\" src=\"https:\/\/agora.xtec.cat\/ceipalfredmata\/wp-content\/uploads\/usu329\/2026\/07\/images.jpg\" alt=\"\" width=\"311\" height=\"162\" srcset=\"https:\/\/agora.xtec.cat\/ceipalfredmata\/wp-content\/uploads\/usu329\/2026\/07\/images.jpg 311w, https:\/\/agora.xtec.cat\/ceipalfredmata\/wp-content\/uploads\/usu329\/2026\/07\/images-300x156.jpg 300w\" sizes=\"auto, (max-width: 311px) 100vw, 311px\" \/><\/a><\/p>\n<p class=\"isSelectedEnd\" style=\"text-align: left;\">Aquesta commemoraci\u00f3 \u00e9s molt m\u00e9s que l&#8217;aniversari d&#8217;un edifici. \u00c9s un homenatge a totes les persones que n&#8217;han format part: l&#8217;alumnat que hi ha crescut, els mestres que hi han deixat la seva empremta, les fam\u00edlies que hi han dipositat la seva confian\u00e7a i totes aquelles persones que, des de diferents \u00e0mbits, han contribu\u00eft a fer de l&#8217;escola un espai viu i estimat.<\/p>\n<p class=\"isSelectedEnd\" style=\"text-align: left;\">Celebrar aquest segle de vida \u00e9s mirar enrere amb orgull i gratitud, reconeixent el valor del cam\u00ed recorregut, per\u00f2 tamb\u00e9 \u00e9s mirar endavant amb esperan\u00e7a i il\u00b7lusi\u00f3. Perqu\u00e8 l&#8217;Escola Alfred Mata\u00a0continua essent un lloc on cada dia neixen noves oportunitats, es construeixen aprenentatges i es cultiven els valors que ajudaran a formar els ciutadans del dem\u00e0.<\/p>\n<p style=\"text-align: left;\">Cent anys d&#8217;hist\u00f2ria. Cent anys educant. Cent anys compartint somnis. I tota una vida per continuar fent escola.<\/p>\n<p><a href=\"https:\/\/agora.xtec.cat\/ceipalfredmata\/wp-content\/uploads\/usu329\/2026\/07\/images-1.jpg\"><img loading=\"lazy\" decoding=\"async\" class=\"wp-image-7081 aligncenter\" src=\"https:\/\/agora.xtec.cat\/ceipalfredmata\/wp-content\/uploads\/usu329\/2026\/07\/images-1.jpg\" alt=\"\" width=\"294\" height=\"390\" srcset=\"https:\/\/agora.xtec.cat\/ceipalfredmata\/wp-content\/uploads\/usu329\/2026\/07\/images-1.jpg 388w, https:\/\/agora.xtec.cat\/ceipalfredmata\/wp-content\/uploads\/usu329\/2026\/07\/images-1-226x300.jpg 226w\" sizes=\"auto, (max-width: 294px) 100vw, 294px\" \/><\/a><\/p>\n\n\n<p><\/p>\n","protected":false},"excerpt":{"rendered":"<p>Un segle d&#8217;hist\u00f2ria, un futur ple de vida L&#8217;Escola Alfred Mata\u00a0forma part de la hist\u00f2ria i de la mem\u00f2ria col\u00b7lectiva de Puig-reig. L&#8217;edifici es va construir l&#8217;any 1926 gr\u00e0cies a l&#8217;impuls d&#8217;Alfred Mata i Juli\u00e0, propietari de la Col\u00f2nia Casas, i a la col\u00b7laboraci\u00f3 de l&#8217;Ajuntament de Puig-reig, que van unir esfor\u00e7os per fer realitat [&hellip;]<\/p>\n","protected":false},"author":1,"featured_media":0,"parent":6901,"menu_order":20,"comment_status":"closed","ping_status":"closed","template":"","meta":{"_bbp_topic_count":0,"_bbp_reply_count":0,"_bbp_total_topic_count":0,"_bbp_total_reply_count":0,"_bbp_voice_count":0,"_bbp_anonymous_reply_count":0,"_bbp_topic_count_hidden":0,"_bbp_reply_count_hidden":0,"_bbp_forum_subforum_count":0,"site-sidebar-layout":"default","site-content-layout":"","ast-site-content-layout":"default","site-content-style":"default","site-sidebar-style":"default","ast-global-header-display":"","ast-banner-title-visibility":"","ast-main-header-display":"","ast-hfb-above-header-display":"","ast-hfb-below-header-display":"","ast-hfb-mobile-header-display":"","site-post-title":"","ast-breadcrumbs-content":"","ast-featured-img":"","footer-sml-layout":"","theme-transparent-header-meta":"default","adv-header-id-meta":"","stick-header-meta":"","header-above-stick-meta":"","header-main-stick-meta":"","header-below-stick-meta":"","astra-migrate-meta-layouts":"set","ast-page-background-enabled":"default","ast-page-background-meta":{"desktop":{"background-color":"var(--ast-global-color-4)","background-image":"","background-repeat":"repeat","background-position":"center center","background-size":"auto","background-attachment":"scroll","background-type":"","background-media":"","overlay-type":"","overlay-color":"","overlay-opacity":"","overlay-gradient":""},"tablet":{"background-color":"","background-image":"","background-repeat":"repeat","background-position":"center center","background-size":"auto","background-attachment":"scroll","background-type":"","background-media":"","overlay-type":"","overlay-color":"","overlay-opacity":"","overlay-gradient":""},"mobile":{"background-color":"","background-image":"","background-repeat":"repeat","background-position":"center center","background-size":"auto","background-attachment":"scroll","background-type":"","background-media":"","overlay-type":"","overlay-color":"","overlay-opacity":"","overlay-gradient":""}},"ast-content-background-meta":{"desktop":{"background-color":"var(--ast-global-color-5)","background-image":"","background-repeat":"repeat","background-position":"center center","background-size":"auto","background-attachment":"scroll","background-type":"","background-media":"","overlay-type":"","overlay-color":"","overlay-opacity":"","overlay-gradient":""},"tablet":{"background-color":"var(--ast-global-color-5)","background-image":"","background-repeat":"repeat","background-position":"center center","background-size":"auto","background-attachment":"scroll","background-type":"","background-media":"","overlay-type":"","overlay-color":"","overlay-opacity":"","overlay-gradient":""},"mobile":{"background-color":"var(--ast-global-color-5)","background-image":"","background-repeat":"repeat","background-position":"center center","background-size":"auto","background-attachment":"scroll","background-type":"","background-media":"","overlay-type":"","overlay-color":"","overlay-opacity":"","overlay-gradient":""}},"footnotes":""},"class_list":["post-26","page","type-page","status-publish","hentry"],"post_mailing_queue_ids":[],"_links":{"self":[{"href":"https:\/\/agora.xtec.cat\/ceipalfredmata\/wp-json\/wp\/v2\/pages\/26","targetHints":{"allow":["GET"]}}],"collection":[{"href":"https:\/\/agora.xtec.cat\/ceipalfredmata\/wp-json\/wp\/v2\/pages"}],"about":[{"href":"https:\/\/agora.xtec.cat\/ceipalfredmata\/wp-json\/wp\/v2\/types\/page"}],"author":[{"embeddable":true,"href":"https:\/\/agora.xtec.cat\/ceipalfredmata\/wp-json\/wp\/v2\/users\/1"}],"replies":[{"embeddable":true,"href":"https:\/\/agora.xtec.cat\/ceipalfredmata\/wp-json\/wp\/v2\/comments?post=26"}],"version-history":[{"count":6,"href":"https:\/\/agora.xtec.cat\/ceipalfredmata\/wp-json\/wp\/v2\/pages\/26\/revisions"}],"predecessor-version":[{"id":7083,"href":"https:\/\/agora.xtec.cat\/ceipalfredmata\/wp-json\/wp\/v2\/pages\/26\/revisions\/7083"}],"up":[{"embeddable":true,"href":"https:\/\/agora.xtec.cat\/ceipalfredmata\/wp-json\/wp\/v2\/pages\/6901"}],"wp:attachment":[{"href":"https:\/\/agora.xtec.cat\/ceipalfredmata\/wp-json\/wp\/v2\/media?parent=26"}],"curies":[{"name":"wp","href":"https:\/\/api.w.org\/{rel}","templated":true}]}}

Història

<h1 style="text-align: left;">Un segle d&#8217;història, un futur ple de vida</h1>
<p class="isSelectedEnd" style="text-align: left;">L&#8217;Escola Alfred Mata forma part de la història i de la memòria col·lectiva de Puig-reig.</p>
<p class="isSelectedEnd" style="text-align: left;">L&#8217;edifici es va construir l&#8217;any 1926 gràcies a l&#8217;impuls d&#8217;Alfred Mata i Julià, propietari de la Colònia Casas, i a la col·laboració de l&#8217;Ajuntament de Puig-reig, que van unir esforços per fer realitat un projecte que esdevindria un referent educatiu per al municipi. Avui dia no es coneix amb certesa qui en va ser l&#8217;arquitecte o el mestre d&#8217;obres, però el seu llegat continua viu en cada racó d&#8217;aquest edifici centenari.</p>
<p class="isSelectedEnd" style="text-align: left;">Al llarg de cent anys, l&#8217;escola ha estat testimoni de profunds canvis socials, culturals i pedagògics. Ha vist passar generacions d&#8217;infants, mestres i famílies que, amb les seves vivències, han anat escrivint la seva història. S&#8217;ha adaptat als nous temps sense perdre mai la seva essència: ser un espai d&#8217;aprenentatge, de convivència, de respecte i de creixement personal.</p>
<p class="isSelectedEnd" style="text-align: left;">L&#8217;11 de juliol de 2026, l&#8217;edifici de l&#8217;Escola Alfred Mata celebra el seu centenari. Cent anys obrint les portes cada matí per acollir il·lusions, descobertes, amistats i somnis. Cent anys educant persones.</p>
<p><a href="https://agora.xtec.cat/ceipalfredmata/wp-content/uploads/usu329/2026/07/images.jpg"><img loading="lazy" decoding="async" class="alignleft size-full wp-image-7077" src="https://agora.xtec.cat/ceipalfredmata/wp-content/uploads/usu329/2026/07/images.jpg" alt="" width="311" height="162" srcset="https://agora.xtec.cat/ceipalfredmata/wp-content/uploads/usu329/2026/07/images.jpg 311w, https://agora.xtec.cat/ceipalfredmata/wp-content/uploads/usu329/2026/07/images-300x156.jpg 300w" sizes="auto, (max-width: 311px) 100vw, 311px" /></a></p>
<p class="isSelectedEnd" style="text-align: left;">Aquesta commemoració és molt més que l&#8217;aniversari d&#8217;un edifici. És un homenatge a totes les persones que n&#8217;han format part: l&#8217;alumnat que hi ha crescut, els mestres que hi han deixat la seva empremta, les famílies que hi han dipositat la seva confiança i totes aquelles persones que, des de diferents àmbits, han contribuït a fer de l&#8217;escola un espai viu i estimat.</p>
<p class="isSelectedEnd" style="text-align: left;">Celebrar aquest segle de vida és mirar enrere amb orgull i gratitud, reconeixent el valor del camí recorregut, però també és mirar endavant amb esperança i il·lusió. Perquè l&#8217;Escola Alfred Mata continua essent un lloc on cada dia neixen noves oportunitats, es construeixen aprenentatges i es cultiven els valors que ajudaran a formar els ciutadans del demà.</p>
<p style="text-align: left;">Cent anys d&#8217;història. Cent anys educant. Cent anys compartint somnis. I tota una vida per continuar fent escola.</p>
<p><a href="https://agora.xtec.cat/ceipalfredmata/wp-content/uploads/usu329/2026/07/images-1.jpg"><img loading="lazy" decoding="async" class="wp-image-7081 aligncenter" src="https://agora.xtec.cat/ceipalfredmata/wp-content/uploads/usu329/2026/07/images-1.jpg" alt="" width="294" height="390" srcset="https://agora.xtec.cat/ceipalfredmata/wp-content/uploads/usu329/2026/07/images-1.jpg 388w, https://agora.xtec.cat/ceipalfredmata/wp-content/uploads/usu329/2026/07/images-1-226x300.jpg 226w" sizes="auto, (max-width: 294px) 100vw, 294px" /></a></p>


<p></p>

<p>Un segle d&#8217;història, un futur ple de vida L&#8217;Escola Alfred Mata forma part de la història i de la memòria col·lectiva de Puig-reig. L&#8217;edifici es va construir l&#8217;any 1926 gràcies a l&#8217;impuls d&#8217;Alfred Mata i Julià, propietari de la Colònia Casas, i a la col·laboració de l&#8217;Ajuntament de Puig-reig, que van unir esforços per fer realitat [&hellip;]</p>
