{"id":539,"date":"2016-12-25T12:00:38","date_gmt":"2016-12-25T11:00:38","guid":{"rendered":"http:\/\/agora.xtec.cat\/ceipalfonsi\/?page_id=539"},"modified":"2018-01-14T14:12:51","modified_gmt":"2018-01-14T13:12:51","slug":"festa-de-nadal","status":"publish","type":"page","link":"https:\/\/agora.xtec.cat\/ceipalfonsi\/activitats-de-centre\/festes\/festa-de-nadal\/","title":{"rendered":"Festa de Nadal"},"content":{"rendered":"<p style=\"text-align: justify;\">Nadal, en el m\u00f3n occidental, \u00e9s una festa d\u2019origen religi\u00f3s que se celebra el 25 de desembre i commemora el naixement de Jesucrist. L\u2019origen d\u2019aquesta\u00a0celebraci\u00f3, per\u00f2, prov\u00e9 del m\u00f3n pag\u00e0, ja que coincideix amb el solstici d\u2019hivern en qu\u00e8 el dia comen\u00e7a a allargar-se de nou. Cada pa\u00eds t\u00e9 les seves pr\u00f2pies tradicions que de vegades tenen un gran contingut religi\u00f3s i d\u2019altres representen el culte a la natura.<\/p>\n<p style=\"text-align: justify;\"><strong>Ara b\u00e9, com \u00e9s tradici\u00f3 celebrar el Nadal a casa nostra?<\/strong><\/p>\n<p style=\"text-align: justify;\">D&#8217;entrada podr\u00edem dir que, tot i que cada cop m\u00e9s les festes nadalenques tenen un significat for\u00e7a personal per a cada fam\u00edlia, es pot considerar que entre els esdeveniments m\u00e9s rellevants que en aquestes dates ens podem trobar que es celebren\u00a0Catalunya destaquen els seg\u00fcents:<\/p>\n<ul>\n<li style=\"text-align: justify;\"><strong>13 de desembre, Santa Ll\u00facia.<\/strong><\/li>\n<\/ul>\n<div class=\"page\" style=\"text-align: justify;\" title=\"Page 1\">\n<div class=\"section\">\n<div class=\"layoutArea\">\n<div class=\"column\">\n<p>Aquest dia, preludi de les festes de Nadal, comen\u00e7ava antigament la Fira de Santa Ll\u00facia. Actualment, la data s\u2019avan\u00e7a i la fira comen\u00e7a cap a final de novembre. Arreu del pa\u00eds s\u2019organitzen fires on es posen a la venda els arbres de Nadal, les figuretes del pessebre i tota l\u2019ornamentaci\u00f3 de les festes nadalenques. La fira sol durar fins al dia 24 de desembre, \u00e9s a dir, fins\u00a0la vig\u00edlia de Nadal.<\/p>\n<\/div>\n<\/div>\n<\/div>\n<\/div>\n<div class=\"page\" style=\"text-align: justify;\" title=\"Page 1\">\n<div class=\"section\">\n<div class=\"layoutArea\">\n<div class=\"column\">\n<ul>\n<li><strong>24 de desembre, Caga Ti\u00f3.<\/strong><\/li>\n<\/ul>\n<p>Aquesta \u00e9s una de les nits m\u00e0giques de l\u2019any, especialment per a la mainada. El ti\u00f3 \u00e9s un personatge nadalenc molt important, parent de l\u2019arbre de Nadal n\u00f2rdic. Sembla que no hi ha una data concreta per explicar l\u2019origen d\u2019aquesta tradici\u00f3 catalana i que tampoc no hi\u00a0ha una sola explicaci\u00f3 sobre els seus inicis. Es creu que es pot relacionar el ti\u00f3 amb el fred de l\u2019hivern i amb la llenya utilitzada per escalfar-se i fer foc.<\/p>\n<p>Sembla, doncs, que l\u2019escalfor i la llum d\u2019aquestes fustes o tions cremant eren el millor regal que es podia rebre en les gla\u00e7ades nits de desembre; d\u2019aqu\u00ed vindria la idea que un tronc de fusta esdevingu\u00e9s un element m\u00e0gic, capa\u00e7 de fer regals.<\/p>\n<p>M\u00e9s endavant, simb\u00f2licament, la llum i la calor del ti\u00f3 van comen\u00e7ar a transformar-se en altres tipus de regals, com ara dol\u00e7os, neules i torrons. A mesura que van anar passant els anys, aquesta tradici\u00f3 va anar evolucionant fins a transformar-se en la que coneixem actualment: un tronc, sovint decorat amb una cara, potes, manta i barretina.<\/p>\n<p style=\"text-align: justify;\">Un dies abans de Nadal, normalment per Santa Ll\u00facia, es tria un tronc, que es disfressa, s\u2019abriga i s\u2019alimenta fins al dia 24 a la nit o 25 al migdia. El ti\u00f3 es tapa amb una manta, es col\u00b7loca a la vora del foc, i els nens i les nenes (i molts adults tamb\u00e9!) piquen el tronc amb bastons i canten una can\u00e7\u00f3 perqu\u00e8 el ti\u00f3 cagui els regals que t\u00e9 amagats. Finalment, s\u2019aixeca la manta\u00a0que el cobreix i s\u2019agafa el regal que ha cagat.<\/p>\n<\/div>\n<\/div>\n<\/div>\n<\/div>\n<div class=\"page\" style=\"text-align: justify;\" title=\"Page 2\">\n<div class=\"section\">\n<div class=\"layoutArea\">\n<div class=\"column\">\n<ul>\n<li style=\"text-align: justify;\"><strong>25 de desembre, dia de Nadal.<\/strong><\/li>\n<\/ul>\n<p>D\u2019acord amb les tradicions paganes, la celebraci\u00f3 del Nadal est\u00e0 dedicada al solstici d\u2019hivern, que el cristianisme va transformar donant-li un caire religi\u00f3s i convertint-la en el dia en qu\u00e8 va n\u00e9ixer Jes\u00fas.<\/p>\n<p>\u00c9s t\u00edpic fer un gran dinar familiar, amb escudella i carn d\u2019olla, pollastre farcit, cava, torrons, neules i fruits secs. Tamb\u00e9 es fa una llarga sobretaula en qu\u00e8 els m\u00e9s petits reciten poemes, es canten nadales, en un ambient dist\u00e8s al voltant del pessebre o de l\u2019arbre de Nadal.<\/p>\n<p>Es desitja pau, felicitat i joia a tot el m\u00f3n.<\/p>\n<\/div>\n<\/div>\n<div class=\"layoutArea\">\n<div class=\"column\">\n<p>Les dites m\u00e9s t\u00edpiques del dia s\u00f3n:<\/p>\n<\/div>\n<div class=\"column\">\n<p style=\"text-align: center;\">Per Nadal, cada ovella al seu corral!<\/p>\n<p style=\"text-align: center;\">Per Nadal, qui res no estrena res no val!<\/p>\n<\/div>\n<div class=\"page\" title=\"Page 2\">\n<div class=\"section\">\n<div class=\"layoutArea\">\n<div class=\"column\">\n<ul>\n<li><strong>Altres elements propis del Nadal a casa nostra: Els Pastorets, el pessebre i el pessebre vivent.<\/strong><\/li>\n<\/ul>\n<p>Amb la panxa plena i el cor content, la tarda del dia de Nadal, s\u2019acostumava a anar a veure la representaci\u00f3 dels Pastorets. En alguns barris i pobles encara perdura aquesta tradici\u00f3. \u00c9s una obra de teatre que explica la hist\u00f2ria del naixement de\u00a0Jes\u00fas.<\/p>\n<p>El pessebre tamb\u00e9 \u00e9s l\u2019escenificaci\u00f3 del naixement de Jes\u00fas, que es reprodueix en algun lloc de la casa amb figures pl\u00e0stiques. Consisteix a instal\u00b7lar de la casa unes figures, col\u00b7locades seguint un ordre determinat, que simbolitzen\u00a0l\u2019arribada de Jes\u00fas al m\u00f3n. En un lloc destacat del decorat hi ha l&#8217;escena del naixement amb l\u2019infant Jes\u00fas; la seva mare, Maria; el seu pare, Josep; el bou i la mula, i s\u2019envolta amb caminets, rierols, molsa, pedretes, figures de pastors i els Reis Mags.<\/p>\n<\/div>\n<\/div>\n<\/div>\n<\/div>\n<\/div>\n<\/div>\n<\/div>\n<div class=\"page\" title=\"Page 2\">\n<div class=\"section\">\n<div class=\"layoutArea\">\n<div class=\"column\" style=\"text-align: justify;\">\n<p>Un dels elements m\u00e9s caracter\u00edstics del pessebre catal\u00e0 \u00e9s el caganer. El caganer \u00e9s una figura dels pessebres de Catalunya, sovint amagada en un rac\u00f3, darrere d\u2019un arbust, on fa les seves necessitats a l\u2019aire lliure. Va vestit, generalment, amb camisa blanca, pantalons foscos, faixa i barretina vermelles, sovint amb pipa. Lluny de ser ofensiu o groller, el caganer retorna a la terra all\u00f2 que d\u2019ella prov\u00e9, adobant la terra del pessebre i fent-la fecunda per a l\u2019any seg\u00fcent. Es considera un s\u00edmbol de salut i prosperitat i, en definitiva, de felicitat per al Nadal<\/p>\n<p>En aquests darrers temps s\u2019estan implantant a tot Catalunya els pessebres vivents, que escenifiquen els fets nadalencs en paratges buc\u00f2lics de cada poblaci\u00f3 i amb persones com a figures.<\/p>\n<ul>\n<li><strong>26 de desembre, Sant Esteve.<\/strong><\/li>\n<\/ul>\n<\/div>\n<div class=\"page\" title=\"Page 2\">\n<div class=\"section\">\n<div class=\"layoutArea\">\n<div class=\"column\" style=\"text-align: justify;\">\n<p>\u00c9s una festivitat considerada una mica com la continuaci\u00f3 del dia de Nadal; es tracta de poder-se reunir amb la resta de la fam\u00edlia amb qui no s\u2019ha pogut estar el dia de Nadal. A Catalunya tamb\u00e9 \u00e9s un dia festiu.<br \/>\nEl dia est\u00e0 centrat en el dinar; es comen\u00e7a m\u00e9s tard del compte i s\u2019aprofiten les restes del dinar de Nadal, i per aix\u00f2 se solen fer canelons.<\/p>\n<\/div>\n<div class=\"page\" title=\"Page 3\">\n<div class=\"section\">\n<div class=\"layoutArea\">\n<div class=\"column\">\n<ul>\n<li style=\"text-align: justify;\"><strong>28 de desembre, els Sants Innocents.<\/strong><\/li>\n<\/ul>\n<p style=\"text-align: justify;\">Sembla que \u00e9s una festa d\u2019origen pag\u00e0 i era l\u2019inici d\u2019unes festes que se celebraven per tot Europa, coneguda com la Festa dels bojos, que durava molts dies i acabava per Carnestoltes. Era una manera d\u2019entretenir-se durant els dies llargs i freds d\u2019hivern. Actualment \u00e9s el dia en qu\u00e8 la mainada fa bromes innocents i divertides com ara penjar llufes o ninots de diaris retallats, i la premsa aprofita per donar algunes not\u00edcies falses i disbauxades.<\/p>\n<ul>\n<li style=\"text-align: justify;\"><strong>31 de desembre, l\u2019Home dels nassos i Cap d\u2019Any.<\/strong><\/li>\n<\/ul>\n<p style=\"text-align: justify;\">Tamb\u00e9 podria formar part de la Festa dels bojos. Se sol explicar a la mainada que aquest dia surt l\u2019Home dels nassos, una persona que t\u00e9 tants nassos com dies queden per acabar l\u2019any. Com que sovint els costa entendre el joc de paraules, fa que s\u2019imaginin un personatge estrafolari, curi\u00f3s i un xic terror\u00edfic que nom\u00e9s poden veure aquest\u00a0dia.<\/p>\n<p style=\"text-align: justify;\">Tamb\u00e9 \u00e9s el dia que es fan els preparatius per acomiadar l\u2019any vell i rebre l\u2019any nou. Se solen preparar sopars sofisticats i elaborats, s\u2019organitzen balls de festa i es prepara el ra\u00efm. A Catalunya \u00e9s\u00a0tradici\u00f3 menjar dotze grans de ra\u00efm, seguint les campanades que toquen a les 12 en punt de la nit.<\/p>\n<ul>\n<li style=\"text-align: justify;\"><strong>1 de gener, Any Nou.<\/strong><\/li>\n<\/ul>\n<p style=\"text-align: justify;\">En aquest dia se sol fer revisi\u00f3 de com anat l\u2019any anterior i es fan prop\u00f2sits per a l\u2019any que comen\u00e7a. Tamb\u00e9 es fa un dinar familiar, sovint a base de pollastre farcit o de xai al forn.<\/p>\n<ul>\n<li style=\"text-align: justify;\"><strong>5 de gener, Cavalcada de Reis.<\/strong><\/li>\n<\/ul>\n<p style=\"text-align: justify;\">Aquest vespre arriba la Cavalcada dels Reis de l\u2019Orient. La mainada s\u2019aplega pels carrers on ha de passar la comitiva. A molts llocs, els nens porten fanalets amb qu\u00e8 il\u00b7luminen tot el recorregut i se sol cantar la can\u00e7\u00f3 dels Tres Reis, que a cada lloc t\u00e9 variants.<\/p>\n<p style=\"text-align: justify;\">Mentre passa la cavalcada, la quitxalla\u00a0d\u00f3na la carta als Reis o als Patges Reials,\u00a0on han escrit la llista amb les joguines que desitgen i els regals per a tota la fam\u00edlia i on han fet una declaraci\u00f3 de bones intencions per a l\u2019any que s\u2019inicia.\u00a0Per tal d\u2019indicar a Ses Majestats on han de deixar els regals i les joguines, cadasc\u00fa posa la seva sabata ben enllustrada, ja sigui al balc\u00f3, a la catifa del menjador, etc.\u00a0Tamb\u00e9 es deixa una mica de menjar i beure per als Reis i el seu seguici i tamb\u00e9 per al bestiar que els acompanya.<\/p>\n<ul>\n<li style=\"text-align: justify;\"><strong>6 de gener, dia de Reis.<\/strong><\/li>\n<\/ul>\n<p style=\"text-align: justify;\">\u00c9s el dia de la mainada per excel\u00b7l\u00e8ncia.\u00a0Sovint, neguitosos, es lleven molt d\u2019hora per descobrir qu\u00e8 \u00e9s el que els han deixat. Durant el dia es va peregrinant a les cases dels parents (avis, oncles, padrins&#8230;) a recollir altres obsequis que tamb\u00e9 els han deixat.\u00a0El dinar de Reis ja \u00e9s l\u2019\u00faltim d\u2019aquestes dates. \u00c9s tradicional el t\u00edpic tortell de Reis, fet de massap\u00e0, on hi ha una fava i un rei amagats i, al mig, una corona daurada. Qui trobi la fava haur\u00e0 de pagar el tortell i qui trobi el rei \u00e9s qui portar\u00e0 la corona.<\/p>\n<div class=\"column\" style=\"text-align: right;\"><sub>\u00a0(Informaci\u00f3 extreta de:\u00a0http:\/\/www.diba.cat\/documents\/189253\/33202506\/Agenda_LES-TRADICIONS-DE-NADAL-A-CATALUNYA.PDF\/3c811dfb-d3ba-43a6-a5da-84a133c3b6c0)<\/sub><\/div>\n<div class=\"column\"><\/div>\n<p style=\"text-align: justify;\">\n<p style=\"text-align: justify;\">Finalment, aprofitem per deixar-vos un enlla\u00e7 on podreu trobar m\u00e9s informaci\u00f3 sobre les tradicions catalanes al llarg dels dies que dura el\u00a0Nadal aix\u00ed com una foto que us far\u00e0 d&#8217;enlla\u00e7 per poder accedir directament a l&#8217;\u00e0lbum de fotografies que enguany hem fet a l&#8217;escola.<\/p>\n<\/div>\n<\/div>\n<\/div>\n<\/div>\n<\/div>\n<\/div>\n<\/div>\n<\/div>\n<\/div>\n<\/div>\n<p style=\"text-align: center;\"><a href=\"http:\/\/blocs.xtec.cat\/sakamte\/files\/2008\/11\/nadal.pdf\" target=\"_blank\" rel=\"noopener noreferrer\">NADAL<\/a><\/p>\n<p style=\"text-align: center;\"><a href=\"https:\/\/photos.app.goo.gl\/0L286GUu7m2vADtB3\" target=\"_blank\" rel=\"noopener noreferrer\"><img loading=\"lazy\" decoding=\"async\" class=\"aligncenter wp-image-1605 size-medium\" src=\"http:\/\/agora.xtec.cat\/ceipalfonsi\/wp-content\/uploads\/usu1033\/2017\/12\/IMG-20171223-WA0110-300x168.jpg\" alt=\"\" width=\"300\" height=\"168\" srcset=\"https:\/\/agora.xtec.cat\/ceipalfonsi\/wp-content\/uploads\/usu1033\/2017\/12\/IMG-20171223-WA0110-300x168.jpg 300w, https:\/\/agora.xtec.cat\/ceipalfonsi\/wp-content\/uploads\/usu1033\/2017\/12\/IMG-20171223-WA0110-768x431.jpg 768w, https:\/\/agora.xtec.cat\/ceipalfonsi\/wp-content\/uploads\/usu1033\/2017\/12\/IMG-20171223-WA0110-1024x575.jpg 1024w, https:\/\/agora.xtec.cat\/ceipalfonsi\/wp-content\/uploads\/usu1033\/2017\/12\/IMG-20171223-WA0110.jpg 1600w\" sizes=\"auto, (max-width: 300px) 100vw, 300px\" \/><\/a><\/p>\n","protected":false},"excerpt":{"rendered":"<p>Nadal, en el m\u00f3n occidental, \u00e9s una festa d\u2019origen religi\u00f3s que se celebra el 25 de desembre i commemora el naixement de Jesucrist. L\u2019origen d\u2019aquesta\u00a0celebraci\u00f3, per\u00f2, prov\u00e9 del m\u00f3n pag\u00e0, ja que coincideix amb el solstici d\u2019hivern en qu\u00e8 el dia comen\u00e7a a allargar-se de nou. Cada pa\u00eds t\u00e9 les seves pr\u00f2pies tradicions que de [&hellip;]<\/p>\n","protected":false},"author":1,"featured_media":0,"parent":527,"menu_order":40,"comment_status":"closed","ping_status":"closed","template":"page-templates\/side-menu.php","meta":{"_bbp_topic_count":0,"_bbp_reply_count":0,"_bbp_total_topic_count":0,"_bbp_total_reply_count":0,"_bbp_voice_count":0,"_bbp_anonymous_reply_count":0,"_bbp_topic_count_hidden":0,"_bbp_reply_count_hidden":0,"_bbp_forum_subforum_count":0,"site-sidebar-layout":"default","site-content-layout":"","ast-site-content-layout":"","site-content-style":"default","site-sidebar-style":"default","ast-global-header-display":"","ast-banner-title-visibility":"","ast-main-header-display":"","ast-hfb-above-header-display":"","ast-hfb-below-header-display":"","ast-hfb-mobile-header-display":"","site-post-title":"","ast-breadcrumbs-content":"","ast-featured-img":"","footer-sml-layout":"","theme-transparent-header-meta":"","adv-header-id-meta":"","stick-header-meta":"","header-above-stick-meta":"","header-main-stick-meta":"","header-below-stick-meta":"","astra-migrate-meta-layouts":"default","ast-page-background-enabled":"default","ast-page-background-meta":{"desktop":{"background-color":"var(--ast-global-color-4)","background-image":"","background-repeat":"repeat","background-position":"center center","background-size":"auto","background-attachment":"scroll","background-type":"","background-media":"","overlay-type":"","overlay-color":"","overlay-opacity":"","overlay-gradient":""},"tablet":{"background-color":"","background-image":"","background-repeat":"repeat","background-position":"center center","background-size":"auto","background-attachment":"scroll","background-type":"","background-media":"","overlay-type":"","overlay-color":"","overlay-opacity":"","overlay-gradient":""},"mobile":{"background-color":"","background-image":"","background-repeat":"repeat","background-position":"center center","background-size":"auto","background-attachment":"scroll","background-type":"","background-media":"","overlay-type":"","overlay-color":"","overlay-opacity":"","overlay-gradient":""}},"ast-content-background-meta":{"desktop":{"background-color":"var(--ast-global-color-5)","background-image":"","background-repeat":"repeat","background-position":"center center","background-size":"auto","background-attachment":"scroll","background-type":"","background-media":"","overlay-type":"","overlay-color":"","overlay-opacity":"","overlay-gradient":""},"tablet":{"background-color":"var(--ast-global-color-5)","background-image":"","background-repeat":"repeat","background-position":"center center","background-size":"auto","background-attachment":"scroll","background-type":"","background-media":"","overlay-type":"","overlay-color":"","overlay-opacity":"","overlay-gradient":""},"mobile":{"background-color":"var(--ast-global-color-5)","background-image":"","background-repeat":"repeat","background-position":"center center","background-size":"auto","background-attachment":"scroll","background-type":"","background-media":"","overlay-type":"","overlay-color":"","overlay-opacity":"","overlay-gradient":""}},"footnotes":""},"class_list":["post-539","page","type-page","status-publish","hentry"],"post_mailing_queue_ids":[],"_links":{"self":[{"href":"https:\/\/agora.xtec.cat\/ceipalfonsi\/wp-json\/wp\/v2\/pages\/539","targetHints":{"allow":["GET"]}}],"collection":[{"href":"https:\/\/agora.xtec.cat\/ceipalfonsi\/wp-json\/wp\/v2\/pages"}],"about":[{"href":"https:\/\/agora.xtec.cat\/ceipalfonsi\/wp-json\/wp\/v2\/types\/page"}],"author":[{"embeddable":true,"href":"https:\/\/agora.xtec.cat\/ceipalfonsi\/wp-json\/wp\/v2\/users\/1"}],"replies":[{"embeddable":true,"href":"https:\/\/agora.xtec.cat\/ceipalfonsi\/wp-json\/wp\/v2\/comments?post=539"}],"version-history":[{"count":4,"href":"https:\/\/agora.xtec.cat\/ceipalfonsi\/wp-json\/wp\/v2\/pages\/539\/revisions"}],"predecessor-version":[{"id":1650,"href":"https:\/\/agora.xtec.cat\/ceipalfonsi\/wp-json\/wp\/v2\/pages\/539\/revisions\/1650"}],"up":[{"embeddable":true,"href":"https:\/\/agora.xtec.cat\/ceipalfonsi\/wp-json\/wp\/v2\/pages\/527"}],"wp:attachment":[{"href":"https:\/\/agora.xtec.cat\/ceipalfonsi\/wp-json\/wp\/v2\/media?parent=539"}],"curies":[{"name":"wp","href":"https:\/\/api.w.org\/{rel}","templated":true}]}}