{"id":64,"date":"2014-09-18T12:39:08","date_gmt":"2014-09-18T11:39:08","guid":{"rendered":"http:\/\/agora.xtec.cat\/ceipalexandregali\/?page_id=64"},"modified":"2018-09-19T13:25:20","modified_gmt":"2018-09-19T11:25:20","slug":"projectes","status":"publish","type":"page","link":"https:\/\/agora.xtec.cat\/ceipalexandregali\/projectes\/","title":{"rendered":"Projectes"},"content":{"rendered":"<p>Els Projectes responen a la\u00a0<strong>necessitat de saber i a l\u2019inter\u00e8s per\u00a0aprendre<\/strong>. No \u00e9s tan important el que s\u2019apr\u00e8n (producte) com el cam\u00ed que es fa (proc\u00e9s): fer-se preguntes, tenir curiositat, discriminar entre all\u00f2 que s\u00e9 i all\u00f2 que m\u2019agradaria aprendre, buscar informaci\u00f3 de manera aut\u00f2noma o amb l\u2019ajut dels adults (pare, mare, mestres\u2026), sintetitzar-la i comunicar-la, relacionar-la amb altres aprenentatges o amb viv\u00e8ncies anteriors.<\/p>\n<p>Els\u00a0projectes\u00a0impliquen una manera de fer que\u00a0<strong>afavoreix la iniciativa i l\u2019autonomia<\/strong>\u00a0en el treball.<\/p>\n<p>A l\u2019escola duem a terme diferents projectes:<\/p>\n<ul>\n<li>Padrins lectors.<\/li>\n<li>Experiments.<\/li>\n<li>Hort.<\/li>\n<li>Bibliopati.<\/li>\n<li>Teatre a Ed. Infantil i Cicle Mitj\u00e0.<\/li>\n<li>Cooperativa escolar a 5\u00e8.<\/li>\n<li>Cant\u00e0nia.<\/li>\n<li>50\u00e8\u00a0 Aniversari de l&#8217;escola.<\/li>\n<li>Ens iniciem a la Rob\u00f2tica.<\/li>\n<li>Projecte de la fruita i la llet.<\/li>\n<li>Educaci\u00f3 en valors.<\/li>\n<li>Recordem aquests projectes.<\/li>\n<\/ul>\n","protected":false},"excerpt":{"rendered":"<p>Els Projectes responen a la\u00a0necessitat de saber i a l\u2019inter\u00e8s per\u00a0aprendre. No \u00e9s tan important el que s\u2019apr\u00e8n (producte) com el cam\u00ed que es fa (proc\u00e9s): fer-se preguntes, tenir curiositat, discriminar entre all\u00f2 que s\u00e9 i all\u00f2 que m\u2019agradaria aprendre, buscar informaci\u00f3 de manera aut\u00f2noma&hellip;  <a href=\"https:\/\/agora.xtec.cat\/ceipalexandregali\/projectes\/\" title=\"Read Projectes\">Llegeix m\u00e9s\u00bb<\/a><\/p>\n","protected":false},"author":1,"featured_media":0,"parent":0,"menu_order":0,"comment_status":"closed","ping_status":"closed","template":"page-templates\/side-menu.php","meta":{"_bbp_topic_count":0,"_bbp_reply_count":0,"_bbp_total_topic_count":0,"_bbp_total_reply_count":0,"_bbp_voice_count":0,"_bbp_anonymous_reply_count":0,"_bbp_topic_count_hidden":0,"_bbp_reply_count_hidden":0,"_bbp_forum_subforum_count":0,"footnotes":""},"class_list":["post-64","page","type-page","status-publish","hentry"],"post_mailing_queue_ids":[],"_links":{"self":[{"href":"https:\/\/agora.xtec.cat\/ceipalexandregali\/wp-json\/wp\/v2\/pages\/64","targetHints":{"allow":["GET"]}}],"collection":[{"href":"https:\/\/agora.xtec.cat\/ceipalexandregali\/wp-json\/wp\/v2\/pages"}],"about":[{"href":"https:\/\/agora.xtec.cat\/ceipalexandregali\/wp-json\/wp\/v2\/types\/page"}],"author":[{"embeddable":true,"href":"https:\/\/agora.xtec.cat\/ceipalexandregali\/wp-json\/wp\/v2\/users\/1"}],"replies":[{"embeddable":true,"href":"https:\/\/agora.xtec.cat\/ceipalexandregali\/wp-json\/wp\/v2\/comments?post=64"}],"version-history":[{"count":3,"href":"https:\/\/agora.xtec.cat\/ceipalexandregali\/wp-json\/wp\/v2\/pages\/64\/revisions"}],"predecessor-version":[{"id":2581,"href":"https:\/\/agora.xtec.cat\/ceipalexandregali\/wp-json\/wp\/v2\/pages\/64\/revisions\/2581"}],"wp:attachment":[{"href":"https:\/\/agora.xtec.cat\/ceipalexandregali\/wp-json\/wp\/v2\/media?parent=64"}],"curies":[{"name":"wp","href":"https:\/\/api.w.org\/{rel}","templated":true}]}}