{"id":38,"date":"2014-09-18T12:34:08","date_gmt":"2014-09-18T11:34:08","guid":{"rendered":"http:\/\/agora.xtec.cat\/ceipalexandregali\/?page_id=38"},"modified":"2017-11-04T13:38:29","modified_gmt":"2017-11-04T12:38:29","slug":"salut","status":"publish","type":"page","link":"https:\/\/agora.xtec.cat\/ceipalexandregali\/lescola\/salut\/","title":{"rendered":"Salut"},"content":{"rendered":"<p style=\"text-align: left;\"><strong>MEDICAMENTS<\/strong>: L&#8217;escola no administrar\u00e0 cap medicament a l&#8217;alumnat sense autoritzaci\u00f3 dels pares i les instruccions per escrit del metge.Cal demanar el full d&#8217;autoritzaci\u00f3 al despatx o al tutor\/a.<\/p>\n<p style=\"text-align: left;\">Si l&#8217;alumne t\u00e9 alguna malaltia de tipus contagi\u00f3s ( conjuntivitis, varicel\u00b7la&#8230;) s&#8217;ha de comunicar immediatament a l&#8217;escola i l&#8217;alumne haur\u00e0 de quedar-se a casa fins que el metge justifiqui que no hi ha perill de contagi . Els polls tamb\u00e9 s&#8217;encomanen.<\/p>\n<p>&nbsp;<\/p>\n<p>&nbsp;<\/p>\n<p>&nbsp;<\/p>\n<p>&nbsp;<\/p>\n<p>&nbsp;<\/p>\n","protected":false},"excerpt":{"rendered":"<p>MEDICAMENTS: L&#8217;escola no administrar\u00e0 cap medicament a l&#8217;alumnat sense autoritzaci\u00f3 dels pares i les instruccions per escrit del metge.Cal demanar el full d&#8217;autoritzaci\u00f3 al despatx o al tutor\/a.<br \/>\nSi l&#8217;alumne t\u00e9 alguna malaltia de tipus contagi\u00f3s ( conjuntivitis, varicel\u00b7la&#8230;) s&#8217;ha de comunicar immediatament a l&#8217;escola i&hellip;  <a href=\"https:\/\/agora.xtec.cat\/ceipalexandregali\/lescola\/salut\/\" title=\"Read Salut\">Llegeix m\u00e9s\u00bb<\/a><\/p>\n","protected":false},"author":1,"featured_media":0,"parent":22,"menu_order":80,"comment_status":"closed","ping_status":"closed","template":"page-templates\/side-menu.php","meta":{"_bbp_topic_count":0,"_bbp_reply_count":0,"_bbp_total_topic_count":0,"_bbp_total_reply_count":0,"_bbp_voice_count":0,"_bbp_anonymous_reply_count":0,"_bbp_topic_count_hidden":0,"_bbp_reply_count_hidden":0,"_bbp_forum_subforum_count":0,"footnotes":""},"class_list":["post-38","page","type-page","status-publish","hentry"],"post_mailing_queue_ids":[],"_links":{"self":[{"href":"https:\/\/agora.xtec.cat\/ceipalexandregali\/wp-json\/wp\/v2\/pages\/38","targetHints":{"allow":["GET"]}}],"collection":[{"href":"https:\/\/agora.xtec.cat\/ceipalexandregali\/wp-json\/wp\/v2\/pages"}],"about":[{"href":"https:\/\/agora.xtec.cat\/ceipalexandregali\/wp-json\/wp\/v2\/types\/page"}],"author":[{"embeddable":true,"href":"https:\/\/agora.xtec.cat\/ceipalexandregali\/wp-json\/wp\/v2\/users\/1"}],"replies":[{"embeddable":true,"href":"https:\/\/agora.xtec.cat\/ceipalexandregali\/wp-json\/wp\/v2\/comments?post=38"}],"version-history":[{"count":4,"href":"https:\/\/agora.xtec.cat\/ceipalexandregali\/wp-json\/wp\/v2\/pages\/38\/revisions"}],"predecessor-version":[{"id":756,"href":"https:\/\/agora.xtec.cat\/ceipalexandregali\/wp-json\/wp\/v2\/pages\/38\/revisions\/756"}],"up":[{"embeddable":true,"href":"https:\/\/agora.xtec.cat\/ceipalexandregali\/wp-json\/wp\/v2\/pages\/22"}],"wp:attachment":[{"href":"https:\/\/agora.xtec.cat\/ceipalexandregali\/wp-json\/wp\/v2\/media?parent=38"}],"curies":[{"name":"wp","href":"https:\/\/api.w.org\/{rel}","templated":true}]}}