{"id":36,"date":"2014-09-18T12:33:11","date_gmt":"2014-09-18T11:33:11","guid":{"rendered":"http:\/\/agora.xtec.cat\/ceipalexandregali\/?page_id=36"},"modified":"2017-11-05T10:29:31","modified_gmt":"2017-11-05T09:29:31","slug":"material-escolar","status":"publish","type":"page","link":"https:\/\/agora.xtec.cat\/ceipalexandregali\/lescola\/material-escolar\/","title":{"rendered":"Funcionament del centre"},"content":{"rendered":"<h5><strong>MATERIAL ESCOLAR<\/strong>:<\/h5>\n<p>A l&#8217;escola el material \u00e9s socialitzat i a partir de 3r tamb\u00e9 ho s\u00f3n els llibres .<span style=\"font-family: inherit; font-size: 1em;\">La quota de material per aquest curs 2017-2018 \u00e9s de 68\u00a0 euros.<\/span><\/p>\n<h5><strong>ROBA<\/strong> :<\/h5>\n<p><strong>BATES<\/strong>: Els alumnes d&#8217;Ed Infantil i Cicle Inicial de Prim\u00e0ria han de portar bata sempre.<\/p>\n<p>Recordem que les bates han d&#8217;anar marcades amb el nom i amb una veta el\u00e0stica per penjar-les.<\/p>\n<p><strong>ROBA D&#8217;ABRIC<\/strong>: \u00c9s necessari que tota la roba vagi marcada amb el nom i una veta per penjar-la . Aix\u00ed s&#8217;evita que s&#8217;embruti i que es perdi.<\/p>\n<p><strong>XANDALL DE L&#8217;ESCOLA<\/strong>:el podeu comprar a l&#8217;AMPA.<\/p>\n<p><em>Recordeu que si us falta alguna pe\u00e7a de roba podeu demanar per buscar-la al lloc destinat als objectes perduts.<\/em><\/p>\n<p>Des de P3 a 6\u00e8 cada nen\/a cal que porti l&#8217;equip d&#8217;esport posat el dia que toqui Ed. F\u00edsica o Psicomotricitat.\u00a0 A partir de 1r , a m\u00e9s , caldr\u00e0 que porti dins d&#8217;una bossa: estris de neteja personal , una tovallola petita i una samarreta de recanvi.<\/p>\n<h5><strong>DIA DE LA FRUITA<\/strong>:<\/h5>\n<p>Projecte de continu\u00eftat dirigit a tot l&#8217;alumnat de l&#8217;escola. Amb la finalitat de promoure una alimentaci\u00f3 sana , us recordem que tots els dimecres portarem fruita per esmorzar.<\/p>\n","protected":false},"excerpt":{"rendered":"<p>MATERIAL ESCOLAR:<br \/>\nA l&#8217;escola el material \u00e9s socialitzat i a partir de 3r tamb\u00e9 ho s\u00f3n els llibres .La quota de material per aquest curs 2017-2018 \u00e9s de 68\u00a0 euros.<br \/>\nROBA :<br \/>\nBATES: Els alumnes d&#8217;Ed Infantil i Cicle Inicial de Prim\u00e0ria han de portar bata sempre.<br \/>\nRecordem que&hellip;  <a href=\"https:\/\/agora.xtec.cat\/ceipalexandregali\/lescola\/material-escolar\/\" title=\"Read Funcionament del centre\">Llegeix m\u00e9s\u00bb<\/a><\/p>\n","protected":false},"author":1,"featured_media":0,"parent":22,"menu_order":20,"comment_status":"closed","ping_status":"closed","template":"page-templates\/side-menu.php","meta":{"_bbp_topic_count":0,"_bbp_reply_count":0,"_bbp_total_topic_count":0,"_bbp_total_reply_count":0,"_bbp_voice_count":0,"_bbp_anonymous_reply_count":0,"_bbp_topic_count_hidden":0,"_bbp_reply_count_hidden":0,"_bbp_forum_subforum_count":0,"footnotes":""},"class_list":["post-36","page","type-page","status-publish","hentry"],"post_mailing_queue_ids":[],"_links":{"self":[{"href":"https:\/\/agora.xtec.cat\/ceipalexandregali\/wp-json\/wp\/v2\/pages\/36","targetHints":{"allow":["GET"]}}],"collection":[{"href":"https:\/\/agora.xtec.cat\/ceipalexandregali\/wp-json\/wp\/v2\/pages"}],"about":[{"href":"https:\/\/agora.xtec.cat\/ceipalexandregali\/wp-json\/wp\/v2\/types\/page"}],"author":[{"embeddable":true,"href":"https:\/\/agora.xtec.cat\/ceipalexandregali\/wp-json\/wp\/v2\/users\/1"}],"replies":[{"embeddable":true,"href":"https:\/\/agora.xtec.cat\/ceipalexandregali\/wp-json\/wp\/v2\/comments?post=36"}],"version-history":[{"count":3,"href":"https:\/\/agora.xtec.cat\/ceipalexandregali\/wp-json\/wp\/v2\/pages\/36\/revisions"}],"predecessor-version":[{"id":754,"href":"https:\/\/agora.xtec.cat\/ceipalexandregali\/wp-json\/wp\/v2\/pages\/36\/revisions\/754"}],"up":[{"embeddable":true,"href":"https:\/\/agora.xtec.cat\/ceipalexandregali\/wp-json\/wp\/v2\/pages\/22"}],"wp:attachment":[{"href":"https:\/\/agora.xtec.cat\/ceipalexandregali\/wp-json\/wp\/v2\/media?parent=36"}],"curies":[{"name":"wp","href":"https:\/\/api.w.org\/{rel}","templated":true}]}}