{"id":4231,"date":"2016-05-18T14:34:48","date_gmt":"2016-05-18T13:34:48","guid":{"rendered":"http:\/\/agora.xtec.cat\/ceipalbirka\/?page_id=4231"},"modified":"2016-05-19T11:32:32","modified_gmt":"2016-05-19T10:32:32","slug":"el-projecte","status":"publish","type":"page","link":"https:\/\/agora.xtec.cat\/ceipalbirka\/apadrinem-el-nostre-patrimoni-descobrim-vilars\/el-projecte\/","title":{"rendered":"Projecte"},"content":{"rendered":"<p>El projecte \u201cApadrinem \u201d neix a partir d&#8217;una proposta de participaci\u00f3 plantejada des del CRP de la zona .<\/p>\n<p>Aquesta proposta s&#8217;enmarca dins el projecte general\u00a0\u201cApadrinem el nostre patrimoni\u201d que el Departament d&#8217;Ensenyament, inicia aquest curs 2013-2014 amb un nombre limitats de centres i zones educatives. S\u2019inspira en experi\u00e8ncies pr\u00e8vies que s\u2019han desenvolupat en el nostre pa\u00eds i en altres pa\u00efsos per fomentar el coneixement dels elements patrimonials de l\u2019entorn amb una actitud participativa de la comunitat escolar.<\/p>\n<p>El projecte es basa en la idea de l\u2019apadrinament o adopci\u00f3 d\u2019un element patrimonial per part del centre educatiu, que comporta donar-li valor i aprofundir en el seu coneixement des del punt de vista hist\u00f2ric, art\u00edstic, cultural i, alhora, fer que aquest coneixement sigui socialment rellevant; \u00e9s a dir, arribi a la pr\u00f2pia comunitat i a l\u2019entorn de l\u2019escola.<\/p>\n<p><b>Objectius operatius:<\/b><\/p>\n<ol>\n<li><span style=\"font-weight: 400;\"> Situar el ge\u00f2top dels Vilars.<\/span><\/li>\n<li><span style=\"font-weight: 400;\"> Con\u00e8ixer les seves caracter\u00edstiques i els valors culturals i hist\u00f2rics.<\/span><\/li>\n<li><span style=\"font-weight: 400;\"> Concretar la seva repercussi\u00f3\/import\u00e0ncia en \u00a0el context social del municipi.<\/span><\/li>\n<li><span style=\"font-weight: 400;\"> Valorar aquest espai com a font d\u2019informaci\u00f3 sobre la hist\u00f2ria de la vila d\u2019Arbeca.<\/span><\/li>\n<li><span style=\"font-weight: 400;\"> Participar de forma cooperativa en la conservaci\u00f3 i difusi\u00f3 d\u2019aquest patrimoni hist\u00f2ric.<\/span><\/li>\n<li><span style=\"font-weight: 400;\"> Utilitzar estrat\u00e8gies de cerca i tractament de la informaci\u00f3.<\/span><\/li>\n<\/ol>\n<p><b>Estrat\u00e8gies:<\/b><\/p>\n<ol>\n<li>Utilitzaci\u00f3 del patrimoni hist\u00f2ric del poblat dels Vilars com a recurs did\u00e0ctic.<\/li>\n<li>\u00das del treball per projectes com a metodologia interdisciplinar i motivadora en la qual l\u2019alumne \u00e9s el protagonista del propi proc\u00e9s d\u2019aprenentatge.<\/li>\n<li><span style=\"font-family: inherit; font-size: 1em;\">\u00das de la metodologia de treball per projectes per a l\u2019assoliment de les compet\u00e8ncies b\u00e0siques.<\/span><\/li>\n<li><span style=\"font-family: inherit; font-size: 1em;\">Realitzaci\u00f3 d\u2019intercanvi de coneixements\/experi\u00e8ncies entre l\u2019alumnat de diferents cicles en relaci\u00f3 amb l\u2019element patrimonial.<\/span><\/li>\n<li>Projecci\u00f3 i difusi\u00f3 de l\u2019element apadrinat a l\u2019escola i la comunitat.<\/li>\n<\/ol>\n<p>&nbsp;<\/p>\n<p>El projecte planteja la realitzaci\u00f3 en general de tasques de recerca vinculades al curr\u00edculum escolar, l&#8217;entorn de l\u2019element apadrinat, aix\u00ed com tamb\u00e9 planteja la realitzaci\u00f3 de tasques relacionades amb la protecci\u00f3 i difusi\u00f3\u00a0d&#8217;aquest ric element patrimonial que \u00e9s.<\/p>\n","protected":false},"excerpt":{"rendered":"<p>El projecte \u201cApadrinem \u201d neix a partir d&#8217;una proposta de participaci\u00f3 plantejada des del CRP de la zona .<br \/>\nAquesta proposta s&#8217;enmarca dins el projecte general\u00a0\u201cApadrinem el nostre patrimoni\u201d que el Departament d&#8217;Ensenyament, inicia aquest curs 2013-2014 amb un nombre limitats de centres i zones educatives.&hellip;  <a href=\"https:\/\/agora.xtec.cat\/ceipalbirka\/apadrinem-el-nostre-patrimoni-descobrim-vilars\/el-projecte\/\" title=\"Read Projecte\">Llegeix m\u00e9s\u00bb<\/a><\/p>\n","protected":false},"author":4,"featured_media":0,"parent":4222,"menu_order":1,"comment_status":"closed","ping_status":"closed","template":"page-templates\/side-menu.php","meta":{"_bbp_topic_count":0,"_bbp_reply_count":0,"_bbp_total_topic_count":0,"_bbp_total_reply_count":0,"_bbp_voice_count":0,"_bbp_anonymous_reply_count":0,"_bbp_topic_count_hidden":0,"_bbp_reply_count_hidden":0,"_bbp_forum_subforum_count":0,"footnotes":""},"class_list":["post-4231","page","type-page","status-publish","hentry"],"post_mailing_queue_ids":[],"_links":{"self":[{"href":"https:\/\/agora.xtec.cat\/ceipalbirka\/wp-json\/wp\/v2\/pages\/4231","targetHints":{"allow":["GET"]}}],"collection":[{"href":"https:\/\/agora.xtec.cat\/ceipalbirka\/wp-json\/wp\/v2\/pages"}],"about":[{"href":"https:\/\/agora.xtec.cat\/ceipalbirka\/wp-json\/wp\/v2\/types\/page"}],"author":[{"embeddable":true,"href":"https:\/\/agora.xtec.cat\/ceipalbirka\/wp-json\/wp\/v2\/users\/4"}],"replies":[{"embeddable":true,"href":"https:\/\/agora.xtec.cat\/ceipalbirka\/wp-json\/wp\/v2\/comments?post=4231"}],"version-history":[{"count":4,"href":"https:\/\/agora.xtec.cat\/ceipalbirka\/wp-json\/wp\/v2\/pages\/4231\/revisions"}],"predecessor-version":[{"id":4280,"href":"https:\/\/agora.xtec.cat\/ceipalbirka\/wp-json\/wp\/v2\/pages\/4231\/revisions\/4280"}],"up":[{"embeddable":true,"href":"https:\/\/agora.xtec.cat\/ceipalbirka\/wp-json\/wp\/v2\/pages\/4222"}],"wp:attachment":[{"href":"https:\/\/agora.xtec.cat\/ceipalbirka\/wp-json\/wp\/v2\/media?parent=4231"}],"curies":[{"name":"wp","href":"https:\/\/api.w.org\/{rel}","templated":true}]}}

<p>El projecte “Apadrinem ” neix a partir d&#8217;una proposta de participació plantejada des del CRP de la zona .</p>
<p>Aquesta proposta s&#8217;enmarca dins el projecte general “Apadrinem el nostre patrimoni” que el Departament d&#8217;Ensenyament, inicia aquest curs 2013-2014 amb un nombre limitats de centres i zones educatives. S’inspira en experiències prèvies que s’han desenvolupat en el nostre país i en altres països per fomentar el coneixement dels elements patrimonials de l’entorn amb una actitud participativa de la comunitat escolar.</p>
<p>El projecte es basa en la idea de l’apadrinament o adopció d’un element patrimonial per part del centre educatiu, que comporta donar-li valor i aprofundir en el seu coneixement des del punt de vista històric, artístic, cultural i, alhora, fer que aquest coneixement sigui socialment rellevant; és a dir, arribi a la pròpia comunitat i a l’entorn de l’escola.</p>
<p><b>Objectius operatius:</b></p>
<ol>
<li><span style="font-weight: 400;"> Situar el geòtop dels Vilars.</span></li>
<li><span style="font-weight: 400;"> Conèixer les seves característiques i els valors culturals i històrics.</span></li>
<li><span style="font-weight: 400;"> Concretar la seva repercussió/importància en  el context social del municipi.</span></li>
<li><span style="font-weight: 400;"> Valorar aquest espai com a font d’informació sobre la història de la vila d’Arbeca.</span></li>
<li><span style="font-weight: 400;"> Participar de forma cooperativa en la conservació i difusió d’aquest patrimoni històric.</span></li>
<li><span style="font-weight: 400;"> Utilitzar estratègies de cerca i tractament de la informació.</span></li>
</ol>
<p><b>Estratègies:</b></p>
<ol>
<li>Utilització del patrimoni històric del poblat dels Vilars com a recurs didàctic.</li>
<li>Ús del treball per projectes com a metodologia interdisciplinar i motivadora en la qual l’alumne és el protagonista del propi procés d’aprenentatge.</li>
<li><span style="font-family: inherit; font-size: 1em;">Ús de la metodologia de treball per projectes per a l’assoliment de les competències bàsiques.</span></li>
<li><span style="font-family: inherit; font-size: 1em;">Realització d’intercanvi de coneixements/experiències entre l’alumnat de diferents cicles en relació amb l’element patrimonial.</span></li>
<li>Projecció i difusió de l’element apadrinat a l’escola i la comunitat.</li>
</ol>
<p>&nbsp;</p>
<p>El projecte planteja la realització en general de tasques de recerca vinculades al currículum escolar, l&#8217;entorn de l’element apadrinat, així com també planteja la realització de tasques relacionades amb la protecció i difusió d&#8217;aquest ric element patrimonial que és.</p>

<p>El projecte “Apadrinem ” neix a partir d&#8217;una proposta de participació plantejada des del CRP de la zona .<br />
Aquesta proposta s&#8217;enmarca dins el projecte general “Apadrinem el nostre patrimoni” que el Departament d&#8217;Ensenyament, inicia aquest curs 2013-2014 amb un nombre limitats de centres i zones educatives.&hellip;  <a href="https://agora.xtec.cat/ceipalbirka/apadrinem-el-nostre-patrimoni-descobrim-vilars/el-projecte/" title="Read Projecte">Llegeix més»</a></p>
