{"id":4222,"date":"2016-05-18T14:33:50","date_gmt":"2016-05-18T13:33:50","guid":{"rendered":"http:\/\/agora.xtec.cat\/ceipalbirka\/?page_id=4222"},"modified":"2016-05-18T15:43:20","modified_gmt":"2016-05-18T14:43:20","slug":"apadrinem-el-nostre-patrimoni-descobrim-vilars","status":"publish","type":"page","link":"https:\/\/agora.xtec.cat\/ceipalbirka\/apadrinem-el-nostre-patrimoni-descobrim-vilars\/","title":{"rendered":"Apadrinem el nostre patrimoni: Descobrim Vilars"},"content":{"rendered":"<p>La fortalesa va ser aixecada a la plana, menyspreant els tossals de m\u00e9s f\u00e0cil defensa, sobre el barranc d\u2019Aixaragall, controlant l\u2019aigua i les terres al\u00b7luvials. Des d\u2019un primer moment la fortalesa va ser concebuda en els seus trets urban\u00edstics i defensius b\u00e0sics. Una muralla de cinc metres d\u2019amplada, una dotzena de torres, una barrera de pedres clavades (chevaux-de-frise) i un fossat la feien pr\u00e0cticament inexpugnable.<\/p>\n<figure class=\"figure wp-caption aligncenter\"><img loading=\"lazy\" decoding=\"async\" class=\"wp-image-4225 size-full\" src=\"http:\/\/agora.xtec.cat\/ceipalbirka\/wp-content\/uploads\/usu298\/2016\/05\/big_acpc2_p14_editora_2_58_2.jpg\" alt=\"\" width=\"535\" height=\"301\" \/><figcaption class=\"wp-caption-text\">Font: Som Garrigues<\/figcaption><\/figure>\n<p>A l\u2019est s\u2019obria un acc\u00e9s en una torre-porta quadrangular, amb un estret passad\u00eds pavimentat i una porta d\u2019un \u00fanic batent, mentre a l\u2019oest ho feia una poterna. La fortalesa protegia els seus habitants, segurament entre 175 i 200, era una expressi\u00f3 de poder davant les comunitats del territori circumdant i, molt possiblement, la resid\u00e8ncia d\u2019un cabdill o pr\u00edncep.<\/p>\n<p>L\u2019urbanisme interior s\u2019organitzava radialment al voltant d\u2019una pla\u00e7a presidida per una gran cisterna. Les cases es recolzaven a la muralla i obrien les seves portes a un carrer empedrat paral\u00b7lel a aquesta del qual surten radial vies radials vers la pla\u00e7a i les portes d\u2019acc\u00e9s al recinte. Durant els segles seg\u00fcents es va anul\u00b7lar la poterna de l\u2019oest, s\u2019obr\u00ed una porta protegida per torres al nord i s\u2019implant\u00e0 una nova xarxa vi\u00e0ria. Les cases eren cada cop m\u00e9s complexes i espaioses.<\/p>\n<p>El recinte no va ser destru\u00eft, sin\u00f3 simplement desallotjat. Una cosa sembla segura: l\u2019espai interior era molt redu\u00eft, la muralla, el fossat i les defenses, que havien estat la ra\u00f3 d\u2019\u00e9sser de l\u2019assentament, segles m\u00e9s tard esdevingueren un obstacle per al seu creixement.<\/p>\n<figure class=\"figure wp-caption alignright\"><img loading=\"lazy\" decoding=\"async\" class=\"wp-image-4227 size-medium\" src=\"http:\/\/agora.xtec.cat\/ceipalbirka\/wp-content\/uploads\/usu298\/2016\/05\/vilarsarbeca-300x213.jpg\" alt=\"vilarsarbeca\" width=\"300\" height=\"213\" \/><figcaption class=\"wp-caption-text\">Font: La Vanguardia<\/figcaption><\/figure>\n<p>Des de 1985, amb el patrocini del Servei d\u2019Arqueologia de Catalunya, la Diputaci\u00f3 de Lleida i l\u2019Ajuntament d\u2019Arbeca, la Universitat de Lleida excava aquest conjunt arqueol\u00f2gic excepcional. L\u2019any 1998 va ser declarat B\u00e9 Cultural d\u2019Inter\u00e8s Nacional, la categoria de Zona Arqueol\u00f2gica, per la Generalitat de Catalunya.<\/p>\n<p>&nbsp;<\/p>\n<p><em>Font: Ajuntament d&#8217;Arbeca<\/em><\/p>\n","protected":false},"excerpt":{"rendered":"<p>La fortalesa va ser aixecada a la plana, menyspreant els tossals de m\u00e9s f\u00e0cil defensa, sobre el barranc d\u2019Aixaragall, controlant l\u2019aigua i les terres al\u00b7luvials. Des d\u2019un primer moment la fortalesa va ser concebuda en els seus trets urban\u00edstics i defensius b\u00e0sics. Una muralla de&hellip;  <a href=\"https:\/\/agora.xtec.cat\/ceipalbirka\/apadrinem-el-nostre-patrimoni-descobrim-vilars\/\" title=\"Read Apadrinem el nostre patrimoni: Descobrim Vilars\">Llegeix m\u00e9s\u00bb<\/a><\/p>\n","protected":false},"author":4,"featured_media":0,"parent":0,"menu_order":0,"comment_status":"closed","ping_status":"closed","template":"page-templates\/side-menu.php","meta":{"_bbp_topic_count":0,"_bbp_reply_count":0,"_bbp_total_topic_count":0,"_bbp_total_reply_count":0,"_bbp_voice_count":0,"_bbp_anonymous_reply_count":0,"_bbp_topic_count_hidden":0,"_bbp_reply_count_hidden":0,"_bbp_forum_subforum_count":0,"footnotes":""},"class_list":["post-4222","page","type-page","status-publish","hentry"],"post_mailing_queue_ids":[],"_links":{"self":[{"href":"https:\/\/agora.xtec.cat\/ceipalbirka\/wp-json\/wp\/v2\/pages\/4222","targetHints":{"allow":["GET"]}}],"collection":[{"href":"https:\/\/agora.xtec.cat\/ceipalbirka\/wp-json\/wp\/v2\/pages"}],"about":[{"href":"https:\/\/agora.xtec.cat\/ceipalbirka\/wp-json\/wp\/v2\/types\/page"}],"author":[{"embeddable":true,"href":"https:\/\/agora.xtec.cat\/ceipalbirka\/wp-json\/wp\/v2\/users\/4"}],"replies":[{"embeddable":true,"href":"https:\/\/agora.xtec.cat\/ceipalbirka\/wp-json\/wp\/v2\/comments?post=4222"}],"version-history":[{"count":3,"href":"https:\/\/agora.xtec.cat\/ceipalbirka\/wp-json\/wp\/v2\/pages\/4222\/revisions"}],"predecessor-version":[{"id":4238,"href":"https:\/\/agora.xtec.cat\/ceipalbirka\/wp-json\/wp\/v2\/pages\/4222\/revisions\/4238"}],"wp:attachment":[{"href":"https:\/\/agora.xtec.cat\/ceipalbirka\/wp-json\/wp\/v2\/media?parent=4222"}],"curies":[{"name":"wp","href":"https:\/\/api.w.org\/{rel}","templated":true}]}}

<p>La fortalesa va ser aixecada a la plana, menyspreant els tossals de més fàcil defensa, sobre el barranc d’Aixaragall, controlant l’aigua i les terres al·luvials. Des d’un primer moment la fortalesa va ser concebuda en els seus trets urbanístics i defensius bàsics. Una muralla de cinc metres d’amplada, una dotzena de torres, una barrera de pedres clavades (chevaux-de-frise) i un fossat la feien pràcticament inexpugnable.</p>
<figure class="figure wp-caption aligncenter"><img loading="lazy" decoding="async" class="wp-image-4225 size-full" src="http://agora.xtec.cat/ceipalbirka/wp-content/uploads/usu298/2016/05/big_acpc2_p14_editora_2_58_2.jpg" alt="" width="535" height="301" /><figcaption class="wp-caption-text">Font: Som Garrigues</figcaption></figure>
<p>A l’est s’obria un accés en una torre-porta quadrangular, amb un estret passadís pavimentat i una porta d’un únic batent, mentre a l’oest ho feia una poterna. La fortalesa protegia els seus habitants, segurament entre 175 i 200, era una expressió de poder davant les comunitats del territori circumdant i, molt possiblement, la residència d’un cabdill o príncep.</p>
<p>L’urbanisme interior s’organitzava radialment al voltant d’una plaça presidida per una gran cisterna. Les cases es recolzaven a la muralla i obrien les seves portes a un carrer empedrat paral·lel a aquesta del qual surten radial vies radials vers la plaça i les portes d’accés al recinte. Durant els segles següents es va anul·lar la poterna de l’oest, s’obrí una porta protegida per torres al nord i s’implantà una nova xarxa viària. Les cases eren cada cop més complexes i espaioses.</p>
<p>El recinte no va ser destruït, sinó simplement desallotjat. Una cosa sembla segura: l’espai interior era molt reduït, la muralla, el fossat i les defenses, que havien estat la raó d’ésser de l’assentament, segles més tard esdevingueren un obstacle per al seu creixement.</p>
<figure class="figure wp-caption alignright"><img loading="lazy" decoding="async" class="wp-image-4227 size-medium" src="http://agora.xtec.cat/ceipalbirka/wp-content/uploads/usu298/2016/05/vilarsarbeca-300x213.jpg" alt="vilarsarbeca" width="300" height="213" /><figcaption class="wp-caption-text">Font: La Vanguardia</figcaption></figure>
<p>Des de 1985, amb el patrocini del Servei d’Arqueologia de Catalunya, la Diputació de Lleida i l’Ajuntament d’Arbeca, la Universitat de Lleida excava aquest conjunt arqueològic excepcional. L’any 1998 va ser declarat Bé Cultural d’Interès Nacional, la categoria de Zona Arqueològica, per la Generalitat de Catalunya.</p>
<p>&nbsp;</p>
<p><em>Font: Ajuntament d&#8217;Arbeca</em></p>

<p>La fortalesa va ser aixecada a la plana, menyspreant els tossals de més fàcil defensa, sobre el barranc d’Aixaragall, controlant l’aigua i les terres al·luvials. Des d’un primer moment la fortalesa va ser concebuda en els seus trets urbanístics i defensius bàsics. Una muralla de&hellip;  <a href="https://agora.xtec.cat/ceipalbirka/apadrinem-el-nostre-patrimoni-descobrim-vilars/" title="Read Apadrinem el nostre patrimoni: Descobrim Vilars">Llegeix més»</a></p>
