{"id":26,"date":"2014-09-18T12:24:32","date_gmt":"2014-09-18T12:24:32","guid":{"rendered":"http:\/\/agora.xtec.cat\/ceipalbirka\/?page_id=26"},"modified":"2015-07-11T15:46:25","modified_gmt":"2015-07-11T14:46:25","slug":"historia","status":"publish","type":"page","link":"https:\/\/agora.xtec.cat\/ceipalbirka\/lescola\/historia\/","title":{"rendered":"Hist\u00f2ria"},"content":{"rendered":"<p style=\"text-align: justify;\">\u00a0La Vila d&#8217;Arbeca es troba situada a una altitud de 332 metres sobre el nivell del mar. Pertany a la comarca de les\u00a0<a title=\"http:\/\/www.ccgarrigues.com\/\" href=\"http:\/\/www.ccgarrigues.com\/\">Garrigues<\/a>, limitant amb l&#8217;Urgell i Pla d&#8217;Urgell. El Canal d&#8217;Urgell d\u00f3na el tomb al peu de la vila i divideix el seu terme municipal en la zona de rec i la de sec\u00e0.<\/p>\n<p style=\"text-align: center;\"><a href=\"http:\/\/agora.xtec.cat\/ceipalbirka\/wp-content\/uploads\/usu298\/2014\/09\/foto4.jpg\"><img loading=\"lazy\" decoding=\"async\" class=\"alignnone size-thumbnail wp-image-3788\" src=\"http:\/\/agora.xtec.cat\/ceipalbirka\/wp-content\/uploads\/usu298\/2014\/09\/foto4-139x150.jpg\" alt=\"foto4\" width=\"139\" height=\"150\" \/><\/a><\/p>\n<div style=\"text-align: justify;\">\n<div><\/div>\n<p>L&#8217;arbre m\u00edtic del nostre sec\u00e0 garriguenc, \u00e9s l&#8217;olivera, que aprofundeix la seva arrel en el temps en qu\u00e8 els Ducs de Medinaceli, senyors del Castell, cuidaren de fer portar soques de l&#8217;Orient per plantar-les en les nostres contrades, originant la varietat d&#8217;olivera ARBEQUINA, que \u00e9s la que d\u00f3na el fruit per elaborar l&#8217;oli de millor qualitat.<\/p>\n<\/div>\n<p style=\"text-align: justify;\">A la poblaci\u00f3, a m\u00e9s de la nostra escola, hi ha una guarderia municipal (llar d&#8217;infants), una bibliotecamunicipal, una llar de jubilats, places i zones de joc, unes pistes d&#8217;atletisme, piscines municipals, assist\u00e8ncia m\u00e8dica&#8230;<\/p>\n<p style=\"text-align: justify;\">Si comencem a descobrir la poblaci\u00f3 per la part alta, ens trobem amb els vestigis del castell i el seu entorn fortificat. Les restes que en queden han estat rescatades i dignificades durant aquests \u00faltims anys. El seu entorn s&#8217;ha cobert de vegetaci\u00f3 i els accessos cap al cim s&#8217;han pavimentat i il\u00b7luminat degudament. Al bell mig d&#8217;aquest recinte hist\u00f2ric art\u00edstic s&#8217;hi constru\u00ed l\u2019Escola P\u00fablica\u00a0&#8220;Albirka&#8221;\u00a0i les instal\u00b7lacions esportives escolars.<\/p>\n","protected":false},"excerpt":{"rendered":"<p>\u00a0La Vila d&#8217;Arbeca es troba situada a una altitud de 332 metres sobre el nivell del mar. Pertany a la comarca de les\u00a0<a title=\"http:\/\/www.ccgarrigues.com\/\" href=\"http:\/\/www.ccgarrigues.com\/\">Garrigues<\/a>, limitant amb l&#8217;Urgell i Pla d&#8217;Urgell. El Canal d&#8217;Urgell d\u00f3na el tomb al peu de la vila i divideix el&hellip;  <a href=\"https:\/\/agora.xtec.cat\/ceipalbirka\/lescola\/historia\/\" title=\"Read Hist\u00f2ria\">Llegeix m\u00e9s\u00bb<\/a><\/p>\n","protected":false},"author":2,"featured_media":0,"parent":22,"menu_order":20,"comment_status":"closed","ping_status":"closed","template":"page-templates\/side-menu.php","meta":{"_bbp_topic_count":0,"_bbp_reply_count":0,"_bbp_total_topic_count":0,"_bbp_total_reply_count":0,"_bbp_voice_count":0,"_bbp_anonymous_reply_count":0,"_bbp_topic_count_hidden":0,"_bbp_reply_count_hidden":0,"_bbp_forum_subforum_count":0,"footnotes":""},"class_list":["post-26","page","type-page","status-publish","hentry"],"post_mailing_queue_ids":[],"_links":{"self":[{"href":"https:\/\/agora.xtec.cat\/ceipalbirka\/wp-json\/wp\/v2\/pages\/26","targetHints":{"allow":["GET"]}}],"collection":[{"href":"https:\/\/agora.xtec.cat\/ceipalbirka\/wp-json\/wp\/v2\/pages"}],"about":[{"href":"https:\/\/agora.xtec.cat\/ceipalbirka\/wp-json\/wp\/v2\/types\/page"}],"author":[{"embeddable":true,"href":"https:\/\/agora.xtec.cat\/ceipalbirka\/wp-json\/wp\/v2\/users\/2"}],"replies":[{"embeddable":true,"href":"https:\/\/agora.xtec.cat\/ceipalbirka\/wp-json\/wp\/v2\/comments?post=26"}],"version-history":[{"count":3,"href":"https:\/\/agora.xtec.cat\/ceipalbirka\/wp-json\/wp\/v2\/pages\/26\/revisions"}],"predecessor-version":[{"id":3789,"href":"https:\/\/agora.xtec.cat\/ceipalbirka\/wp-json\/wp\/v2\/pages\/26\/revisions\/3789"}],"up":[{"embeddable":true,"href":"https:\/\/agora.xtec.cat\/ceipalbirka\/wp-json\/wp\/v2\/pages\/22"}],"wp:attachment":[{"href":"https:\/\/agora.xtec.cat\/ceipalbirka\/wp-json\/wp\/v2\/media?parent=26"}],"curies":[{"name":"wp","href":"https:\/\/api.w.org\/{rel}","templated":true}]}}

Història

<p style="text-align: justify;"> La Vila d&#8217;Arbeca es troba situada a una altitud de 332 metres sobre el nivell del mar. Pertany a la comarca de les <a title="http://www.ccgarrigues.com/" href="http://www.ccgarrigues.com/">Garrigues</a>, limitant amb l&#8217;Urgell i Pla d&#8217;Urgell. El Canal d&#8217;Urgell dóna el tomb al peu de la vila i divideix el seu terme municipal en la zona de rec i la de secà.</p>
<p style="text-align: center;"><a href="http://agora.xtec.cat/ceipalbirka/wp-content/uploads/usu298/2014/09/foto4.jpg"><img loading="lazy" decoding="async" class="alignnone size-thumbnail wp-image-3788" src="http://agora.xtec.cat/ceipalbirka/wp-content/uploads/usu298/2014/09/foto4-139x150.jpg" alt="foto4" width="139" height="150" /></a></p>
<div style="text-align: justify;">
<div></div>
<p>L&#8217;arbre mític del nostre secà garriguenc, és l&#8217;olivera, que aprofundeix la seva arrel en el temps en què els Ducs de Medinaceli, senyors del Castell, cuidaren de fer portar soques de l&#8217;Orient per plantar-les en les nostres contrades, originant la varietat d&#8217;olivera ARBEQUINA, que és la que dóna el fruit per elaborar l&#8217;oli de millor qualitat.</p>
</div>
<p style="text-align: justify;">A la població, a més de la nostra escola, hi ha una guarderia municipal (llar d&#8217;infants), una bibliotecamunicipal, una llar de jubilats, places i zones de joc, unes pistes d&#8217;atletisme, piscines municipals, assistència mèdica&#8230;</p>
<p style="text-align: justify;">Si comencem a descobrir la població per la part alta, ens trobem amb els vestigis del castell i el seu entorn fortificat. Les restes que en queden han estat rescatades i dignificades durant aquests últims anys. El seu entorn s&#8217;ha cobert de vegetació i els accessos cap al cim s&#8217;han pavimentat i il·luminat degudament. Al bell mig d&#8217;aquest recinte històric artístic s&#8217;hi construí l’Escola Pública &#8220;Albirka&#8221; i les instal·lacions esportives escolars.</p>

<p> La Vila d&#8217;Arbeca es troba situada a una altitud de 332 metres sobre el nivell del mar. Pertany a la comarca de les <a title="http://www.ccgarrigues.com/" href="http://www.ccgarrigues.com/">Garrigues</a>, limitant amb l&#8217;Urgell i Pla d&#8217;Urgell. El Canal d&#8217;Urgell dóna el tomb al peu de la vila i divideix el&hellip;  <a href="https://agora.xtec.cat/ceipalbirka/lescola/historia/" title="Read Història">Llegeix més»</a></p>
