{"id":230,"date":"2015-05-27T19:47:02","date_gmt":"2015-05-27T18:47:02","guid":{"rendered":"http:\/\/agora.xtec.cat\/ceipalbirka\/?page_id=230"},"modified":"2024-02-21T11:00:41","modified_gmt":"2024-02-21T10:00:41","slug":"beques-i-ajuts","status":"publish","type":"page","link":"https:\/\/agora.xtec.cat\/ceipalbirka\/secretaria\/beques-i-ajuts\/","title":{"rendered":"Beques i ajuts"},"content":{"rendered":"<p><strong>AJUTS PER A ALUMNES AMB NECESSITATS ESPECIFIQUES DE SUPORT EDUCATIU<\/strong><\/p>\n<p><a href=\"http:\/\/web.gencat.cat\/ca\/tramits\/tramits-temes\/Ajuts-per-a-alumnes-amb-necessitat-especifica-de-suport-educatiu?category=7449fd1c-a82c-11e3-a972-000c29052e2c\" target=\"_blank\" rel=\"noopener\">Ajuts per a alumnes amb necessitat espec\u00edfiques de suport educatiu.<\/a><\/p>\n<p>&nbsp;<\/p>\n<p><strong>INFORMACI\u00d3 AJUT DE MENJADOR ESCOLAR CURS\u00a0<\/strong><\/p>\n<p>Es publiquen les bases que han de regir l&#8217;atorgament d&#8217;ajuts individuals de menjador escolar, per al curs 2023-2024, adre\u00e7ats a alumnes d&#8217;ensenyaments obligatoris i de segon cicle d&#8217;educaci\u00f3 infantil escolaritzats en centres educatius sufragats amb fons p\u00fablics i simult\u00e0niament s&#8217;obre la convocat\u00f2ria per conc\u00f3rrer a aquests ajuts.<\/p>\n<p>Es podran consultar les bases de l\u2019ajut a la p\u00e0gina web\u00a0<em>del consell comarcal de les Garrigues.<\/em><\/p>\n","protected":false},"excerpt":{"rendered":"<p>AJUTS PER A ALUMNES AMB NECESSITATS ESPECIFIQUES DE SUPORT EDUCATIU<br \/>\n<a href=\"http:\/\/web.gencat.cat\/ca\/tramits\/tramits-temes\/Ajuts-per-a-alumnes-amb-necessitat-especifica-de-suport-educatiu?category=7449fd1c-a82c-11e3-a972-000c29052e2c\" target=\"_blank\" rel=\"noopener\">Ajuts per a alumnes amb necessitat espec\u00edfiques de suport educatiu.<\/a><br \/>\n&nbsp;<br \/>\nINFORMACI\u00d3 AJUT DE MENJADOR ESCOLAR CURS\u00a0<br \/>\nEs publiquen les bases que han de regir l&#8217;atorgament d&#8217;ajuts individuals de menjador escolar, per al curs 2023-2024, adre\u00e7ats&hellip;  <a href=\"https:\/\/agora.xtec.cat\/ceipalbirka\/secretaria\/beques-i-ajuts\/\" title=\"Read Beques i ajuts\">Llegeix m\u00e9s\u00bb<\/a><\/p>\n","protected":false},"author":3,"featured_media":0,"parent":226,"menu_order":20,"comment_status":"closed","ping_status":"closed","template":"page-templates\/side-menu.php","meta":{"_bbp_topic_count":0,"_bbp_reply_count":0,"_bbp_total_topic_count":0,"_bbp_total_reply_count":0,"_bbp_voice_count":0,"_bbp_anonymous_reply_count":0,"_bbp_topic_count_hidden":0,"_bbp_reply_count_hidden":0,"_bbp_forum_subforum_count":0,"footnotes":""},"class_list":["post-230","page","type-page","status-publish","hentry"],"post_mailing_queue_ids":[],"_links":{"self":[{"href":"https:\/\/agora.xtec.cat\/ceipalbirka\/wp-json\/wp\/v2\/pages\/230","targetHints":{"allow":["GET"]}}],"collection":[{"href":"https:\/\/agora.xtec.cat\/ceipalbirka\/wp-json\/wp\/v2\/pages"}],"about":[{"href":"https:\/\/agora.xtec.cat\/ceipalbirka\/wp-json\/wp\/v2\/types\/page"}],"author":[{"embeddable":true,"href":"https:\/\/agora.xtec.cat\/ceipalbirka\/wp-json\/wp\/v2\/users\/3"}],"replies":[{"embeddable":true,"href":"https:\/\/agora.xtec.cat\/ceipalbirka\/wp-json\/wp\/v2\/comments?post=230"}],"version-history":[{"count":6,"href":"https:\/\/agora.xtec.cat\/ceipalbirka\/wp-json\/wp\/v2\/pages\/230\/revisions"}],"predecessor-version":[{"id":9844,"href":"https:\/\/agora.xtec.cat\/ceipalbirka\/wp-json\/wp\/v2\/pages\/230\/revisions\/9844"}],"up":[{"embeddable":true,"href":"https:\/\/agora.xtec.cat\/ceipalbirka\/wp-json\/wp\/v2\/pages\/226"}],"wp:attachment":[{"href":"https:\/\/agora.xtec.cat\/ceipalbirka\/wp-json\/wp\/v2\/media?parent=230"}],"curies":[{"name":"wp","href":"https:\/\/api.w.org\/{rel}","templated":true}]}}

<p><strong>AJUTS PER A ALUMNES AMB NECESSITATS ESPECIFIQUES DE SUPORT EDUCATIU</strong></p>
<p><a href="http://web.gencat.cat/ca/tramits/tramits-temes/Ajuts-per-a-alumnes-amb-necessitat-especifica-de-suport-educatiu?category=7449fd1c-a82c-11e3-a972-000c29052e2c" target="_blank" rel="noopener">Ajuts per a alumnes amb necessitat específiques de suport educatiu.</a></p>
<p>&nbsp;</p>
<p><strong>INFORMACIÓ AJUT DE MENJADOR ESCOLAR CURS </strong></p>
<p>Es publiquen les bases que han de regir l&#8217;atorgament d&#8217;ajuts individuals de menjador escolar, per al curs 2023-2024, adreçats a alumnes d&#8217;ensenyaments obligatoris i de segon cicle d&#8217;educació infantil escolaritzats en centres educatius sufragats amb fons públics i simultàniament s&#8217;obre la convocatòria per concórrer a aquests ajuts.</p>
<p>Es podran consultar les bases de l’ajut a la pàgina web <em>del consell comarcal de les Garrigues.</em></p>

<p>AJUTS PER A ALUMNES AMB NECESSITATS ESPECIFIQUES DE SUPORT EDUCATIU<br />
<a href="http://web.gencat.cat/ca/tramits/tramits-temes/Ajuts-per-a-alumnes-amb-necessitat-especifica-de-suport-educatiu?category=7449fd1c-a82c-11e3-a972-000c29052e2c" target="_blank" rel="noopener">Ajuts per a alumnes amb necessitat específiques de suport educatiu.</a><br />
&nbsp;<br />
INFORMACIÓ AJUT DE MENJADOR ESCOLAR CURS <br />
Es publiquen les bases que han de regir l&#8217;atorgament d&#8217;ajuts individuals de menjador escolar, per al curs 2023-2024, adreçats&hellip;  <a href="https://agora.xtec.cat/ceipalbirka/secretaria/beques-i-ajuts/" title="Read Beques i ajuts">Llegeix més»</a></p>
