{"id":228,"date":"2020-05-08T16:45:55","date_gmt":"2020-05-08T14:45:55","guid":{"rendered":"http:\/\/agora.xtec.cat\/ceipalbirka\/?page_id=228"},"modified":"2025-02-11T09:54:33","modified_gmt":"2025-02-11T08:54:33","slug":"preinscripcio-i-matricula","status":"publish","type":"page","link":"https:\/\/agora.xtec.cat\/ceipalbirka\/secretaria\/preinscripcio-i-matricula\/","title":{"rendered":"Preinscripci\u00f3 i matr\u00edcula"},"content":{"rendered":"<h5><b>PREINSCRIPCI\u00d3 AL 2N CICLE D&#8217;EDUCACI\u00d3 INFANTIL I PRIM\u00c0RIA 2025-26.<\/b><\/h5>\n<p><strong>Per\u00edode: del 12 al 26 de mar\u00e7 de 2025<\/strong><br \/>\n<strong>Sol\u00b7licitud:<\/strong><em> https:\/\/preinscripcio.gencat.cat\/ca\/inici\/<\/em><br \/>\n<strong>Novetats:<\/strong><br \/>\n\u2022 <strong>Totes les sol\u00b7licituds s\u00f3n en format telem\u00e0tic<\/strong>, per tant, no hi ha la possibilitat de full de preinscripci\u00f3 en paper.<br \/>\n\u2022 No cal lliurar cap documentaci\u00f3 presencialment al centre educatiu que indiqueu en primera opci\u00f3.<br \/>\n\u2022 Hi ha dos tipus de sol\u00b7licitud:<br \/>\n&#8211; Electr\u00f2nica: cal identificaci\u00f3 digital<br \/>\n&#8211; Suport inform\u00e0tic: sense identificaci\u00f3 digital<\/p>\n<p><strong>Qu\u00e8 em cal per omplir la sol\u00b7licitud?<\/strong><\/p>\n<p>Hi ha dues opcions:<br \/>\n<strong>1. SOL\u00b7LICITUD ELECTR\u00d2NICA:<\/strong> Mitjan\u00e7ant certificat digital, com DNI electr\u00f2nic, Cl@ve, idCat, etc.<\/p>\n<p><strong>2. SOL\u00b7LICITUD EN SUPORT INFORM\u00c0TIC<\/strong>: <span style=\"font-family: inherit; font-size: 1em;\">Caldr\u00e0 identificar l\u2019alumne\/a amb el seu n\u00fam. d\u2019Identificaci\u00f3 d\u2019alumne i omplir el formulari, a l\u2019enviar-ho es far\u00e0 l\u2019intercanvi de dades amb les administracions implicades i adjuntar escanejada o fotografiada la documentaci\u00f3 d\u2019identificaci\u00f3 i filiaci\u00f3 (DNI, llibre de fam\u00edlia, etc), juntament amb la que al\u00b7legueu a efectes de barems i que no s\u2019hagi pogut validar.<\/span><\/p>\n<p><em>Puc presentar dues sol\u00b7licituds a dos centres diferents per uns mateixos estudis?<\/em><br \/>\n<em>No, en cap cas. S\u2019ha de presentar una sola sol\u00b7licitud i indicar-hi per ordre de prefer\u00e8ncia els <\/em><em>diferents centres als que us interessa inscriure la vostra filla o fill.<\/em><br \/>\n<em>Si tinc dubtes omplint la sol\u00b7licitud on em puc adre\u00e7ar?<\/em><br \/>\n<em>Podeu posar-vos en contacte telef\u00f2nic amb el centre que escolliu inscriure el vostre fill o filla <\/em><em>en primera opci\u00f3, en horari d\u2019oficina, i us ajudaran a complimentar el proc\u00e9s.<\/em><br \/>\n<em>Com puc saber els criteris pels barems i la seva puntuaci\u00f3?<\/em><br \/>\n<em>Trobareu tota la informaci\u00f3 sobre criteris, calendari i la resta d\u2019informaci\u00f3 respecte el proc\u00e9s de preinscripci\u00f3 a la p\u00e0gina web<\/em><br \/>\n<em>https:\/\/preinscripcio.gencat.cat\/ca\/inici<\/em><\/p>\n<p><strong>INFORMACIONS I\/O RECOMANACIONS:<\/strong><br \/>\n\u2022 Tenir fotografiada o escanejada la documentaci\u00f3 en el mateix dispositiu des d\u2019on es fa la sol\u00b7licitud.<\/p>\n<p><span style=\"font-family: inherit; font-size: 1em;\">(Com digitalitzar correctament la documentaci\u00f3: https:\/\/www.youtube.com\/watch?v=kAm26LWm51U)<\/span><\/p>\n<p>\u2022 El codi de centre del nostre centre \u00e9s 25000602, el necessitareu per indicar a quin centre voleu preinscriure-us.<br \/>\n\u2022 Demaneu al vostre centre actual el N\u00fam. d\u2019Identificaci\u00f3 de l\u2019alumne a RALC per poder lligar la sol\u00b7licitud al seu expedient acad\u00e8mic i personal.<br \/>\n\u2022 Cenyiu-vos al calendari establert, lliurar la sol\u00b7licitud o la documentaci\u00f3 fora de termini us fa perdre tots els drets d\u2019adscripci\u00f3 amb el risc que aix\u00f2 comporta de quedar-se sense pla\u00e7a al centre.<\/p>\n<p><i>Per qualsevol consulta envieu un correu a ceipalbirka@xtec.cat o truqueu al tel\u00e8fon 973160067.<\/i><\/p>\n<p>&nbsp;<\/p>\n","protected":false},"excerpt":{"rendered":"<p>PREINSCRIPCI\u00d3 AL 2N CICLE D&#8217;EDUCACI\u00d3 INFANTIL I PRIM\u00c0RIA 2025-26.<br \/>\nPer\u00edode: del 12 al 26 de mar\u00e7 de 2025<br \/>\nSol\u00b7licitud: https:\/\/preinscripcio.gencat.cat\/ca\/inici\/<br \/>\nNovetats:<br \/>\n\u2022 Totes les sol\u00b7licituds s\u00f3n en format telem\u00e0tic, per tant, no hi ha la possibilitat de full de preinscripci\u00f3 en paper.<br \/>\n\u2022 No cal lliurar cap documentaci\u00f3 presencialment al&hellip;  <a href=\"https:\/\/agora.xtec.cat\/ceipalbirka\/secretaria\/preinscripcio-i-matricula\/\" title=\"Read Preinscripci\u00f3 i matr\u00edcula\">Llegeix m\u00e9s\u00bb<\/a><\/p>\n","protected":false},"author":3,"featured_media":0,"parent":226,"menu_order":0,"comment_status":"closed","ping_status":"closed","template":"","meta":{"_bbp_topic_count":0,"_bbp_reply_count":0,"_bbp_total_topic_count":0,"_bbp_total_reply_count":0,"_bbp_voice_count":0,"_bbp_anonymous_reply_count":0,"_bbp_topic_count_hidden":0,"_bbp_reply_count_hidden":0,"_bbp_forum_subforum_count":0,"footnotes":""},"class_list":["post-228","page","type-page","status-publish","hentry"],"post_mailing_queue_ids":[],"_links":{"self":[{"href":"https:\/\/agora.xtec.cat\/ceipalbirka\/wp-json\/wp\/v2\/pages\/228","targetHints":{"allow":["GET"]}}],"collection":[{"href":"https:\/\/agora.xtec.cat\/ceipalbirka\/wp-json\/wp\/v2\/pages"}],"about":[{"href":"https:\/\/agora.xtec.cat\/ceipalbirka\/wp-json\/wp\/v2\/types\/page"}],"author":[{"embeddable":true,"href":"https:\/\/agora.xtec.cat\/ceipalbirka\/wp-json\/wp\/v2\/users\/3"}],"replies":[{"embeddable":true,"href":"https:\/\/agora.xtec.cat\/ceipalbirka\/wp-json\/wp\/v2\/comments?post=228"}],"version-history":[{"count":7,"href":"https:\/\/agora.xtec.cat\/ceipalbirka\/wp-json\/wp\/v2\/pages\/228\/revisions"}],"predecessor-version":[{"id":10652,"href":"https:\/\/agora.xtec.cat\/ceipalbirka\/wp-json\/wp\/v2\/pages\/228\/revisions\/10652"}],"up":[{"embeddable":true,"href":"https:\/\/agora.xtec.cat\/ceipalbirka\/wp-json\/wp\/v2\/pages\/226"}],"wp:attachment":[{"href":"https:\/\/agora.xtec.cat\/ceipalbirka\/wp-json\/wp\/v2\/media?parent=228"}],"curies":[{"name":"wp","href":"https:\/\/api.w.org\/{rel}","templated":true}]}}

Preinscripció i matrícula

<h5><b>PREINSCRIPCIÓ AL 2N CICLE D&#8217;EDUCACIÓ INFANTIL I PRIMÀRIA 2025-26.</b></h5>
<p><strong>Període: del 12 al 26 de març de 2025</strong><br />
<strong>Sol·licitud:</strong><em> https://preinscripcio.gencat.cat/ca/inici/</em><br />
<strong>Novetats:</strong><br />
• <strong>Totes les sol·licituds són en format telemàtic</strong>, per tant, no hi ha la possibilitat de full de preinscripció en paper.<br />
• No cal lliurar cap documentació presencialment al centre educatiu que indiqueu en primera opció.<br />
• Hi ha dos tipus de sol·licitud:<br />
&#8211; Electrònica: cal identificació digital<br />
&#8211; Suport informàtic: sense identificació digital</p>
<p><strong>Què em cal per omplir la sol·licitud?</strong></p>
<p>Hi ha dues opcions:<br />
<strong>1. SOL·LICITUD ELECTRÒNICA:</strong> Mitjançant certificat digital, com DNI electrònic, Cl@ve, idCat, etc.</p>
<p><strong>2. SOL·LICITUD EN SUPORT INFORMÀTIC</strong>: <span style="font-family: inherit; font-size: 1em;">Caldrà identificar l’alumne/a amb el seu núm. d’Identificació d’alumne i omplir el formulari, a l’enviar-ho es farà l’intercanvi de dades amb les administracions implicades i adjuntar escanejada o fotografiada la documentació d’identificació i filiació (DNI, llibre de família, etc), juntament amb la que al·legueu a efectes de barems i que no s’hagi pogut validar.</span></p>
<p><em>Puc presentar dues sol·licituds a dos centres diferents per uns mateixos estudis?</em><br />
<em>No, en cap cas. S’ha de presentar una sola sol·licitud i indicar-hi per ordre de preferència els </em><em>diferents centres als que us interessa inscriure la vostra filla o fill.</em><br />
<em>Si tinc dubtes omplint la sol·licitud on em puc adreçar?</em><br />
<em>Podeu posar-vos en contacte telefònic amb el centre que escolliu inscriure el vostre fill o filla </em><em>en primera opció, en horari d’oficina, i us ajudaran a complimentar el procés.</em><br />
<em>Com puc saber els criteris pels barems i la seva puntuació?</em><br />
<em>Trobareu tota la informació sobre criteris, calendari i la resta d’informació respecte el procés de preinscripció a la pàgina web</em><br />
<em>https://preinscripcio.gencat.cat/ca/inici</em></p>
<p><strong>INFORMACIONS I/O RECOMANACIONS:</strong><br />
• Tenir fotografiada o escanejada la documentació en el mateix dispositiu des d’on es fa la sol·licitud.</p>
<p><span style="font-family: inherit; font-size: 1em;">(Com digitalitzar correctament la documentació: https://www.youtube.com/watch?v=kAm26LWm51U)</span></p>
<p>• El codi de centre del nostre centre és 25000602, el necessitareu per indicar a quin centre voleu preinscriure-us.<br />
• Demaneu al vostre centre actual el Núm. d’Identificació de l’alumne a RALC per poder lligar la sol·licitud al seu expedient acadèmic i personal.<br />
• Cenyiu-vos al calendari establert, lliurar la sol·licitud o la documentació fora de termini us fa perdre tots els drets d’adscripció amb el risc que això comporta de quedar-se sense plaça al centre.</p>
<p><i>Per qualsevol consulta envieu un correu a ceipalbirka@xtec.cat o truqueu al telèfon 973160067.</i></p>
<p>&nbsp;</p>

<p>PREINSCRIPCIÓ AL 2N CICLE D&#8217;EDUCACIÓ INFANTIL I PRIMÀRIA 2025-26.<br />
Període: del 12 al 26 de març de 2025<br />
Sol·licitud: https://preinscripcio.gencat.cat/ca/inici/<br />
Novetats:<br />
• Totes les sol·licituds són en format telemàtic, per tant, no hi ha la possibilitat de full de preinscripció en paper.<br />
• No cal lliurar cap documentació presencialment al&hellip;  <a href="https://agora.xtec.cat/ceipalbirka/secretaria/preinscripcio-i-matricula/" title="Read Preinscripció i matrícula">Llegeix més»</a></p>
